{"id":1045,"date":"2023-01-27T10:27:16","date_gmt":"2023-01-27T09:27:16","guid":{"rendered":"https:\/\/klett.cz\/wir-alle\/?page_id=1045"},"modified":"2023-01-27T10:27:16","modified_gmt":"2023-01-27T09:27:16","slug":"kahoot","status":"publish","type":"page","link":"https:\/\/klett.cz\/wir-alle\/kahoot\/","title":{"rendered":"Online kv\u00edzy Kahoot!"},"content":{"rendered":"<div  class='flex_column av-4w1gyd-bdf62ea8718f3d739a45a235faddd0dc av_one_full  avia-builder-el-0  el_before_av_one_full  avia-builder-el-first  first flex_column_div  '     ><style type=\"text\/css\" data-created_by=\"avia_inline_auto\" id=\"style-css-av-ldeb8vst-b672bd6e39afa5690761f6f6ba509077\">\n.avia-image-container.av-ldeb8vst-b672bd6e39afa5690761f6f6ba509077 img.avia_image{\nbox-shadow:none;\n}\n.avia-image-container.av-ldeb8vst-b672bd6e39afa5690761f6f6ba509077 .av-image-caption-overlay-center{\ncolor:#ffffff;\n}\n<\/style>\n<div  class='avia-image-container av-ldeb8vst-b672bd6e39afa5690761f6f6ba509077 av-styling- avia-align-center  avia-builder-el-1  avia-builder-el-no-sibling '   itemprop=\"image\" itemscope=\"itemscope\" itemtype=\"https:\/\/schema.org\/ImageObject\" ><div class=\"avia-image-container-inner\"><div class=\"avia-image-overlay-wrap\"><img decoding=\"async\" fetchpriority=\"high\" class='wp-image-1047 avia-img-lazy-loading-not-1047 avia_image ' src=\"https:\/\/klett.cz\/wir-alle\/wp-content\/uploads\/1280px-Kahoot_Logo.svg_-300x102-1.png\" alt='' title='1280px-Kahoot_Logo.svg_-300x102'  height=\"102\" width=\"300\"  itemprop=\"thumbnailUrl\"  \/><\/div><\/div><\/div><\/div>\n<div  class='flex_column av-2pnjg5-275d7119ba902b3c736173a96a54ebec av_one_full  avia-builder-el-2  el_after_av_one_full  el_before_av_one_full  first flex_column_div  column-top-margin'     ><section  class='av_textblock_section av-ldeb9m72-c6bca8aae12070935a33ef39270ac25d '   itemscope=\"itemscope\" itemtype=\"https:\/\/schema.org\/CreativeWork\" ><div class='avia_textblock'  itemprop=\"text\" ><h1 style=\"text-align: center;\">Online kv\u00edzy Kahoot! k Wir alle 1<\/h1>\n<p style=\"text-align: center;\">K jednotliv\u00fdm lekc\u00edm u\u010debnice Wir alle jsme vytvo\u0159ili jednoduch\u00e9 a z\u00e1bavn\u00e9 online kv\u00edzy Kahoot!.<\/p>\n<p style=\"text-align: center;\">Vyberte si lekci, kter\u00e1 v\u00e1s zaj\u00edm\u00e1, a pak u\u017e si jen bavte (a u\u010dte) s\u00a0na\u0161imi z\u00e1bavn\u00fdmi kv\u00edzy.<\/p>\n<\/div><\/section><\/div>\n<div  class='flex_column av-av_one_full-7714eba142aeda1f8b5272a3c372b279 av_one_full  avia-builder-el-4  el_after_av_one_full  el_before_av_one_full  first flex_column_div  column-top-margin'     ><section  class='av_textblock_section av-ldebcol2-42eb6b1043cf87fb96d3ee0944add9ab '   itemscope=\"itemscope\" itemtype=\"https:\/\/schema.org\/CreativeWork\" ><div class='avia_textblock'  itemprop=\"text\" ><h2 style=\"text-align: center;\">Wir alle 1 \u2013 Modul 1<\/h2>\n<\/div><\/section><\/div><div  class='flex_column av-av_one_full-7714eba142aeda1f8b5272a3c372b279 av_one_full  avia-builder-el-6  el_after_av_one_full  el_before_av_one_full  first flex_column_div  column-top-margin'     ><section  class='av_textblock_section av-ldebfq4v-3c8a54a5b0b57bba676d9fe2fd35703c '   itemscope=\"itemscope\" itemtype=\"https:\/\/schema.org\/CreativeWork\" ><div class='avia_textblock'  itemprop=\"text\" ><h3 style=\"text-align: center;\"><a href=\"https:\/\/create.kahoot.it\/share\/wir-alle-a1-modul-1-lektion-1\/09a96867-176a-4fd5-9053-4b19a7c43c39\" target=\"_blank\" rel=\"noopener\">Lekce 1<\/a><\/h3>\n<\/div><\/section><\/div><div  class='flex_column av-av_one_full-7714eba142aeda1f8b5272a3c372b279 av_one_full  avia-builder-el-8  el_after_av_one_full  el_before_av_one_full  first flex_column_div  column-top-margin'     ><section  class='av_textblock_section av-ldebg7gb-6335f54e95d72eaa4017aeda31a2b815 '   itemscope=\"itemscope\" itemtype=\"https:\/\/schema.org\/CreativeWork\" ><div class='avia_textblock'  itemprop=\"text\" ><h3 style=\"text-align: center;\"><a href=\"https:\/\/create.kahoot.it\/share\/wir-alle-a1-modul-1-lektion-2\/e95ccdce-da04-403e-8303-7166cb0b3280\" target=\"_blank\" rel=\"noopener\">Lekce 2<\/a><\/h3>\n<\/div><\/section><\/div><div  class='flex_column av-av_one_full-7714eba142aeda1f8b5272a3c372b279 av_one_full  avia-builder-el-10  el_after_av_one_full  el_before_av_one_full  first flex_column_div  column-top-margin'     ><section  class='av_textblock_section av-ldebgn9s-92485df52dae600ae962e03044efbff3 '   itemscope=\"itemscope\" itemtype=\"https:\/\/schema.org\/CreativeWork\" ><div class='avia_textblock'  itemprop=\"text\" ><h3 style=\"text-align: center;\"><a href=\"https:\/\/create.kahoot.it\/share\/wir-alle-a1-modul-1-lektion-3\/78201f30-b960-4462-8e13-0aa8b74017bf\" target=\"_blank\" rel=\"noopener\">Lekce 3<\/a><\/h3>\n<\/div><\/section><\/div><div  class='flex_column av-av_one_full-7714eba142aeda1f8b5272a3c372b279 av_one_full  avia-builder-el-12  el_after_av_one_full  el_before_av_one_full  first flex_column_div  column-top-margin'     ><section  class='av_textblock_section av-ldebh214-2625aad86547bacf2d8144d34ccc4cfa '   itemscope=\"itemscope\" itemtype=\"https:\/\/schema.org\/CreativeWork\" ><div class='avia_textblock'  itemprop=\"text\" ><h2 style=\"text-align: center;\">Wir alle 1 \u2013 Modul 2<\/h2>\n<\/div><\/section><\/div><div  class='flex_column av-av_one_full-7714eba142aeda1f8b5272a3c372b279 av_one_full  avia-builder-el-14  el_after_av_one_full  el_before_av_one_full  first flex_column_div  column-top-margin'     ><section  class='av_textblock_section av-ldebhg72-251c74236c3a4b9af7e234f5e596bb80 '   itemscope=\"itemscope\" itemtype=\"https:\/\/schema.org\/CreativeWork\" ><div class='avia_textblock'  itemprop=\"text\" ><h3 style=\"text-align: center;\"><a href=\"https:\/\/create.kahoot.it\/share\/wir-alle-a1-modul-2-lektion-1\/e33576aa-4bc4-4b76-8ea2-43fa0dbdbd62\" target=\"_blank\" rel=\"noopener\">Lekce 1<\/a><\/h3>\n<\/div><\/section><\/div><div  class='flex_column av-av_one_full-7714eba142aeda1f8b5272a3c372b279 av_one_full  avia-builder-el-16  el_after_av_one_full  el_before_av_one_full  first flex_column_div  column-top-margin'     ><section  class='av_textblock_section av-ldebi00r-c7d026c8fcd58feb882afd3bff40b3c2 '   itemscope=\"itemscope\" itemtype=\"https:\/\/schema.org\/CreativeWork\" ><div class='avia_textblock'  itemprop=\"text\" ><h3 style=\"text-align: center;\"><a href=\"https:\/\/create.kahoot.it\/share\/wir-alle-a1-modul-2-lektion-2\/c91ce20e-b26b-4919-a2ee-3345ba7b2429\" target=\"_blank\" rel=\"noopener\">Lekce 2<\/a><\/h3>\n<\/div><\/section><\/div><div  class='flex_column av-av_one_full-7714eba142aeda1f8b5272a3c372b279 av_one_full  avia-builder-el-18  el_after_av_one_full  el_before_av_one_full  first flex_column_div  column-top-margin'     ><section  class='av_textblock_section av-ldebita1-4e329befa4a1cedaa55598d2b2ea192c '   itemscope=\"itemscope\" itemtype=\"https:\/\/schema.org\/CreativeWork\" ><div class='avia_textblock'  itemprop=\"text\" ><h3 style=\"text-align: center;\"><a href=\"https:\/\/create.kahoot.it\/share\/wir-alle-a1-modul-2-lektion-3\/18c24b5f-6c7c-4c3b-93ec-263495b50145\" target=\"_blank\" rel=\"noopener\">Lekce 3<\/a><\/h3>\n<\/div><\/section><\/div><div  class='flex_column av-av_one_full-7714eba142aeda1f8b5272a3c372b279 av_one_full  avia-builder-el-20  el_after_av_one_full  el_before_av_one_full  first flex_column_div  column-top-margin'     ><section  class='av_textblock_section av-ldebj0j3-1375c7342f15a2708c7ece97b7de86f3 '   itemscope=\"itemscope\" itemtype=\"https:\/\/schema.org\/CreativeWork\" ><div class='avia_textblock'  itemprop=\"text\" ><h2 style=\"text-align: center;\">Wir alle 1 \u2013 Modul 3<\/h2>\n<\/div><\/section><\/div><div  class='flex_column av-av_one_full-7714eba142aeda1f8b5272a3c372b279 av_one_full  avia-builder-el-22  el_after_av_one_full  el_before_av_one_full  first flex_column_div  column-top-margin'     ><section  class='av_textblock_section av-ldebjp9f-b6cc8382ae2a2f007aef810101613dcf '   itemscope=\"itemscope\" itemtype=\"https:\/\/schema.org\/CreativeWork\" ><div class='avia_textblock'  itemprop=\"text\" ><h3 style=\"text-align: center;\"><a href=\"https:\/\/create.kahoot.it\/share\/wir-alle-a1-modul-3-lektion-1\/60019657-630d-4df4-b685-7429512c1610\" target=\"_blank\" rel=\"noopener\">Lekce 1<\/a><\/h3>\n<\/div><\/section><\/div><div  class='flex_column av-av_one_full-7714eba142aeda1f8b5272a3c372b279 av_one_full  avia-builder-el-24  el_after_av_one_full  el_before_av_one_full  first flex_column_div  column-top-margin'     ><section  class='av_textblock_section av-ldebkcfp-258d892ae3c60e6ef3e69e40711109ed '   itemscope=\"itemscope\" itemtype=\"https:\/\/schema.org\/CreativeWork\" ><div class='avia_textblock'  itemprop=\"text\" ><h3 style=\"text-align: center;\"><a href=\"https:\/\/create.kahoot.it\/share\/wir-alle-a1-modul-3-lektion-2\/c35460af-0cb1-462c-98de-64e33393a2a2\" target=\"_blank\" rel=\"noopener\">Lekce 2<\/a><\/h3>\n<\/div><\/section><\/div><div  class='flex_column av-av_one_full-7714eba142aeda1f8b5272a3c372b279 av_one_full  avia-builder-el-26  el_after_av_one_full  avia-builder-el-last  first flex_column_div  column-top-margin'     ><section  class='av_textblock_section av-ldebla9h-16ed2991994d03154f49ffcffa8a65f8 '   itemscope=\"itemscope\" itemtype=\"https:\/\/schema.org\/CreativeWork\" ><div class='avia_textblock'  itemprop=\"text\" ><h3 style=\"text-align: center;\"><a href=\"https:\/\/create.kahoot.it\/share\/wir-alle-a1-modul-3-lektion-3\/a52a6c51-b0aa-4344-9478-33b6b102c3d3\" target=\"_blank\" rel=\"noopener\">Lekce 3<\/a><\/h3>\n<\/div><\/section><\/div><\/p>\n","protected":false},"excerpt":{"rendered":"","protected":false},"author":4,"featured_media":0,"parent":0,"menu_order":0,"comment_status":"closed","ping_status":"closed","template":"","meta":{"footnotes":""},"class_list":["post-1045","page","type-page","status-publish","hentry"],"_links":{"self":[{"href":"https:\/\/klett.cz\/wir-alle\/wp-json\/wp\/v2\/pages\/1045","targetHints":{"allow":["GET"]}}],"collection":[{"href":"https:\/\/klett.cz\/wir-alle\/wp-json\/wp\/v2\/pages"}],"about":[{"href":"https:\/\/klett.cz\/wir-alle\/wp-json\/wp\/v2\/types\/page"}],"author":[{"embeddable":true,"href":"https:\/\/klett.cz\/wir-alle\/wp-json\/wp\/v2\/users\/4"}],"replies":[{"embeddable":true,"href":"https:\/\/klett.cz\/wir-alle\/wp-json\/wp\/v2\/comments?post=1045"}],"version-history":[{"count":4,"href":"https:\/\/klett.cz\/wir-alle\/wp-json\/wp\/v2\/pages\/1045\/revisions"}],"predecessor-version":[{"id":1052,"href":"https:\/\/klett.cz\/wir-alle\/wp-json\/wp\/v2\/pages\/1045\/revisions\/1052"}],"wp:attachment":[{"href":"https:\/\/klett.cz\/wir-alle\/wp-json\/wp\/v2\/media?parent=1045"}],"curies":[{"name":"wp","href":"https:\/\/api.w.org\/{rel}","templated":true}]}}