{"id":42,"date":"2018-10-11T10:47:53","date_gmt":"2018-10-11T08:47:53","guid":{"rendered":"https:\/\/klett.cz\/kmi\/?page_id=42"},"modified":"2025-08-25T17:41:14","modified_gmt":"2025-08-25T15:41:14","slug":"vyukova-sada","status":"publish","type":"page","link":"https:\/\/klett.cz\/nos-vemos-hoy\/vyukova-sada\/","title":{"rendered":"V\u00fdukov\u00e1 sada"},"content":{"rendered":"<div  class='flex_column av-zup2-f2f9ff488624324c0f100c5fb06c6d43 av_one_full  avia-builder-el-0  el_before_av_two_third  avia-builder-el-first  first flex_column_div  '     ><style type=\"text\/css\" data-created_by=\"avia_inline_auto\" id=\"style-css-av-me70k6xq-641b88e4e7e979352035bbf958058a44\">\n.avia-image-container.av-me70k6xq-641b88e4e7e979352035bbf958058a44 img.avia_image{\nbox-shadow:none;\n}\n.avia-image-container.av-me70k6xq-641b88e4e7e979352035bbf958058a44 .av-image-caption-overlay-center{\ncolor:#ffffff;\n}\n<\/style>\n<div  class='avia-image-container av-me70k6xq-641b88e4e7e979352035bbf958058a44 av-styling- avia-align-center  avia-builder-el-1  avia-builder-el-no-sibling '   itemprop=\"image\" itemscope=\"itemscope\" itemtype=\"https:\/\/schema.org\/ImageObject\" ><div class=\"avia-image-container-inner\"><div class=\"avia-image-overlay-wrap\"><img decoding=\"async\" fetchpriority=\"high\" class='wp-image-874 avia-img-lazy-loading-not-874 avia_image ' src=\"https:\/\/klett.cz\/nos-vemos-hoy\/wp-content\/uploads\/Nos-Vemos-Hoy-uvodka-4.png\" alt='' title='Nos Vemos Hoy \u00favodka (4)'  height=\"423\" width=\"1210\"  itemprop=\"thumbnailUrl\" srcset=\"https:\/\/klett.cz\/nos-vemos-hoy\/wp-content\/uploads\/Nos-Vemos-Hoy-uvodka-4.png 1210w, https:\/\/klett.cz\/nos-vemos-hoy\/wp-content\/uploads\/Nos-Vemos-Hoy-uvodka-4-300x105.png 300w, https:\/\/klett.cz\/nos-vemos-hoy\/wp-content\/uploads\/Nos-Vemos-Hoy-uvodka-4-1030x360.png 1030w, https:\/\/klett.cz\/nos-vemos-hoy\/wp-content\/uploads\/Nos-Vemos-Hoy-uvodka-4-768x268.png 768w, https:\/\/klett.cz\/nos-vemos-hoy\/wp-content\/uploads\/Nos-Vemos-Hoy-uvodka-4-705x246.png 705w\" sizes=\"(max-width: 1210px) 100vw, 1210px\" \/><\/div><\/div><\/div><\/div>\n\n<style type=\"text\/css\" data-created_by=\"avia_inline_auto\" id=\"style-css-av-matce-8ec4a5a457666ef1b9554b870071dedf\">\n.flex_column.av-matce-8ec4a5a457666ef1b9554b870071dedf{\nborder-radius:0px 0px 0px 0px;\npadding:0px 0px 0px 0px;\n}\n<\/style>\n<div  class='flex_column av-matce-8ec4a5a457666ef1b9554b870071dedf av_two_third  avia-builder-el-2  el_after_av_one_full  el_before_av_one_third  first flex_column_div av-zero-column-padding  column-top-margin'     ><section  class='av_textblock_section av-lzsl2-1ed7f13a1f3b286b75ca38b13f73b540 '   itemscope=\"itemscope\" itemtype=\"https:\/\/schema.org\/CreativeWork\" ><div class='avia_textblock'  itemprop=\"text\" ><h2>U\u010debnice \u0161pan\u011bl\u0161tiny s integrovan\u00fdm pracovn\u00edm se\u0161item \u2013 Nos vemos hoy<\/h2>\n<p><strong style=\"color: #00628a;\">Nos vemos hoy<\/strong> je modern\u00ed \u010dty\u0159d\u00edln\u00e1 u\u010debnicov\u00e1 sada ur\u010den\u00e1 pro v\u00fduku \u0161pan\u011bl\u0161tiny na st\u0159edn\u00edch \u0161kol\u00e1ch a gymn\u00e1zi\u00edch. Pokr\u00fdv\u00e1 jazykov\u00e9 \u00farovn\u011b <strong style=\"color: #00628a;\">A1 a\u017e B2<\/strong> a je navr\u017eena tak, aby odpov\u00eddala b\u011b\u017en\u00e9 \u010dasov\u00e9 dotaci pro v\u00fduku ciz\u00edho jazyka v \u010cR. Ka\u017ed\u00fd d\u00edl obsahuje <strong style=\"color: #00628a;\">8 lekc\u00ed<\/strong>, z toho <strong style=\"color: #00628a;\">2 opakovac\u00ed<\/strong>, a nab\u00edz\u00ed <strong style=\"color: #00628a;\">pozvolnou a p\u0159ehlednou progresi<\/strong>.<\/p>\n<p>Sada zaujme <strong style=\"color: #00628a;\">variabilitou cvi\u010den\u00ed<\/strong>, aktu\u00e1ln\u00edmi t\u00e9maty a modern\u00edmi prvky \u2013 od konverzac\u00ed na WhatsAppu p\u0159es pr\u00e1ci s autentick\u00fdmi \u0161pan\u011blsk\u00fdmi online zdroji a\u017e po mini projekty.<\/p>\n<\/div><\/section><br \/>\n\n<style type=\"text\/css\" data-created_by=\"avia_inline_auto\" id=\"style-css-av-mei8wqsu-c42b794d9ba4bf0166329e26ce294ee9\">\n#top .hr.hr-invisible.av-mei8wqsu-c42b794d9ba4bf0166329e26ce294ee9{\nheight:50px;\n}\n<\/style>\n<div  class='hr av-mei8wqsu-c42b794d9ba4bf0166329e26ce294ee9 hr-invisible  avia-builder-el-4  el_after_av_textblock  el_before_av_button '><span class='hr-inner '><span class=\"hr-inner-style\"><\/span><\/span><\/div><br \/>\n<div  class='avia-button-wrap av-mei8w7gw-22649f5c0f6dee7f192c72bece640770-wrap avia-button-left  avia-builder-el-5  el_after_av_hr  avia-builder-el-last '>\n<style type=\"text\/css\" data-created_by=\"avia_inline_auto\" id=\"style-css-av-mei8w7gw-22649f5c0f6dee7f192c72bece640770\">\n#top #wrap_all .avia-button.av-mei8w7gw-22649f5c0f6dee7f192c72bece640770{\nfont-size:20px;\ntransition:all 0.4s ease-in-out;\n}\n<\/style>\n<a href='https:\/\/online.fliphtml5.com\/woejv\/cdds\/'  class='avia-button av-mei8w7gw-22649f5c0f6dee7f192c72bece640770 av-link-btn avia-icon_select-no avia-size-large avia-position-left avia-color-theme-color'  target=\"_blank\"  rel=\"noopener noreferrer\"  aria-label=\"Prolistujte si u\u010debnici\"><span class='avia_iconbox_title' >Prolistujte si u\u010debnici<\/span><\/a><\/div><\/p><\/div>\n<div  class='flex_column av-11r26-7f94fdb2760e19b04ede540da8f53065 av_one_third  avia-builder-el-6  el_after_av_two_third  el_before_av_two_fifth  flex_column_div  column-top-margin'     ><style type=\"text\/css\" data-created_by=\"avia_inline_auto\" id=\"style-css-av-me70ca1o-e1a6004e405debf331ebbb6fa3958d39\">\n.avia-image-container.av-me70ca1o-e1a6004e405debf331ebbb6fa3958d39 img.avia_image{\nbox-shadow:none;\n}\n.avia-image-container.av-me70ca1o-e1a6004e405debf331ebbb6fa3958d39 .av-image-caption-overlay-center{\ncolor:#ffffff;\n}\n<\/style>\n<div  class='avia-image-container av-me70ca1o-e1a6004e405debf331ebbb6fa3958d39 av-styling- avia-align-center  avia-builder-el-7  avia-builder-el-no-sibling '   itemprop=\"image\" itemscope=\"itemscope\" itemtype=\"https:\/\/schema.org\/ImageObject\" ><div class=\"avia-image-container-inner\"><div class=\"avia-image-overlay-wrap\"><img decoding=\"async\" fetchpriority=\"high\" class='wp-image-926 avia-img-lazy-loading-not-926 avia_image ' src=\"https:\/\/klett.cz\/nos-vemos-hoy\/wp-content\/uploads\/NVH_Mock_upy5.png\" alt='' title='NVH_Mock_upy5'  height=\"515\" width=\"700\"  itemprop=\"thumbnailUrl\" srcset=\"https:\/\/klett.cz\/nos-vemos-hoy\/wp-content\/uploads\/NVH_Mock_upy5.png 700w, https:\/\/klett.cz\/nos-vemos-hoy\/wp-content\/uploads\/NVH_Mock_upy5-300x221.png 300w\" sizes=\"(max-width: 700px) 100vw, 700px\" \/><\/div><\/div><\/div><\/div>\n<div  class='flex_column av-1ljbu-6c1b1e25147932636c65ccee325e41fb av_two_fifth  avia-builder-el-8  el_after_av_one_third  el_before_av_three_fifth  first flex_column_div  column-top-margin'     ><style type=\"text\/css\" data-created_by=\"avia_inline_auto\" id=\"style-css-av-mera898h-9cbe1e95d8fd33e295f48a402b5eef5b\">\n.avia-image-container.av-mera898h-9cbe1e95d8fd33e295f48a402b5eef5b img.avia_image{\nbox-shadow:none;\n}\n.avia-image-container.av-mera898h-9cbe1e95d8fd33e295f48a402b5eef5b .av-image-caption-overlay-center{\ncolor:#ffffff;\n}\n<\/style>\n<div  class='avia-image-container av-mera898h-9cbe1e95d8fd33e295f48a402b5eef5b av-styling- avia-align-center  avia-builder-el-9  avia-builder-el-no-sibling '   itemprop=\"image\" itemscope=\"itemscope\" itemtype=\"https:\/\/schema.org\/ImageObject\" ><div class=\"avia-image-container-inner\"><div class=\"avia-image-overlay-wrap\"><img decoding=\"async\" fetchpriority=\"high\" class='wp-image-924 avia-img-lazy-loading-not-924 avia_image ' src=\"https:\/\/klett.cz\/nos-vemos-hoy\/wp-content\/uploads\/NVH_Mock_upy4.png\" alt='' title='NVH_Mock_upy4'  height=\"515\" width=\"700\"  itemprop=\"thumbnailUrl\" srcset=\"https:\/\/klett.cz\/nos-vemos-hoy\/wp-content\/uploads\/NVH_Mock_upy4.png 700w, https:\/\/klett.cz\/nos-vemos-hoy\/wp-content\/uploads\/NVH_Mock_upy4-300x221.png 300w\" sizes=\"(max-width: 700px) 100vw, 700px\" \/><\/div><\/div><\/div><\/div>\n<div  class='flex_column av-8r2-72c4d58e94c49906ffd726f495288ac9 av_three_fifth  avia-builder-el-10  el_after_av_two_fifth  el_before_av_hr  flex_column_div  column-top-margin'     ><section  class='av_textblock_section av-me70itb9-6f9c51a4ce732ba07a7edd51f5679d70 '   itemscope=\"itemscope\" itemtype=\"https:\/\/schema.org\/CreativeWork\" ><div class='avia_textblock'  itemprop=\"text\" ><h3>Metodika a struktura v\u00fduky<\/h3>\n<p>U\u010debnice vyu\u017e\u00edv\u00e1 <strong style=\"color: #00628a;\">komunikativn\u00ed metodu<\/strong> v\u00fduky jazyk\u016f. Aktivity jsou zalo\u017een\u00e9 na pr\u00e1ci ve dvojic\u00edch a skupin\u00e1ch, zpracov\u00e1v\u00e1n\u00ed projekt\u016f a vyhled\u00e1v\u00e1n\u00ed informac\u00ed ve \u0161pan\u011bl\u0161tin\u011b. Ka\u017ed\u00e1 lekce za\u010d\u00edn\u00e1 <strong style=\"color: #00628a;\">motiva\u010dn\u00ed dvoustranou s obr\u00e1zky<\/strong>, pokra\u010duje kr\u00e1tk\u00fdmi bloky pro osvojen\u00ed nov\u00fdch dovednost\u00ed (zejm\u00e9na poslechu a mluven\u00ed) a kon\u010d\u00ed <strong style=\"color: #00628a;\">souhrnn\u00fdmi cvi\u010den\u00edmi<\/strong>, videem a autentick\u00fdmi texty ze soci\u00e1ln\u00edch s\u00edt\u00ed.<\/p>\n<p>Gramatika i frazeologie jsou jasn\u011b vysv\u011btleny v \u010de\u0161tin\u011b. <strong style=\"color: #00628a;\">Integrovan\u00fd pracovn\u00ed se\u0161it<\/strong> obsahuje bohatou z\u00e1sobu procvi\u010dovac\u00edch aktivit, cvi\u010den\u00ed na v\u00fdslovnost a str\u00e1nky pro <strong style=\"color: #00628a;\">autoevaluaci<\/strong> na konci ka\u017ed\u00e9 lekce.<\/p>\n<h3>Bonusov\u00fd obsah<\/h3>\n<p>Na konci u\u010debnice najdete tak\u00e9 <strong style=\"color: #00628a;\">re\u00e1lie \u0161pan\u011blsky mluv\u00edc\u00edch zem\u00ed<\/strong> a praktick\u00fd <strong style=\"color: #00628a;\">\u0161pan\u011blsko-\u010desk\u00fd slovn\u00edk<\/strong>.<\/p>\n<\/div><\/section><\/div>\n<div  class='hr av-15gpa-93357941c262752e1ec782f376d33209 hr-default  avia-builder-el-12  el_after_av_three_fifth  el_before_av_one_half '><span class='hr-inner '><span class=\"hr-inner-style\"><\/span><\/span><\/div>\n<div  class='flex_column av-p9ai-30f262895781a5efd395bc59bb9993be av_one_half  avia-builder-el-13  el_after_av_hr  el_before_av_one_half  first flex_column_div  '     ><p>\n<style type=\"text\/css\" data-created_by=\"avia_inline_auto\" id=\"style-css-av-meraaige-efab4f65b039dc82ff01e357c143662f\">\n#top .hr.hr-invisible.av-meraaige-efab4f65b039dc82ff01e357c143662f{\nheight:100px;\n}\n<\/style>\n<div  class='hr av-meraaige-efab4f65b039dc82ff01e357c143662f hr-invisible  avia-builder-el-14  el_before_av_textblock  avia-builder-el-first '><span class='hr-inner '><span class=\"hr-inner-style\"><\/span><\/span><\/div><br \/>\n<section  class='av_textblock_section av-mera7bkw-dbad188cd8e4a5c8a3ff34426022f4e1 '   itemscope=\"itemscope\" itemtype=\"https:\/\/schema.org\/CreativeWork\" ><div class='avia_textblock'  itemprop=\"text\" ><h3>Elektronick\u00e1 metodick\u00e1 p\u0159\u00edru\u010dka pro u\u010ditele<\/h3>\n<p>K u\u010debnici <strong style=\"color: #00628a;\">Nos vemos hoy 1<\/strong> je k dispozici <strong style=\"color: #00628a;\">elektronick\u00e1 metodick\u00e1 p\u0159\u00edru\u010dka<\/strong> s praktick\u00fdmi tipy do v\u00fduky, metodick\u00fdmi pozn\u00e1mkami ve \u0161pan\u011bl\u0161tin\u011b, n\u00e1vody na jednoduch\u00e9 hry, kl\u00ed\u010di ke cvi\u010den\u00edm, testy a mno\u017estv\u00edm kop\u00edrovateln\u00fdch materi\u00e1l\u016f. U\u010ditel\u016fm tak v\u00fdrazn\u011b usnad\u0148uje p\u0159\u00edpravu a zpest\u0159uje hodiny.<\/p>\n<\/div><\/section><br \/>\n\n<style type=\"text\/css\" data-created_by=\"avia_inline_auto\" id=\"style-css-av-woni-a61f35cca2f77371802d29783223b5ae\">\n#top .hr.hr-invisible.av-woni-a61f35cca2f77371802d29783223b5ae{\nheight:50px;\n}\n<\/style>\n<div  class='hr av-woni-a61f35cca2f77371802d29783223b5ae hr-invisible  avia-builder-el-16  el_after_av_textblock  avia-builder-el-last '><span class='hr-inner '><span class=\"hr-inner-style\"><\/span><\/span><\/div><\/p><\/div><div  class='flex_column av-2s3y-517c3d7fb10b19dde9f7d9bd9bdc0f2a av_one_half  avia-builder-el-17  el_after_av_one_half  avia-builder-el-last  flex_column_div  '     ><style type=\"text\/css\" data-created_by=\"avia_inline_auto\" id=\"style-css-av-mei8tnyp-215b3bd26faf05e1dfd8a69d11ef0141\">\n.avia-image-container.av-mei8tnyp-215b3bd26faf05e1dfd8a69d11ef0141 img.avia_image{\nbox-shadow:none;\n}\n.avia-image-container.av-mei8tnyp-215b3bd26faf05e1dfd8a69d11ef0141 .av-image-caption-overlay-center{\ncolor:#ffffff;\n}\n<\/style>\n<div  class='avia-image-container av-mei8tnyp-215b3bd26faf05e1dfd8a69d11ef0141 av-styling- avia-align-center  avia-builder-el-18  avia-builder-el-no-sibling '   itemprop=\"image\" itemscope=\"itemscope\" itemtype=\"https:\/\/schema.org\/ImageObject\" ><div class=\"avia-image-container-inner\"><div class=\"avia-image-overlay-wrap\"><img decoding=\"async\" fetchpriority=\"high\" class='wp-image-920 avia-img-lazy-loading-not-920 avia_image ' src=\"https:\/\/klett.cz\/nos-vemos-hoy\/wp-content\/uploads\/NVH_Mock_upy2.png\" alt='' title='NVH_Mock_upy2'  height=\"515\" width=\"700\"  itemprop=\"thumbnailUrl\" srcset=\"https:\/\/klett.cz\/nos-vemos-hoy\/wp-content\/uploads\/NVH_Mock_upy2.png 700w, https:\/\/klett.cz\/nos-vemos-hoy\/wp-content\/uploads\/NVH_Mock_upy2-300x221.png 300w\" sizes=\"(max-width: 700px) 100vw, 700px\" \/><\/div><\/div><\/div><\/div><\/p>\n","protected":false},"excerpt":{"rendered":"","protected":false},"author":2,"featured_media":0,"parent":0,"menu_order":0,"comment_status":"closed","ping_status":"closed","template":"","meta":{"footnotes":""},"class_list":["post-42","page","type-page","status-publish","hentry"],"_links":{"self":[{"href":"https:\/\/klett.cz\/nos-vemos-hoy\/wp-json\/wp\/v2\/pages\/42","targetHints":{"allow":["GET"]}}],"collection":[{"href":"https:\/\/klett.cz\/nos-vemos-hoy\/wp-json\/wp\/v2\/pages"}],"about":[{"href":"https:\/\/klett.cz\/nos-vemos-hoy\/wp-json\/wp\/v2\/types\/page"}],"author":[{"embeddable":true,"href":"https:\/\/klett.cz\/nos-vemos-hoy\/wp-json\/wp\/v2\/users\/2"}],"replies":[{"embeddable":true,"href":"https:\/\/klett.cz\/nos-vemos-hoy\/wp-json\/wp\/v2\/comments?post=42"}],"version-history":[{"count":38,"href":"https:\/\/klett.cz\/nos-vemos-hoy\/wp-json\/wp\/v2\/pages\/42\/revisions"}],"predecessor-version":[{"id":936,"href":"https:\/\/klett.cz\/nos-vemos-hoy\/wp-json\/wp\/v2\/pages\/42\/revisions\/936"}],"wp:attachment":[{"href":"https:\/\/klett.cz\/nos-vemos-hoy\/wp-json\/wp\/v2\/media?parent=42"}],"curies":[{"name":"wp","href":"https:\/\/api.w.org\/{rel}","templated":true}]}}