{"id":577,"date":"2023-02-04T10:13:27","date_gmt":"2023-02-04T09:13:27","guid":{"rendered":"https:\/\/klett.cz\/kmi\/?page_id=577"},"modified":"2023-10-03T10:31:41","modified_gmt":"2023-10-03T08:31:41","slug":"online-kvizy-kahoot","status":"publish","type":"page","link":"https:\/\/klett.cz\/kmi\/online-kvizy-kahoot\/","title":{"rendered":"Online kv\u00edzy Kahoot!"},"content":{"rendered":"\n<style type=\"text\/css\" data-created_by=\"avia_inline_auto\" id=\"style-css-av-1q3lxd-6c5c7feb736fa0a657f7d5f1d15d5e66\">\n.flex_column.av-1q3lxd-6c5c7feb736fa0a657f7d5f1d15d5e66{\nborder-radius:0px 0px 0px 0px;\npadding:0px 0px 0px 0px;\n}\n<\/style>\n<div  class='flex_column av-1q3lxd-6c5c7feb736fa0a657f7d5f1d15d5e66 av_one_full  avia-builder-el-0  el_before_av_one_full  avia-builder-el-first  first flex_column_div av-zero-column-padding  '     ><style type=\"text\/css\" data-created_by=\"avia_inline_auto\" id=\"style-css-av-kliajlr4-dcc96d3cc0774fb2ff16ee9623fb6fa9\">\n.avia-image-container.av-kliajlr4-dcc96d3cc0774fb2ff16ee9623fb6fa9 img.avia_image{\nbox-shadow:none;\n}\n.avia-image-container.av-kliajlr4-dcc96d3cc0774fb2ff16ee9623fb6fa9 .av-image-caption-overlay-center{\ncolor:#ffffff;\n}\n<\/style>\n<div  class='avia-image-container av-kliajlr4-dcc96d3cc0774fb2ff16ee9623fb6fa9 av-styling- avia-align-center  avia-builder-el-1  avia-builder-el-no-sibling '   itemprop=\"image\" itemscope=\"itemscope\" itemtype=\"https:\/\/schema.org\/ImageObject\" ><div class=\"avia-image-container-inner\"><div class=\"avia-image-overlay-wrap\"><img decoding=\"async\" fetchpriority=\"high\" class='wp-image-456 avia-img-lazy-loading-not-456 avia_image ' src=\"https:\/\/klett.cz\/kmi\/wp-content\/uploads\/1280px-Kahoot_Logo.svg_-300x102-1.png\" alt='' title='1280px-Kahoot_Logo.svg_-300x102 (1)'  height=\"102\" width=\"300\"  itemprop=\"thumbnailUrl\"  \/><\/div><\/div><\/div><\/div>\n<div  class='flex_column av-1ix0ih-2f8eb924f291bf3778e5c820ff735ce7 av_one_full  avia-builder-el-2  el_after_av_one_full  el_before_av_one_full  first flex_column_div  column-top-margin'     ><section  class='av_textblock_section av-ldppwshi-5e6d8e3f5d1aaa99658ac8442a38a2d9 '   itemscope=\"itemscope\" itemtype=\"https:\/\/schema.org\/CreativeWork\" ><div class='avia_textblock'  itemprop=\"text\" ><h1 style=\"text-align: center;\">ONLINE KV\u00cdZY KAHOOT!<\/h1>\n<p style=\"text-align: center;\">K jednotliv\u00fdm lekc\u00edm u\u010debnice Klett Maximal interaktiv jsme vytvo\u0159ili jednoduch\u00e9 a z\u00e1bavn\u00e9 online kv\u00edzy Kahoot!.<\/p>\n<p style=\"text-align: center;\">Vyberte si lekci, kter\u00e1 v\u00e1s zaj\u00edm\u00e1, a pak u\u017e si jen bavte (a u\u010dte) s\u00a0na\u0161imi z\u00e1bavn\u00fdmi kv\u00edzy.<\/p>\n<\/div><\/section><\/div>\n<div  class='flex_column av-1e7735-c2e2a8e6359643f4dd3598dc2dc2fd3c av_one_full  avia-builder-el-4  el_after_av_one_full  el_before_av_one_full  first flex_column_div  column-top-margin'     ><section  class='av_textblock_section av-ldppyblm-cf07396a5d7ac40ffcfad2868c66c05e '   itemscope=\"itemscope\" itemtype=\"https:\/\/schema.org\/CreativeWork\" ><div class='avia_textblock'  itemprop=\"text\" ><h1 style=\"text-align: center;\">Kahoot! k u\u010debnici Klett Maximal interaktiv 1<\/h1>\n<\/div><\/section><\/div>\n<div  class='flex_column av-4g6nd-4c1a37b5d8c9bddac76d43c7958ea453 av_one_full  avia-builder-el-6  el_after_av_one_full  el_before_av_one_full  first flex_column_div  column-top-margin'     ><section  class='av_textblock_section av-ldpq02d5-ab87ffa9d2d5ed9b485a8b519b77a759 '   itemscope=\"itemscope\" itemtype=\"https:\/\/schema.org\/CreativeWork\" ><div class='avia_textblock av_inherit_color'  itemprop=\"text\" ><h2 style=\"text-align: center;\"><a href=\"https:\/\/klett.cz\/kmi\/kahoot-k-lekci-1-1\/\">Kahoot! k lekci 1.1<\/a><\/h2>\n<\/div><\/section><\/div>\n<div  class='flex_column av-13kya9-84003080394697665c3e397d78670e83 av_one_full  avia-builder-el-8  el_after_av_one_full  el_before_av_one_full  first flex_column_div  column-top-margin'     ><section  class='av_textblock_section av-ldpq0kjg-acb7aaff555de301e71a937ec06b3a09 '   itemscope=\"itemscope\" itemtype=\"https:\/\/schema.org\/CreativeWork\" ><div class='avia_textblock av_inherit_color'  itemprop=\"text\" ><h2 style=\"text-align: center;\"><a href=\"https:\/\/klett.cz\/kmi\/kahoot-k-lekci-1-2\/\">Kahoot! k lekci 1.2<\/a><\/h2>\n<\/div><\/section><\/div>\n<div  class='flex_column av-xza95-a6d2be621197dc44886ff75a2a5c2877 av_one_full  avia-builder-el-10  el_after_av_one_full  el_before_av_one_full  first flex_column_div  column-top-margin'     ><section  class='av_textblock_section av-ldpq0z5l-1cbb8939f660025f3f54e7549860beba '   itemscope=\"itemscope\" itemtype=\"https:\/\/schema.org\/CreativeWork\" ><div class='avia_textblock av_inherit_color'  itemprop=\"text\" ><h2 style=\"text-align: center;\"><a href=\"https:\/\/klett.cz\/kmi\/kahoot-k-lekci-1-3\/\">Kahoot! k lekci 1.3<\/a><\/h2>\n<\/div><\/section><\/div>\n<div  class='flex_column av-r44vl-969ff1aadec759f77f8debd608fa671f av_one_full  avia-builder-el-12  el_after_av_one_full  el_before_av_one_full  first flex_column_div  column-top-margin'     ><section  class='av_textblock_section av-ldpq2301-530edceb5860d7e666bb1bdf1ebc223b '   itemscope=\"itemscope\" itemtype=\"https:\/\/schema.org\/CreativeWork\" ><div class='avia_textblock av_inherit_color'  itemprop=\"text\" ><h2 style=\"text-align: center;\"><a href=\"https:\/\/klett.cz\/kmi\/kahoot-k-lekci-2-1\/\">Kahoot! k lekci 2.1<\/a><\/h2>\n<\/div><\/section><\/div>\n<div  class='flex_column av-j8gop-13a5619cb4fda6629a68005a0b268bfb av_one_full  avia-builder-el-14  el_after_av_one_full  el_before_av_one_full  first flex_column_div  column-top-margin'     ><section  class='av_textblock_section av-ldpq2qoy-df95482d5a88bf6cffcaba9a857278f4 '   itemscope=\"itemscope\" itemtype=\"https:\/\/schema.org\/CreativeWork\" ><div class='avia_textblock av_inherit_color'  itemprop=\"text\" ><h2 style=\"text-align: center;\"><a href=\"https:\/\/klett.cz\/kmi\/kahoot-k-lekci-2-2\/\">Kahoot! k lekci 2.2<\/a><\/h2>\n<\/div><\/section><\/div>\n<div  class='flex_column av-gzknd-92701962c5ac74c8ebda4166699c15f1 av_one_full  avia-builder-el-16  el_after_av_one_full  el_before_av_one_full  first flex_column_div  column-top-margin'     ><section  class='av_textblock_section av-ldpq39j6-38a09d6a16c3d48900b4c56e86fd87f7 '   itemscope=\"itemscope\" itemtype=\"https:\/\/schema.org\/CreativeWork\" ><div class='avia_textblock av_inherit_color'  itemprop=\"text\" ><h2 style=\"text-align: center;\"><a href=\"https:\/\/klett.cz\/kmi\/kahoot-k-lekci-2-3\/\">Kahoot! k lekci 2.3<\/a><\/h2>\n<\/div><\/section><\/div>\n<div  class='flex_column av-8yi0h-5af9236719738726e4bbe34e00c5cded av_one_full  avia-builder-el-18  el_after_av_one_full  el_before_av_one_full  first flex_column_div  column-top-margin'     ><section  class='av_textblock_section av-ldppyhc4-5fba3214e50fbeaeb426bb525e0adf21 '   itemscope=\"itemscope\" itemtype=\"https:\/\/schema.org\/CreativeWork\" ><div class='avia_textblock'  itemprop=\"text\" ><h1 style=\"text-align: center;\">Kahoot! k u\u010debnici Klett Maximal interaktiv 2<\/h1>\n<\/div><\/section><\/div>\n<div  class='flex_column av-29mpt-869b7885abd4df2ff5b207f144bd8c58 av_one_full  avia-builder-el-20  el_after_av_one_full  el_before_av_one_full  first flex_column_div  column-top-margin'     ><section  class='av_textblock_section av-ldpq4dk3-c3aebb8138c2c4376dfb4227fc3d64e2 '   itemscope=\"itemscope\" itemtype=\"https:\/\/schema.org\/CreativeWork\" ><div class='avia_textblock av_inherit_color'  itemprop=\"text\" ><h2 style=\"text-align: center;\"><a href=\"https:\/\/klett.cz\/kmi\/kahoot-k-lekci-3-1\/\"><b><span lang=\"CS\">Kahoot! k\u00a0lekci 3.1<\/span><\/b><\/a><\/h2>\n<\/div><\/section><\/div>\n<div  class='flex_column av-hr1uh-78a19076c11ab0e7a2d469f393facdf4 av_one_full  avia-builder-el-22  el_after_av_one_full  el_before_av_one_full  first flex_column_div  column-top-margin'     ><section  class='av_textblock_section av-ldpq4i7f-b3cc1032473d3628c6a06c21379af1a5 '   itemscope=\"itemscope\" itemtype=\"https:\/\/schema.org\/CreativeWork\" ><div class='avia_textblock av_inherit_color'  itemprop=\"text\" ><h2 style=\"text-align: center;\"><a href=\"https:\/\/klett.cz\/kmi\/kahoot-k-lekci-3-2\/\"><b><span lang=\"CS\">Kahoot! k lekci 3.2<\/span><\/b><\/a><\/h2>\n<\/div><\/section><\/div>\n<div  class='flex_column av-8h8vd-8370c0c26649435b4b80c81122fbf249 av_one_full  avia-builder-el-24  el_after_av_one_full  el_before_av_one_full  first flex_column_div  column-top-margin'     ><section  class='av_textblock_section av-ldpq4nqy-4abb66d08470ab90206929d0ee49e0c7 '   itemscope=\"itemscope\" itemtype=\"https:\/\/schema.org\/CreativeWork\" ><div class='avia_textblock av_inherit_color'  itemprop=\"text\" ><h2 style=\"text-align: center;\"><a href=\"https:\/\/klett.cz\/kmi\/kahoot-k-lekci-3-3\/\"><b><span lang=\"CS\">Kahoot! k lekci 3.3<\/span><\/b><\/a><\/h2>\n<\/div><\/section><\/div>\n<div  class='flex_column av-lmh4x-e07e2fe27e6322774541d8b54a7497c8 av_one_full  avia-builder-el-26  el_after_av_one_full  el_before_av_one_full  first flex_column_div  column-top-margin'     ><section  class='av_textblock_section av-ljwuznnf-f486f4b27e7bd8639c152c9c033edf62 '   itemscope=\"itemscope\" itemtype=\"https:\/\/schema.org\/CreativeWork\" ><div class='avia_textblock av_inherit_color'  itemprop=\"text\" ><h2 style=\"text-align: center;\"><a href=\"https:\/\/klett.cz\/kmi\/kahoot-k-lekci-4-1\/\"><b><span lang=\"CS\">Kahoot! k lekci 4.1<\/span><\/b><\/a><\/h2>\n<\/div><\/section><\/div>\n<div  class='flex_column av-f65pl-acb8c8d0198bc4428d884d5cb9825afb av_one_full  avia-builder-el-28  el_after_av_one_full  el_before_av_one_full  first flex_column_div  column-top-margin'     ><section  class='av_textblock_section av-ljwuzd4u-fd1241503f1f6ea54896a55a30764801 '   itemscope=\"itemscope\" itemtype=\"https:\/\/schema.org\/CreativeWork\" ><div class='avia_textblock av_inherit_color'  itemprop=\"text\" ><h2 style=\"text-align: center;\"><a href=\"https:\/\/klett.cz\/kmi\/kahoot-k-lekci-4-2\/\"><b><span lang=\"CS\">Kahoot! k lekci 4.2<\/span><\/b><\/a><\/h2>\n<\/div><\/section><\/div>\n<div  class='flex_column av-6q7kx-e8954ee2e7992614ead80eeec5df2566 av_one_full  avia-builder-el-30  el_after_av_one_full  el_before_av_one_full  first flex_column_div  column-top-margin'     ><section  class='av_textblock_section av-ljwuyx1s-3209b18a335b3a6eaae33f1537b7c86a '   itemscope=\"itemscope\" itemtype=\"https:\/\/schema.org\/CreativeWork\" ><div class='avia_textblock av_inherit_color'  itemprop=\"text\" ><h2 style=\"text-align: center;\"><a href=\"https:\/\/klett.cz\/kmi\/kahoot-k-lekci-4-3\/\"><b><span lang=\"CS\">Kahoot! k lekci 4.3<\/span><\/b><\/a><\/h2>\n<\/div><\/section><\/div>\n<div  class='flex_column av-1eqkm9-7ac6ac9d914edc8d524d03ec91ab09d5 av_one_full  avia-builder-el-32  el_after_av_one_full  el_before_av_one_full  first flex_column_div  column-top-margin'     ><section  class='av_textblock_section av-180zux-35602695ee4e807827fd2cfd07f59bd5 '   itemscope=\"itemscope\" itemtype=\"https:\/\/schema.org\/CreativeWork\" ><div class='avia_textblock'  itemprop=\"text\" ><h1 style=\"text-align: center;\">Kahoot! k u\u010debnici Klett Maximal interaktiv 3<\/h1>\n<\/div><\/section><\/div><div  class='flex_column av-12a3k1-0ca13a99c438372f2b15216e4b472fe8 av_one_full  avia-builder-el-34  el_after_av_one_full  el_before_av_one_full  first flex_column_div  column-top-margin'     ><section  class='av_textblock_section av-lmon2m7o-b6c3ec97621a0cbc999f9fff6425218a '   itemscope=\"itemscope\" itemtype=\"https:\/\/schema.org\/CreativeWork\" ><div class='avia_textblock av_inherit_color'  itemprop=\"text\" ><h2 style=\"text-align: center;\"><a href=\"https:\/\/klett.cz\/kmi\/kahoot-k-lekci-5-1\/\"><b><span lang=\"CS\">Kahoot! k lekci 5.1<\/span><\/b><\/a><\/h2>\n<\/div><\/section><\/div><\/p>\n<div  class='flex_column av-yft5t-780273e05316c78b11a77bf425e79ef2 av_one_full  avia-builder-el-36  el_after_av_one_full  el_before_av_one_full  first flex_column_div  column-top-margin'     ><section  class='av_textblock_section av-lmon2vi8-2cff40797dda01d469f01b2748cb60a5 '   itemscope=\"itemscope\" itemtype=\"https:\/\/schema.org\/CreativeWork\" ><div class='avia_textblock av_inherit_color'  itemprop=\"text\" ><h2 style=\"text-align: center;\"><a href=\"https:\/\/klett.cz\/kmi\/kahoot-k-lekci-5-2\/\"><b><span lang=\"CS\">Kahoot! k lekci 5.2<\/span><\/b><\/a><\/h2>\n<\/div><\/section><\/div>\n<div  class='flex_column av-swtkx-d90e9650544fda1d1eaeb89686048c70 av_one_full  avia-builder-el-38  el_after_av_one_full  el_before_av_one_full  first flex_column_div  column-top-margin'     ><section  class='av_textblock_section av-lmon34mz-f07a4ca7cebdac8d1d107f8c31b44681 '   itemscope=\"itemscope\" itemtype=\"https:\/\/schema.org\/CreativeWork\" ><div class='avia_textblock av_inherit_color'  itemprop=\"text\" ><h2 style=\"text-align: center;\"><a href=\"https:\/\/klett.cz\/kmi\/kahoot-k-lekci-5-3\/\"><b><span lang=\"CS\">Kahoot! k lekci 5.3<\/span><\/b><\/a><\/h2>\n<\/div><\/section><\/div>\n<div  class='flex_column av-mtnx5-46995d381b19831c851647cb2dc910fd av_one_full  avia-builder-el-40  el_after_av_one_full  el_before_av_one_full  first flex_column_div  column-top-margin'     ><section  class='av_textblock_section av-lmon3jht-546af01d142c3971bad21cd6bed92510 '   itemscope=\"itemscope\" itemtype=\"https:\/\/schema.org\/CreativeWork\" ><div class='avia_textblock av_inherit_color'  itemprop=\"text\" ><h2 style=\"text-align: center;\"><a href=\"https:\/\/klett.cz\/kmi\/kahoot-k-lekci-6-1\/\"><b><span lang=\"CS\">Kahoot! k lekci 6.1<\/span><\/b><\/a><\/h2>\n<\/div><\/section><\/div>\n<div  class='flex_column av-dbh8x-83715b81953d6cecbae888955ec99018 av_one_full  avia-builder-el-42  el_after_av_one_full  el_before_av_one_full  first flex_column_div  column-top-margin'     ><section  class='av_textblock_section av-lmon3s8s-f573d022dfef2b3fbd1230ca86246e68 '   itemscope=\"itemscope\" itemtype=\"https:\/\/schema.org\/CreativeWork\" ><div class='avia_textblock av_inherit_color'  itemprop=\"text\" ><h2 style=\"text-align: center;\"><a href=\"https:\/\/klett.cz\/kmi\/kahoot-k-lekci-6-2\/\"><b><span lang=\"CS\">Kahoot! k lekci 6.2<\/span><\/b><\/a><\/h2>\n<\/div><\/section><\/div>\n<div  class='flex_column av-b3zd5-665ead668c4bc17a3792282e2209ad06 av_one_full  avia-builder-el-44  el_after_av_one_full  avia-builder-el-last  first flex_column_div  column-top-margin'     ><section  class='av_textblock_section av-lmon4219-7f85fd83e6624d25fff460a1918fb479 '   itemscope=\"itemscope\" itemtype=\"https:\/\/schema.org\/CreativeWork\" ><div class='avia_textblock av_inherit_color'  itemprop=\"text\" ><h2 style=\"text-align: center;\"><a href=\"https:\/\/klett.cz\/kmi\/kahoot-k-lekci-6-3\/\"><b><span lang=\"CS\">Kahoot! k lekci 6.3<\/span><\/b><\/a><\/h2>\n<\/div><\/section><\/div>\n","protected":false},"excerpt":{"rendered":"","protected":false},"author":4,"featured_media":0,"parent":0,"menu_order":0,"comment_status":"closed","ping_status":"closed","template":"","meta":{"_exactmetrics_skip_tracking":false,"_exactmetrics_sitenote_active":false,"_exactmetrics_sitenote_note":"","_exactmetrics_sitenote_category":0,"footnotes":""},"class_list":["post-577","page","type-page","status-publish","hentry"],"_links":{"self":[{"href":"https:\/\/klett.cz\/kmi\/wp-json\/wp\/v2\/pages\/577","targetHints":{"allow":["GET"]}}],"collection":[{"href":"https:\/\/klett.cz\/kmi\/wp-json\/wp\/v2\/pages"}],"about":[{"href":"https:\/\/klett.cz\/kmi\/wp-json\/wp\/v2\/types\/page"}],"author":[{"embeddable":true,"href":"https:\/\/klett.cz\/kmi\/wp-json\/wp\/v2\/users\/4"}],"replies":[{"embeddable":true,"href":"https:\/\/klett.cz\/kmi\/wp-json\/wp\/v2\/comments?post=577"}],"version-history":[{"count":9,"href":"https:\/\/klett.cz\/kmi\/wp-json\/wp\/v2\/pages\/577\/revisions"}],"predecessor-version":[{"id":662,"href":"https:\/\/klett.cz\/kmi\/wp-json\/wp\/v2\/pages\/577\/revisions\/662"}],"wp:attachment":[{"href":"https:\/\/klett.cz\/kmi\/wp-json\/wp\/v2\/media?parent=577"}],"curies":[{"name":"wp","href":"https:\/\/api.w.org\/{rel}","templated":true}]}}