{"id":943,"date":"2024-10-02T08:44:36","date_gmt":"2024-10-02T06:44:36","guid":{"rendered":"https:\/\/klett.cz\/direkt\/?page_id=943"},"modified":"2024-10-02T09:57:14","modified_gmt":"2024-10-02T07:57:14","slug":"kahoot-k-20-lekci-direkt-interaktiv-3","status":"publish","type":"page","link":"https:\/\/klett.cz\/direkt\/kahoot-k-20-lekci-direkt-interaktiv-3\/","title":{"rendered":"Kahoot! k 20. lekci Direkt interaktiv 3"},"content":{"rendered":"\n<style type=\"text\/css\" data-created_by=\"avia_inline_auto\" id=\"style-css-av-zb6jy-f10f8d3afedd05d826141fc8eea77f7f\">\n.flex_column.av-zb6jy-f10f8d3afedd05d826141fc8eea77f7f{\nborder-radius:0px 0px 0px 0px;\npadding:0px 0px 0px 0px;\n}\n<\/style>\n<div  class='flex_column av-zb6jy-f10f8d3afedd05d826141fc8eea77f7f av_one_full  avia-builder-el-0  el_before_av_one_full  avia-builder-el-first  first flex_column_div av-zero-column-padding  '     ><p>\n<style type=\"text\/css\" data-created_by=\"avia_inline_auto\" id=\"style-css-av-k38tzf9i-a855a7e75cd04d1c366097f718686b83\">\n.avia-image-container.av-k38tzf9i-a855a7e75cd04d1c366097f718686b83 img.avia_image{\nbox-shadow:none;\n}\n.avia-image-container.av-k38tzf9i-a855a7e75cd04d1c366097f718686b83 .av-image-caption-overlay-center{\ncolor:#ffffff;\n}\n<\/style>\n<div  class='avia-image-container av-k38tzf9i-a855a7e75cd04d1c366097f718686b83 av-styling- avia-align-center  avia-builder-el-1  el_before_av_hr  avia-builder-el-first '   itemprop=\"image\" itemscope=\"itemscope\" itemtype=\"https:\/\/schema.org\/ImageObject\" ><div class=\"avia-image-container-inner\"><div class=\"avia-image-overlay-wrap\"><img decoding=\"async\" fetchpriority=\"high\" class='wp-image-267 avia-img-lazy-loading-not-267 avia_image ' src=\"https:\/\/klett.cz\/direkt\/wp-content\/uploads\/2019\/11\/1280px-Kahoot_Logo.svg_-300x102.png\" alt='' title='1280px-Kahoot_Logo.svg_'  height=\"102\" width=\"300\"  itemprop=\"thumbnailUrl\" srcset=\"https:\/\/klett.cz\/direkt\/wp-content\/uploads\/2019\/11\/1280px-Kahoot_Logo.svg_-300x102.png 300w, https:\/\/klett.cz\/direkt\/wp-content\/uploads\/2019\/11\/1280px-Kahoot_Logo.svg_-768x262.png 768w, https:\/\/klett.cz\/direkt\/wp-content\/uploads\/2019\/11\/1280px-Kahoot_Logo.svg_-1030x351.png 1030w, https:\/\/klett.cz\/direkt\/wp-content\/uploads\/2019\/11\/1280px-Kahoot_Logo.svg_.png 1280w, https:\/\/klett.cz\/direkt\/wp-content\/uploads\/2019\/11\/1280px-Kahoot_Logo.svg_-705x240.png 705w, https:\/\/klett.cz\/direkt\/wp-content\/uploads\/2019\/11\/1280px-Kahoot_Logo.svg_-450x153.png 450w\" sizes=\"(max-width: 300px) 100vw, 300px\" \/><\/div><\/div><\/div><br \/>\n\n<style type=\"text\/css\" data-created_by=\"avia_inline_auto\" id=\"style-css-av-k38u05lj-99752b46ea943530e6a100015dbb625c\">\n#top .hr.hr-invisible.av-k38u05lj-99752b46ea943530e6a100015dbb625c{\nheight:50px;\n}\n<\/style>\n<div  class='hr av-k38u05lj-99752b46ea943530e6a100015dbb625c hr-invisible  avia-builder-el-2  el_after_av_image  el_before_av_textblock '><span class='hr-inner '><span class=\"hr-inner-style\"><\/span><\/span><\/div><br \/>\n<section  class='av_textblock_section av-k38tz0yb-b3917a0e5a08f5f226850f0061a84d85 '   itemscope=\"itemscope\" itemtype=\"https:\/\/schema.org\/CreativeWork\" ><div class='avia_textblock'  itemprop=\"text\" ><h1 style=\"text-align: center;\">Z\u00e1bavn\u00e9 kv\u00edzy Kahoot! k 20. lekci u\u010debnice Direkt interaktiv 3<\/h1>\n<\/div><\/section><br \/>\n\n<style type=\"text\/css\" data-created_by=\"avia_inline_auto\" id=\"style-css-av-k38u05lj-1-1f8d53554ce26b0af3f3785f89aa52b3\">\n#top .hr.hr-invisible.av-k38u05lj-1-1f8d53554ce26b0af3f3785f89aa52b3{\nheight:50px;\n}\n<\/style>\n<div  class='hr av-k38u05lj-1-1f8d53554ce26b0af3f3785f89aa52b3 hr-invisible  avia-builder-el-4  el_after_av_textblock  el_before_av_image '><span class='hr-inner '><span class=\"hr-inner-style\"><\/span><\/span><\/div><br \/>\n\n<style type=\"text\/css\" data-created_by=\"avia_inline_auto\" id=\"style-css-av-k38u3d9e-e5fb88a083107985a048753bb2a9da4d\">\n.avia-image-container.av-k38u3d9e-e5fb88a083107985a048753bb2a9da4d img.avia_image{\nbox-shadow:none;\n}\n.avia-image-container.av-k38u3d9e-e5fb88a083107985a048753bb2a9da4d .av-image-caption-overlay-center{\ncolor:#ffffff;\n}\n<\/style>\n<div  class='avia-image-container av-k38u3d9e-e5fb88a083107985a048753bb2a9da4d av-styling- avia-align-center  avia-builder-el-5  el_after_av_hr  avia-builder-el-last '   itemprop=\"image\" itemscope=\"itemscope\" itemtype=\"https:\/\/schema.org\/ImageObject\" ><div class=\"avia-image-container-inner\"><div class=\"avia-image-overlay-wrap\"><img decoding=\"async\" fetchpriority=\"high\" class='wp-image-963 avia-img-lazy-loading-not-963 avia_image ' src=\"https:\/\/klett.cz\/direkt\/wp-content\/uploads\/2024\/10\/DI_Kahoot-na-web-1.png\" alt='' title='DI_Kahoot na web (1)'  height=\"600\" width=\"379\"  itemprop=\"thumbnailUrl\" srcset=\"https:\/\/klett.cz\/direkt\/wp-content\/uploads\/2024\/10\/DI_Kahoot-na-web-1.png 379w, https:\/\/klett.cz\/direkt\/wp-content\/uploads\/2024\/10\/DI_Kahoot-na-web-1-190x300.png 190w\" sizes=\"(max-width: 379px) 100vw, 379px\" \/><\/div><\/div><\/div><\/p><\/div><div  class='flex_column av-z7t3p-901f17016b545d25525ac050c42d5c8c av_one_full  avia-builder-el-6  el_after_av_one_full  el_before_av_one_full  first flex_column_div  column-top-margin'     ><section  class='av_textblock_section av-laphm9tn-ca9d8230626da39c076a5b757f164bf6 '   itemscope=\"itemscope\" itemtype=\"https:\/\/schema.org\/CreativeWork\" ><div class='avia_textblock'  itemprop=\"text\" ><h1 style=\"text-align: center;\">Kahoot! \u2013 Grammatik<\/h1>\n<h3 style=\"text-align: center;\"><a href=\"https:\/\/create.kahoot.it\/details\/6f66d625-18cd-491b-abc6-4cd83e7b6bfc\" target=\"_blank\" rel=\"noopener\"><strong>Trpn\u00fd rod \u2013 p\u0159\u00edtomn\u00fd \u010das<\/strong><\/a><\/h3>\n<h3 style=\"text-align: center;\"><a href=\"https:\/\/create.kahoot.it\/details\/a37a2285-9d77-464b-bfa3-52db334237a0\" target=\"_blank\" rel=\"noopener\"><strong>Trpn\u00fd rod \u2013 perfektum<\/strong><\/a><\/h3>\n<h3 style=\"text-align: center;\"><a href=\"https:\/\/create.kahoot.it\/details\/a78147e0-c088-4af2-a77c-8fe47cbd9e93\" target=\"_blank\" rel=\"noopener\"><strong>Trpn\u00fd rod \u2013 pr\u00e9teritum<\/strong><\/a><\/h3>\n<h3 style=\"text-align: center;\"><a href=\"https:\/\/create.kahoot.it\/details\/40f3c871-21f3-424f-a339-79a15bcb2a81\" target=\"_blank\" rel=\"noopener\"><strong>Trpn\u00fd rod \u2013 budouc\u00ed \u010das<\/strong><\/a><\/h3>\n<h3 style=\"text-align: center;\"><a href=\"https:\/\/create.kahoot.it\/details\/fa1cc2c4-6e3f-458b-bf9b-d022c093c9e7\" target=\"_blank\" rel=\"noopener\"><strong>Trpn\u00fd rod \u2013 mod\u00e1ln\u00ed slovesa<\/strong><\/a><\/h3>\n<\/div><\/section><\/div><\/p>\n<div  class='flex_column av-q5pwl-31dc0d26ac76c687a5ddf91d3b3a773f av_one_full  avia-builder-el-8  el_after_av_one_full  el_before_av_one_full  first flex_column_div  column-top-margin'     ><section  class='av_textblock_section av-lpwth-7a69dda4fec16c626a958c4cfb76dd05 '   itemscope=\"itemscope\" itemtype=\"https:\/\/schema.org\/CreativeWork\" ><div class='avia_textblock'  itemprop=\"text\" ><h1 style=\"text-align: center;\">Kahoot! \u2013 Wortschatz<\/h1>\n<h3 style=\"text-align: center;\"><a href=\"https:\/\/create.kahoot.it\/details\/34251bf1-32e7-48d9-99fa-55cc3d48e53b\" target=\"_blank\" rel=\"noopener\"><strong>Industrie, Wirtschaft, Produkte<\/strong><\/a><\/h3>\n<h3 style=\"text-align: center;\"><a href=\"https:\/\/create.kahoot.it\/details\/d2f8081a-96c6-4d24-b286-68da1f95b7b7\" target=\"_blank\" rel=\"noopener\">Rezept 1<\/a><\/h3>\n<h3 style=\"text-align: center;\"><a href=\"https:\/\/create.kahoot.it\/details\/9b179bc8-b195-4564-a6f1-11d239e5a960\" target=\"_blank\" rel=\"noopener\"><strong>Rezept 2<\/strong><\/a><\/h3>\n<h3 style=\"text-align: center;\">\u00a0<\/h3>\n<\/div><\/section><\/div>\n<div  class='flex_column av-bvj5r-56c991252b7d899a6b6fc5b0e3cb3c4a av_one_full  avia-builder-el-10  el_after_av_one_full  el_before_av_one_full  first flex_column_div  column-top-margin'     ><section  class='av_textblock_section av-m1riiap4-0ad39c2edcf44834d7cd8e19d9665b6a '   itemscope=\"itemscope\" itemtype=\"https:\/\/schema.org\/CreativeWork\" ><div class='avia_textblock'  itemprop=\"text\" ><h1 style=\"text-align: center;\">Kahoot! \u2013 Re\u00e1lie<\/h1>\n<h3 style=\"text-align: center;\"><a href=\"https:\/\/create.kahoot.it\/details\/b821ee78-cd9f-491b-8e70-eed0138b3591\" target=\"_blank\" rel=\"noopener\"><strong>Schweiz 1<\/strong><\/a><\/h3>\n<h3 style=\"text-align: center;\"><a href=\"https:\/\/create.kahoot.it\/details\/f6b8acc2-b7c4-43d9-a16e-95a07c00c54f\" target=\"_blank\" rel=\"noopener\">Schweiz 2<\/a><\/h3>\n<h3 style=\"text-align: center;\"><a href=\"https:\/\/create.kahoot.it\/details\/2b091c9c-dd9a-4719-8b31-54e193cd5943\" target=\"_blank\" rel=\"noopener\"><strong>Bern<\/strong><\/a><\/h3>\n<h3 style=\"text-align: center;\"><a href=\"https:\/\/create.kahoot.it\/details\/752c4714-e451-42a9-b603-e29afe028037\" target=\"_blank\" rel=\"noopener\"><strong>Z\u00fcri F\u00e4scht<\/strong><\/a><\/h3>\n<h3 style=\"text-align: center;\">\u00a0<\/h3>\n<\/div><\/section><\/div>\n<div  class='flex_column av-fk491-6f9fb80d3cdccb55eb5f32f540de7819 av_one_full  avia-builder-el-12  el_after_av_one_full  avia-builder-el-last  first flex_column_div  column-top-margin'     ><section  class='av_textblock_section av-bjyfp-958f0e30a1cce27a1735c621a57e4db5 '   itemscope=\"itemscope\" itemtype=\"https:\/\/schema.org\/CreativeWork\" ><div class='avia_textblock'  itemprop=\"text\" ><h1 style=\"text-align: center;\"><a href=\"https:\/\/create.kahoot.it\/details\/29a217ac-c1ef-4e38-86b2-0b625cad0df5\" target=\"_blank\" rel=\"noopener\">Kahoot! \u2013 Wiederholung<\/a><\/h1>\n<\/div><\/section><\/div>\n","protected":false},"excerpt":{"rendered":"","protected":false},"author":4,"featured_media":0,"parent":0,"menu_order":0,"comment_status":"closed","ping_status":"closed","template":"","meta":{"_exactmetrics_skip_tracking":false,"_exactmetrics_sitenote_active":false,"_exactmetrics_sitenote_note":"","_exactmetrics_sitenote_category":0,"footnotes":""},"class_list":["post-943","page","type-page","status-publish","hentry"],"_links":{"self":[{"href":"https:\/\/klett.cz\/direkt\/wp-json\/wp\/v2\/pages\/943","targetHints":{"allow":["GET"]}}],"collection":[{"href":"https:\/\/klett.cz\/direkt\/wp-json\/wp\/v2\/pages"}],"about":[{"href":"https:\/\/klett.cz\/direkt\/wp-json\/wp\/v2\/types\/page"}],"author":[{"embeddable":true,"href":"https:\/\/klett.cz\/direkt\/wp-json\/wp\/v2\/users\/4"}],"replies":[{"embeddable":true,"href":"https:\/\/klett.cz\/direkt\/wp-json\/wp\/v2\/comments?post=943"}],"version-history":[{"count":4,"href":"https:\/\/klett.cz\/direkt\/wp-json\/wp\/v2\/pages\/943\/revisions"}],"predecessor-version":[{"id":945,"href":"https:\/\/klett.cz\/direkt\/wp-json\/wp\/v2\/pages\/943\/revisions\/945"}],"wp:attachment":[{"href":"https:\/\/klett.cz\/direkt\/wp-json\/wp\/v2\/media?parent=943"}],"curies":[{"name":"wp","href":"https:\/\/api.w.org\/{rel}","templated":true}]}}