{"id":787,"date":"2022-04-12T16:04:28","date_gmt":"2022-04-12T14:04:28","guid":{"rendered":"https:\/\/klett.cz\/direkt\/?page_id=787"},"modified":"2022-04-12T16:18:06","modified_gmt":"2022-04-12T14:18:06","slug":"ukazky-materialy-direkt-interaktiv-2","status":"publish","type":"page","link":"https:\/\/klett.cz\/direkt\/ukazky-materialy-direkt-interaktiv-2\/","title":{"rendered":"Uk\u00e1zky a materi\u00e1ly &#8211; Direkt interaktiv 2"},"content":{"rendered":"<section  class='av_textblock_section av-l1vvdezs-73712a7b602e6fd9bba7bfe0663ead8f '   itemscope=\"itemscope\" itemtype=\"https:\/\/schema.org\/CreativeWork\" ><div class='avia_textblock'  itemprop=\"text\" ><h1 style=\"text-align: center;\">MATERI\u00c1LY KE STA\u017dEN\u00cd A UK\u00c1ZKY Z LEKC\u00cd DIREKT INTERAKTIV<\/h1>\n<p style=\"text-align: center;\">Materi\u00e1ly jsou voln\u011b ke sta\u017een\u00ed \u010di poslechu bez nutnosti registrace a p\u0159ihl\u00e1\u0161en\u00ed. M\u00e1te-li dotazy ke zve\u0159ejn\u011bn\u00fdm materi\u00e1l\u016fm, obra\u0165te se na na\u0161i <strong><a href=\"http:\/\/klett.cz\/direkt\/kontakty\/\">infolinku<\/a>\u00a0<\/strong>nebo n\u00e1m napi\u0161te<strong>\u00a0<a href=\"https:\/\/klett.cz\/direkt\/kontakty\/\">e-mail<\/a>.<\/strong><\/p>\n<\/div><\/section>\n\n<style type=\"text\/css\" data-created_by=\"avia_inline_auto\" id=\"style-css-av-l1vvg11c-d1d1cb6b93399771ad9a4f8d2301fb83\">\n#top .hr.hr-invisible.av-l1vvg11c-d1d1cb6b93399771ad9a4f8d2301fb83{\nheight:50px;\n}\n<\/style>\n<div  class='hr av-l1vvg11c-d1d1cb6b93399771ad9a4f8d2301fb83 hr-invisible  avia-builder-el-1  el_after_av_textblock  el_before_av_textblock '><span class='hr-inner '><span class=\"hr-inner-style\"><\/span><\/span><\/div>\n<section  class='av_textblock_section av-l1vvgl3e-e56c5d7a233954656bb3d78feceef54a '   itemscope=\"itemscope\" itemtype=\"https:\/\/schema.org\/CreativeWork\" ><div class='avia_textblock'  itemprop=\"text\" ><h3 style=\"text-align: center;\">U\u010debnice s integrovan\u00fdm pracovn\u00edm se\u0161item, cvi\u010debnice Intesivtrainer, Metodick\u00e1 p\u0159\u00edru\u010dka a Testy<\/h3>\n<\/div><\/section>\n<div id='av-masonry-1' class='av-masonry av-l1vwayrk-bb241df9a086be2243ee6e880484d2a4 noHover av-flex-size av-large-gap av-hover-overlay-active av-masonry-animation-active av-masonry-col-flexible av-caption-always av-caption-style- av-masonry-gallery ' data-post_id=\"787\"><div class=\"av-masonry-container isotope av-js-disabled\"><div class='av-masonry-entry isotope-item av-masonry-item-no-image '><\/div><a href=\"https:\/\/online.fliphtml5.com\/woejv\/wehq\/\"  aria-label=\"image Uk\u00e1zka u\u010debnice s pracovn\u00edm se\u0161item\"  target=\"_blank\" rel=\"noopener noreferrer\" id='av-masonry-1-item-794' data-av-masonry-item='794' class='av-masonry-entry isotope-item post-794 attachment type-attachment status-inherit hentry  av-masonry-item-with-image' title=\"Uk\u00e1zka u\u010debnice s pracovn\u00edm se\u0161item\" alt=\"\"  data-av-masonry-custom-link=\"https:\/\/online.fliphtml5.com\/woejv\/wehq\/\"  itemprop=\"thumbnailUrl\" ><div class='av-inner-masonry-sizer'><\/div><figure class='av-inner-masonry main_color'><div class=\"av-masonry-outerimage-container\"><div class='av-masonry-image-container'  ><img decoding=\"async\" width=\"497\" height=\"705\" fetchpriority=\"high\" class=\"wp-image-794 avia-img-lazy-loading-not-794\"  src=\"https:\/\/klett.cz\/direkt\/wp-content\/uploads\/2022\/04\/direkt-2-ucebnice.png\" title=\"Uk\u00e1zka u\u010debnice s pracovn\u00edm se\u0161item\" alt=\"\" srcset=\"https:\/\/klett.cz\/direkt\/wp-content\/uploads\/2022\/04\/direkt-2-ucebnice.png 497w, https:\/\/klett.cz\/direkt\/wp-content\/uploads\/2022\/04\/direkt-2-ucebnice-211x300.png 211w\" sizes=\"(max-width: 497px) 100vw, 497px\" \/><\/div><\/div><figcaption class='av-inner-masonry-content site-background'><div class='av-inner-masonry-content-pos'><div class='av-inner-masonry-content-pos-content'><div class='avia-arrow'><\/div><h3 class='av-masonry-entry-title entry-title '  itemprop=\"headline\" >Uk\u00e1zka u\u010debnice s pracovn\u00edm se\u0161item<\/h3><\/div><\/div><\/figcaption><\/figure><\/a><!--end av-masonry entry--><a href=\"https:\/\/online.fliphtml5.com\/woejv\/fkoz\/#p=1\"  aria-label=\"image Uk\u00e1zka cvi\u010debnice Intensivtrainer\"  target=\"_blank\" rel=\"noopener noreferrer\" id='av-masonry-1-item-793' data-av-masonry-item='793' class='av-masonry-entry isotope-item post-793 attachment type-attachment status-inherit hentry  av-masonry-item-with-image' title=\"Uk\u00e1zka cvi\u010debnice Intensivtrainer\" alt=\"\"  data-av-masonry-custom-link=\"https:\/\/online.fliphtml5.com\/woejv\/fkoz\/#p=1\"  itemprop=\"thumbnailUrl\" ><div class='av-inner-masonry-sizer'><\/div><figure class='av-inner-masonry main_color'><div class=\"av-masonry-outerimage-container\"><div class='av-masonry-image-container'  ><img decoding=\"async\" width=\"497\" height=\"705\" fetchpriority=\"high\" class=\"wp-image-793 avia-img-lazy-loading-not-793\"  src=\"https:\/\/klett.cz\/direkt\/wp-content\/uploads\/2022\/04\/direkt-2-cvicebnice.png\" title=\"Uk\u00e1zka cvi\u010debnice Intensivtrainer\" alt=\"\" srcset=\"https:\/\/klett.cz\/direkt\/wp-content\/uploads\/2022\/04\/direkt-2-cvicebnice.png 497w, https:\/\/klett.cz\/direkt\/wp-content\/uploads\/2022\/04\/direkt-2-cvicebnice-211x300.png 211w\" sizes=\"(max-width: 497px) 100vw, 497px\" \/><\/div><\/div><figcaption class='av-inner-masonry-content site-background'><div class='av-inner-masonry-content-pos'><div class='av-inner-masonry-content-pos-content'><div class='avia-arrow'><\/div><h3 class='av-masonry-entry-title entry-title '  itemprop=\"headline\" >Uk\u00e1zka cvi\u010debnice Intensivtrainer<\/h3><\/div><\/div><\/figcaption><\/figure><\/a><!--end av-masonry entry--><a href=\"https:\/\/klett.cz\/direkt\/wp-content\/uploads\/2022\/04\/Direkt-interaktiv-2-metodika-ukazka.pdf\"  aria-label=\"image Uk\u00e1zka metodick\u00e9 p\u0159\u00edru\u010dky\"  target=\"_blank\" rel=\"noopener noreferrer\" id='av-masonry-1-item-791' data-av-masonry-item='791' class='av-masonry-entry isotope-item post-791 attachment type-attachment status-inherit hentry  av-masonry-item-with-image' title=\"Uk\u00e1zka metodick\u00e9 p\u0159\u00edru\u010dky\" alt=\"\"  data-av-masonry-custom-link=\"https:\/\/klett.cz\/direkt\/wp-content\/uploads\/2022\/04\/Direkt-interaktiv-2-metodika-ukazka.pdf\"  itemprop=\"thumbnailUrl\" ><div class='av-inner-masonry-sizer'><\/div><figure class='av-inner-masonry main_color'><div class=\"av-masonry-outerimage-container\"><div class='av-masonry-image-container'  ><img decoding=\"async\" width=\"497\" height=\"705\" fetchpriority=\"high\" class=\"wp-image-791 avia-img-lazy-loading-not-791\"  src=\"https:\/\/klett.cz\/direkt\/wp-content\/uploads\/2022\/04\/direkt-2-metodika.png\" title=\"Uk\u00e1zka metodick\u00e9 p\u0159\u00edru\u010dky\" alt=\"\" srcset=\"https:\/\/klett.cz\/direkt\/wp-content\/uploads\/2022\/04\/direkt-2-metodika.png 497w, https:\/\/klett.cz\/direkt\/wp-content\/uploads\/2022\/04\/direkt-2-metodika-211x300.png 211w\" sizes=\"(max-width: 497px) 100vw, 497px\" \/><\/div><\/div><figcaption class='av-inner-masonry-content site-background'><div class='av-inner-masonry-content-pos'><div class='av-inner-masonry-content-pos-content'><div class='avia-arrow'><\/div><h3 class='av-masonry-entry-title entry-title '  itemprop=\"headline\" >Uk\u00e1zka metodick\u00e9 p\u0159\u00edru\u010dky<\/h3><\/div><\/div><\/figcaption><\/figure><\/a><!--end av-masonry entry--><a href=\"https:\/\/klett.cz\/direkt\/wp-content\/uploads\/2022\/04\/Direkt-interaktiv-2-testy-ukazka.pdf\"  aria-label=\"image Uk\u00e1zka test\u016f k Direkt interaktiv 2\"  target=\"_blank\" rel=\"noopener noreferrer\" id='av-masonry-1-item-792' data-av-masonry-item='792' class='av-masonry-entry isotope-item post-792 attachment type-attachment status-inherit hentry  av-masonry-item-with-image' title=\"Uk\u00e1zka test\u016f k Direkt interaktiv 2\" alt=\"\"  data-av-masonry-custom-link=\"https:\/\/klett.cz\/direkt\/wp-content\/uploads\/2022\/04\/Direkt-interaktiv-2-testy-ukazka.pdf\"  itemprop=\"thumbnailUrl\" ><div class='av-inner-masonry-sizer'><\/div><figure class='av-inner-masonry main_color'><div class=\"av-masonry-outerimage-container\"><div class='av-masonry-image-container'  ><img decoding=\"async\" width=\"497\" height=\"705\" fetchpriority=\"high\" class=\"wp-image-792 avia-img-lazy-loading-not-792\"  src=\"https:\/\/klett.cz\/direkt\/wp-content\/uploads\/2022\/04\/direkt-2-testy.png\" title=\"Uk\u00e1zka test\u016f k Direkt interaktiv 2\" alt=\"\" srcset=\"https:\/\/klett.cz\/direkt\/wp-content\/uploads\/2022\/04\/direkt-2-testy.png 497w, https:\/\/klett.cz\/direkt\/wp-content\/uploads\/2022\/04\/direkt-2-testy-211x300.png 211w\" sizes=\"(max-width: 497px) 100vw, 497px\" \/><\/div><\/div><figcaption class='av-inner-masonry-content site-background'><div class='av-inner-masonry-content-pos'><div class='av-inner-masonry-content-pos-content'><div class='avia-arrow'><\/div><h3 class='av-masonry-entry-title entry-title '  itemprop=\"headline\" >Uk\u00e1zka test\u016f k Direkt interaktiv 2<\/h3><\/div><\/div><\/figcaption><\/figure><\/a><!--end av-masonry entry--><\/div><\/div>\n<section  class='av_textblock_section av-l1vwnuzc-311db3dfb1eeb93abf50ea86a6f71c99 '   itemscope=\"itemscope\" itemtype=\"https:\/\/schema.org\/CreativeWork\" ><div class='avia_textblock'  itemprop=\"text\" ><h3 style=\"text-align: center;\">Dal\u0161\u00ed uk\u00e1zky k Direkt interaktiv 2<\/h3>\n<\/div><\/section>\n<div id='av-masonry-2' class='av-masonry av-l1vwooam-8023319cc05e15141aaae68df6c196a0 noHover av-flex-size av-large-gap av-hover-overlay-active av-masonry-animation-active av-masonry-col-flexible av-caption-always av-caption-style- av-masonry-gallery ' data-post_id=\"787\"><div class=\"av-masonry-container isotope av-js-disabled\"><div class='av-masonry-entry isotope-item av-masonry-item-no-image '><\/div><a href=\"https:\/\/klett.cz\/direkt\/wp-content\/uploads\/2022\/04\/direkt-interaktiv-2-prekladova-cviceni-ukazka.pdf\"  aria-label=\"image P\u0159ekladov\u00e1 cvi\u010den\u00ed \u2013 uk\u00e1zka\"  target=\"_blank\" rel=\"noopener noreferrer\" id='av-masonry-2-item-790' data-av-masonry-item='790' class='av-masonry-entry isotope-item post-790 attachment type-attachment status-inherit hentry  av-masonry-item-with-image' title=\"P\u0159ekladov\u00e1 cvi\u010den\u00ed \u2013 uk\u00e1zka\" alt=\"\"  data-av-masonry-custom-link=\"https:\/\/klett.cz\/direkt\/wp-content\/uploads\/2022\/04\/direkt-interaktiv-2-prekladova-cviceni-ukazka.pdf\"  itemprop=\"thumbnailUrl\" ><div class='av-inner-masonry-sizer'><\/div><figure class='av-inner-masonry main_color'><div class=\"av-masonry-outerimage-container\"><div class='av-masonry-image-container'  ><img decoding=\"async\" width=\"497\" height=\"705\" fetchpriority=\"high\" class=\"wp-image-790 avia-img-lazy-loading-not-790\"  src=\"https:\/\/klett.cz\/direkt\/wp-content\/uploads\/2022\/04\/direkt-2-cviceni.png\" title=\"P\u0159ekladov\u00e1 cvi\u010den\u00ed \u2013 uk\u00e1zka\" alt=\"\" srcset=\"https:\/\/klett.cz\/direkt\/wp-content\/uploads\/2022\/04\/direkt-2-cviceni.png 497w, https:\/\/klett.cz\/direkt\/wp-content\/uploads\/2022\/04\/direkt-2-cviceni-211x300.png 211w\" sizes=\"(max-width: 497px) 100vw, 497px\" \/><\/div><\/div><figcaption class='av-inner-masonry-content site-background'><div class='av-inner-masonry-content-pos'><div class='av-inner-masonry-content-pos-content'><div class='avia-arrow'><\/div><h3 class='av-masonry-entry-title entry-title '  itemprop=\"headline\" >P\u0159ekladov\u00e1 cvi\u010den\u00ed \u2013 uk\u00e1zka<\/h3><\/div><\/div><\/figcaption><\/figure><\/a><!--end av-masonry entry--><div id='av-masonry-2-item-808' data-av-masonry-item='808' class='av-masonry-entry isotope-item post-808 attachment type-attachment status-inherit hentry  av-masonry-item-with-image'    itemprop=\"thumbnailUrl\" ><div class='av-inner-masonry-sizer'><\/div><figure class='av-inner-masonry main_color'><div class=\"av-masonry-outerimage-container\"><div class='av-masonry-image-container'  ><img decoding=\"async\" width=\"497\" height=\"705\" fetchpriority=\"high\" class=\"wp-image-808 avia-img-lazy-loading-not-808\"  src=\"https:\/\/klett.cz\/direkt\/wp-content\/uploads\/2022\/04\/direkt-interaktiv-2-pl.png\" title=\"Uk\u00e1zka pracovn\u00edch list\u016f\" alt=\"\" srcset=\"https:\/\/klett.cz\/direkt\/wp-content\/uploads\/2022\/04\/direkt-interaktiv-2-pl.png 497w, https:\/\/klett.cz\/direkt\/wp-content\/uploads\/2022\/04\/direkt-interaktiv-2-pl-211x300.png 211w\" sizes=\"(max-width: 497px) 100vw, 497px\" \/><\/div><\/div><figcaption class='av-inner-masonry-content site-background'><div class='av-inner-masonry-content-pos'><div class='av-inner-masonry-content-pos-content'><div class='avia-arrow'><\/div><h3 class='av-masonry-entry-title entry-title '  itemprop=\"headline\" >Uk\u00e1zka pracovn\u00edch list\u016f<\/h3><\/div><\/div><\/figcaption><\/figure><\/div><!--end av-masonry entry--><a href=\"https:\/\/klett.cz\/direkt\/wp-content\/uploads\/2020\/02\/Obsahy_Direkt_interaktiv_150dpi.pdf\"  aria-label=\"image Direkt interaktiv \u2013 obsah 1.-3. d\u00edl\"  target=\"_blank\" rel=\"noopener noreferrer\" id='av-masonry-2-item-802' data-av-masonry-item='802' class='av-masonry-entry isotope-item post-802 attachment type-attachment status-inherit hentry  av-masonry-item-with-image' title=\"Direkt interaktiv \u2013 obsah 1.-3. d\u00edl\" alt=\"\"  data-av-masonry-custom-link=\"https:\/\/klett.cz\/direkt\/wp-content\/uploads\/2020\/02\/Obsahy_Direkt_interaktiv_150dpi.pdf\"  itemprop=\"thumbnailUrl\" ><div class='av-inner-masonry-sizer'><\/div><figure class='av-inner-masonry main_color'><div class=\"av-masonry-outerimage-container\"><div class='av-masonry-image-container'  ><img decoding=\"async\" width=\"497\" height=\"705\" fetchpriority=\"high\" class=\"wp-image-802 avia-img-lazy-loading-not-802\"  src=\"https:\/\/klett.cz\/direkt\/wp-content\/uploads\/2022\/04\/Direkt-interaktiv-obsah-1-3.png\" title=\"Direkt interaktiv \u2013 obsah 1.-3. d\u00edl\" alt=\"\" srcset=\"https:\/\/klett.cz\/direkt\/wp-content\/uploads\/2022\/04\/Direkt-interaktiv-obsah-1-3.png 497w, https:\/\/klett.cz\/direkt\/wp-content\/uploads\/2022\/04\/Direkt-interaktiv-obsah-1-3-211x300.png 211w\" sizes=\"(max-width: 497px) 100vw, 497px\" \/><\/div><\/div><figcaption class='av-inner-masonry-content site-background'><div class='av-inner-masonry-content-pos'><div class='av-inner-masonry-content-pos-content'><div class='avia-arrow'><\/div><h3 class='av-masonry-entry-title entry-title '  itemprop=\"headline\" >Direkt interaktiv \u2013 obsah 1.-3. d\u00edl<\/h3><\/div><\/div><\/figcaption><\/figure><\/a><!--end av-masonry entry--><a href=\"https:\/\/klett.cz\/direkt\/wp-content\/uploads\/2020\/05\/Direkt-interaktiv-1-3-SVP_aktualizovany.docx\"  aria-label=\"image \u0160VP k 1.-3. d\u00edlu v MS doc\"  target=\"_blank\" rel=\"noopener noreferrer\" id='av-masonry-2-item-803' data-av-masonry-item='803' class='av-masonry-entry isotope-item post-803 attachment type-attachment status-inherit hentry  av-masonry-item-with-image' title=\"\u0160VP k 1.-3. d\u00edlu v MS doc\" alt=\"\"  data-av-masonry-custom-link=\"https:\/\/klett.cz\/direkt\/wp-content\/uploads\/2020\/05\/Direkt-interaktiv-1-3-SVP_aktualizovany.docx\"  itemprop=\"thumbnailUrl\" ><div class='av-inner-masonry-sizer'><\/div><figure class='av-inner-masonry main_color'><div class=\"av-masonry-outerimage-container\"><div class='av-masonry-image-container'  ><img decoding=\"async\" width=\"497\" height=\"705\" fetchpriority=\"high\" class=\"wp-image-803 avia-img-lazy-loading-not-803\"  src=\"https:\/\/klett.cz\/direkt\/wp-content\/uploads\/2022\/04\/Direkt-interaktiv-SVP-1-3.png\" title=\"\u0160VP k 1.-3. d\u00edlu v MS doc\" alt=\"\" srcset=\"https:\/\/klett.cz\/direkt\/wp-content\/uploads\/2022\/04\/Direkt-interaktiv-SVP-1-3.png 497w, https:\/\/klett.cz\/direkt\/wp-content\/uploads\/2022\/04\/Direkt-interaktiv-SVP-1-3-211x300.png 211w\" sizes=\"(max-width: 497px) 100vw, 497px\" \/><\/div><\/div><figcaption class='av-inner-masonry-content site-background'><div class='av-inner-masonry-content-pos'><div class='av-inner-masonry-content-pos-content'><div class='avia-arrow'><\/div><h3 class='av-masonry-entry-title entry-title '  itemprop=\"headline\" >\u0160VP k 1.-3. d\u00edlu v MS doc<\/h3><\/div><\/div><\/figcaption><\/figure><\/a><!--end av-masonry entry--><a href=\"https:\/\/klett.cz\/direkt\/wp-content\/uploads\/2022\/04\/SVP-direkt-interaktiv.pdf\"  aria-label=\"image \u0160VP k 1.-3. d\u00edlu v PDF\"  target=\"_blank\" rel=\"noopener noreferrer\" id='av-masonry-2-item-804' data-av-masonry-item='804' class='av-masonry-entry isotope-item post-804 attachment type-attachment status-inherit hentry  av-masonry-item-with-image' title=\"\u0160VP k 1.-3. d\u00edlu v PDF\" alt=\"\"  data-av-masonry-custom-link=\"https:\/\/klett.cz\/direkt\/wp-content\/uploads\/2022\/04\/SVP-direkt-interaktiv.pdf\"  itemprop=\"thumbnailUrl\" ><div class='av-inner-masonry-sizer'><\/div><figure class='av-inner-masonry main_color'><div class=\"av-masonry-outerimage-container\"><div class='av-masonry-image-container'  ><img decoding=\"async\" width=\"497\" height=\"705\" fetchpriority=\"high\" class=\"wp-image-804 avia-img-lazy-loading-not-804\"  src=\"https:\/\/klett.cz\/direkt\/wp-content\/uploads\/2022\/04\/Direkt-interaktiv-SVP-1-3-1.png\" title=\"\u0160VP k 1.-3. d\u00edlu v PDF\" alt=\"\" srcset=\"https:\/\/klett.cz\/direkt\/wp-content\/uploads\/2022\/04\/Direkt-interaktiv-SVP-1-3-1.png 497w, https:\/\/klett.cz\/direkt\/wp-content\/uploads\/2022\/04\/Direkt-interaktiv-SVP-1-3-1-211x300.png 211w\" sizes=\"(max-width: 497px) 100vw, 497px\" \/><\/div><\/div><figcaption class='av-inner-masonry-content site-background'><div class='av-inner-masonry-content-pos'><div class='av-inner-masonry-content-pos-content'><div class='avia-arrow'><\/div><h3 class='av-masonry-entry-title entry-title '  itemprop=\"headline\" >\u0160VP k 1.-3. d\u00edlu v PDF<\/h3><\/div><\/div><\/figcaption><\/figure><\/a><!--end av-masonry entry--><\/div><\/div>\n","protected":false},"excerpt":{"rendered":"","protected":false},"author":3,"featured_media":0,"parent":0,"menu_order":0,"comment_status":"closed","ping_status":"closed","template":"","meta":{"_exactmetrics_skip_tracking":false,"_exactmetrics_sitenote_active":false,"_exactmetrics_sitenote_note":"","_exactmetrics_sitenote_category":0,"footnotes":""},"class_list":["post-787","page","type-page","status-publish","hentry"],"_links":{"self":[{"href":"https:\/\/klett.cz\/direkt\/wp-json\/wp\/v2\/pages\/787","targetHints":{"allow":["GET"]}}],"collection":[{"href":"https:\/\/klett.cz\/direkt\/wp-json\/wp\/v2\/pages"}],"about":[{"href":"https:\/\/klett.cz\/direkt\/wp-json\/wp\/v2\/types\/page"}],"author":[{"embeddable":true,"href":"https:\/\/klett.cz\/direkt\/wp-json\/wp\/v2\/users\/3"}],"replies":[{"embeddable":true,"href":"https:\/\/klett.cz\/direkt\/wp-json\/wp\/v2\/comments?post=787"}],"version-history":[{"count":12,"href":"https:\/\/klett.cz\/direkt\/wp-json\/wp\/v2\/pages\/787\/revisions"}],"predecessor-version":[{"id":831,"href":"https:\/\/klett.cz\/direkt\/wp-json\/wp\/v2\/pages\/787\/revisions\/831"}],"wp:attachment":[{"href":"https:\/\/klett.cz\/direkt\/wp-json\/wp\/v2\/media?parent=787"}],"curies":[{"name":"wp","href":"https:\/\/api.w.org\/{rel}","templated":true}]}}