{"id":669,"date":"2021-11-22T11:11:19","date_gmt":"2021-11-22T10:11:19","guid":{"rendered":"https:\/\/klett.cz\/direkt\/?page_id=669"},"modified":"2022-01-10T09:14:09","modified_gmt":"2022-01-10T08:14:09","slug":"kahoot-k-14-lekci-direkt-interaktiv","status":"publish","type":"page","link":"https:\/\/klett.cz\/direkt\/kahoot-k-14-lekci-direkt-interaktiv\/","title":{"rendered":"Kahoot! k 14. lekci Direkt interaktiv 2"},"content":{"rendered":"\n<style type=\"text\/css\" data-created_by=\"avia_inline_auto\" id=\"style-css-av-zb6jy-f10f8d3afedd05d826141fc8eea77f7f\">\n.flex_column.av-zb6jy-f10f8d3afedd05d826141fc8eea77f7f{\nborder-radius:0px 0px 0px 0px;\npadding:0px 0px 0px 0px;\n}\n<\/style>\n<div  class='flex_column av-zb6jy-f10f8d3afedd05d826141fc8eea77f7f av_one_full  avia-builder-el-0  el_before_av_one_full  avia-builder-el-first  first flex_column_div av-zero-column-padding  '     ><p>\n<style type=\"text\/css\" data-created_by=\"avia_inline_auto\" id=\"style-css-av-k38tzf9i-a855a7e75cd04d1c366097f718686b83\">\n.avia-image-container.av-k38tzf9i-a855a7e75cd04d1c366097f718686b83 img.avia_image{\nbox-shadow:none;\n}\n.avia-image-container.av-k38tzf9i-a855a7e75cd04d1c366097f718686b83 .av-image-caption-overlay-center{\ncolor:#ffffff;\n}\n<\/style>\n<div  class='avia-image-container av-k38tzf9i-a855a7e75cd04d1c366097f718686b83 av-styling- avia-align-center  avia-builder-el-1  el_before_av_hr  avia-builder-el-first '   itemprop=\"image\" itemscope=\"itemscope\" itemtype=\"https:\/\/schema.org\/ImageObject\" ><div class=\"avia-image-container-inner\"><div class=\"avia-image-overlay-wrap\"><img decoding=\"async\" fetchpriority=\"high\" class='wp-image-267 avia-img-lazy-loading-not-267 avia_image ' src=\"https:\/\/klett.cz\/direkt\/wp-content\/uploads\/2019\/11\/1280px-Kahoot_Logo.svg_-300x102.png\" alt='' title='1280px-Kahoot_Logo.svg_'  height=\"102\" width=\"300\"  itemprop=\"thumbnailUrl\" srcset=\"https:\/\/klett.cz\/direkt\/wp-content\/uploads\/2019\/11\/1280px-Kahoot_Logo.svg_-300x102.png 300w, https:\/\/klett.cz\/direkt\/wp-content\/uploads\/2019\/11\/1280px-Kahoot_Logo.svg_-768x262.png 768w, https:\/\/klett.cz\/direkt\/wp-content\/uploads\/2019\/11\/1280px-Kahoot_Logo.svg_-1030x351.png 1030w, https:\/\/klett.cz\/direkt\/wp-content\/uploads\/2019\/11\/1280px-Kahoot_Logo.svg_.png 1280w, https:\/\/klett.cz\/direkt\/wp-content\/uploads\/2019\/11\/1280px-Kahoot_Logo.svg_-705x240.png 705w, https:\/\/klett.cz\/direkt\/wp-content\/uploads\/2019\/11\/1280px-Kahoot_Logo.svg_-450x153.png 450w\" sizes=\"(max-width: 300px) 100vw, 300px\" \/><\/div><\/div><\/div><br \/>\n\n<style type=\"text\/css\" data-created_by=\"avia_inline_auto\" id=\"style-css-av-k38u05lj-99752b46ea943530e6a100015dbb625c\">\n#top .hr.hr-invisible.av-k38u05lj-99752b46ea943530e6a100015dbb625c{\nheight:50px;\n}\n<\/style>\n<div  class='hr av-k38u05lj-99752b46ea943530e6a100015dbb625c hr-invisible  avia-builder-el-2  el_after_av_image  el_before_av_textblock '><span class='hr-inner '><span class=\"hr-inner-style\"><\/span><\/span><\/div><br \/>\n<section  class='av_textblock_section av-k38tz0yb-dd10985f255037945e16a3cc180fea4b '   itemscope=\"itemscope\" itemtype=\"https:\/\/schema.org\/CreativeWork\" ><div class='avia_textblock'  itemprop=\"text\" ><h1 style=\"text-align: center;\">Z\u00e1bavn\u00e9 kv\u00edzy Kahoot! k 14. lekci u\u010debnice Direkt interaktiv 2<\/h1>\n<\/div><\/section><br \/>\n\n<style type=\"text\/css\" data-created_by=\"avia_inline_auto\" id=\"style-css-av-k38u05lj-99752b46ea943530e6a100015dbb625c\">\n#top .hr.hr-invisible.av-k38u05lj-99752b46ea943530e6a100015dbb625c{\nheight:50px;\n}\n<\/style>\n<div  class='hr av-k38u05lj-99752b46ea943530e6a100015dbb625c hr-invisible  avia-builder-el-4  el_after_av_textblock  el_before_av_image '><span class='hr-inner '><span class=\"hr-inner-style\"><\/span><\/span><\/div><br \/>\n\n<style type=\"text\/css\" data-created_by=\"avia_inline_auto\" id=\"style-css-av-k38u3d9e-698c765fb68b05fc49acab1525a37770\">\n.avia-image-container.av-k38u3d9e-698c765fb68b05fc49acab1525a37770 img.avia_image{\nbox-shadow:none;\n}\n.avia-image-container.av-k38u3d9e-698c765fb68b05fc49acab1525a37770 .av-image-caption-overlay-center{\ncolor:#ffffff;\n}\n<\/style>\n<div  class='avia-image-container av-k38u3d9e-698c765fb68b05fc49acab1525a37770 av-styling- avia-align-center  avia-builder-el-5  el_after_av_hr  avia-builder-el-last '   itemprop=\"image\" itemscope=\"itemscope\" itemtype=\"https:\/\/schema.org\/ImageObject\" ><div class=\"avia-image-container-inner\"><div class=\"avia-image-overlay-wrap\"><img decoding=\"async\" fetchpriority=\"high\" class='wp-image-671 avia-img-lazy-loading-not-671 avia_image ' src=\"https:\/\/klett.cz\/direkt\/wp-content\/uploads\/2021\/09\/kahoot-14.png\" alt='' title='kahoot-14'  height=\"600\" width=\"379\"  itemprop=\"thumbnailUrl\" srcset=\"https:\/\/klett.cz\/direkt\/wp-content\/uploads\/2021\/09\/kahoot-14.png 379w, https:\/\/klett.cz\/direkt\/wp-content\/uploads\/2021\/09\/kahoot-14-190x300.png 190w\" sizes=\"(max-width: 379px) 100vw, 379px\" \/><\/div><\/div><\/div><\/p><\/div>\n\n<style type=\"text\/css\" data-created_by=\"avia_inline_auto\" id=\"style-css-av-77dph-2c5140d3fbc5f77b9e9e1462e779f8ed\">\n.flex_column.av-77dph-2c5140d3fbc5f77b9e9e1462e779f8ed{\nborder-radius:0px 0px 0px 0px;\npadding:0px 0px 0px 0px;\n}\n<\/style>\n<div  class='flex_column av-77dph-2c5140d3fbc5f77b9e9e1462e779f8ed av_one_full  avia-builder-el-6  el_after_av_one_full  el_before_av_one_full  first flex_column_div av-zero-column-padding  column-top-margin'     ><section  class='av_textblock_section av-ktsy8ih2-eafa60ba9ba09e6854e699bee35e1741 '   itemscope=\"itemscope\" itemtype=\"https:\/\/schema.org\/CreativeWork\" ><div class='avia_textblock'  itemprop=\"text\" ><h1 style=\"text-align: center;\">Kahoot! \u2013 Grammatik<\/h1>\n<h3 style=\"text-align: center;\"><a href=\"https:\/\/create.kahoot.it\/details\/71847f1b-878a-4fb5-834e-d47de201960f\" target=\"_blank\" rel=\"noopener\"><span data-sheets-value=\"{\" data-sheets-userformat=\"{\">Spojky s nep\u0159\u00edm\u00fdm po\u0159\u00e1dkem slov<\/span><\/a><\/h3>\n<h3 style=\"text-align: center;\"><a href=\"https:\/\/create.kahoot.it\/details\/8863a6f0-f92f-4d6e-aa48-5966ad5c44a8\" target=\"_blank\" rel=\"noopener\"><span data-sheets-value=\"{\" data-sheets-userformat=\"{\">Popis osoby a sklo\u0148ov\u00e1n\u00ed p\u0159\u00eddavn\u00fdch jmen<\/span><\/a><\/h3>\n<h3 style=\"text-align: center;\"><a href=\"https:\/\/create.kahoot.it\/details\/f414904f-c893-4b9d-a145-15392e6f9a7f\" target=\"_blank\" rel=\"noopener\"><span data-sheets-value=\"{\" data-sheets-userformat=\"{\">Spojky v\u011bty hlavn\u00ed<\/span><\/a><\/h3>\n<h3 style=\"text-align: center;\"><a href=\"https:\/\/create.kahoot.it\/details\/d5714f7e-1905-4ee5-b5de-159fd4e15e62\" target=\"_blank\" rel=\"noopener\"><span data-sheets-value=\"{\" data-sheets-userformat=\"{\">Krankheiten und Unf\u00e4lle \u2013 minul\u00e9 \u010dasy<\/span><\/a><\/h3>\n<h3 style=\"text-align: center;\"><a href=\"https:\/\/create.kahoot.it\/details\/6d217b52-6fbf-4bc9-9bc9-6a8405231dfd\" target=\"_blank\" rel=\"noopener\"><span data-sheets-value=\"{\" data-sheets-userformat=\"{\">Beim Arzt \u2013 minul\u00e9 \u010dasy<\/span><\/a><\/h3>\n<\/div><\/section><\/div>\n\n<style type=\"text\/css\" data-created_by=\"avia_inline_auto\" id=\"style-css-av-77dph-2c5140d3fbc5f77b9e9e1462e779f8ed\">\n.flex_column.av-77dph-2c5140d3fbc5f77b9e9e1462e779f8ed{\nborder-radius:0px 0px 0px 0px;\npadding:0px 0px 0px 0px;\n}\n<\/style>\n<div  class='flex_column av-77dph-2c5140d3fbc5f77b9e9e1462e779f8ed av_one_full  avia-builder-el-8  el_after_av_one_full  el_before_av_one_full  first flex_column_div av-zero-column-padding  column-top-margin'     ><section  class='av_textblock_section av-ktsy8ih2-eafa60ba9ba09e6854e699bee35e1741 '   itemscope=\"itemscope\" itemtype=\"https:\/\/schema.org\/CreativeWork\" ><div class='avia_textblock'  itemprop=\"text\" ><h1 style=\"text-align: center;\">Kahoot! \u2013 Wortschatz<\/h1>\n<h3 style=\"text-align: center;\"><a href=\"https:\/\/create.kahoot.it\/details\/03af1515-447b-49e9-adb3-4f2e1ea9c472\" target=\"_blank\" rel=\"noopener\"><span data-sheets-value=\"{\" data-sheets-userformat=\"{\">Beim Arzt 1<\/span><\/a><\/h3>\n<h3 style=\"text-align: center;\"><a href=\"https:\/\/create.kahoot.it\/details\/c9233de6-927c-4889-93e6-05245d0015d7\" target=\"_blank\" rel=\"noopener\"><span data-sheets-value=\"{\" data-sheets-userformat=\"{\">Beim Arzt 2<\/span><\/a><\/h3>\n<h3 style=\"text-align: center;\"><a href=\"https:\/\/create.kahoot.it\/details\/6b14b63a-d0e5-44a5-a0f6-ac7d8158968b\" target=\"_blank\" rel=\"noopener\"><span data-sheets-value=\"{\" data-sheets-userformat=\"{\">K\u00f6rperteile 1 \u2013 Kopf<\/span><\/a><\/h3>\n<h3 style=\"text-align: center;\"><a href=\"https:\/\/create.kahoot.it\/details\/09d22e0b-6526-4f90-8c94-795f17b702f7\" target=\"_blank\" rel=\"noopener\"><span data-sheets-value=\"{\" data-sheets-userformat=\"{\">K\u00f6rperteile 2 \u2013 Oberk\u00f6rper + Unterk\u00f6rper<\/span><\/a><\/h3>\n<h3 style=\"text-align: center;\"><a href=\"https:\/\/create.kahoot.it\/details\/9ee53633-7ad8-40bf-a9a1-c223782f3586\" target=\"_blank\" rel=\"noopener\"><span data-sheets-value=\"{\" data-sheets-userformat=\"{\">Krankheiten<\/span><\/a><\/h3>\n<h3 style=\"text-align: center;\"><a href=\"https:\/\/create.kahoot.it\/details\/c0488194-b322-485f-96e1-1ae089440a60\" target=\"_blank\" rel=\"noopener\"><span data-sheets-value=\"{\" data-sheets-userformat=\"{\">In der Apotheke<\/span><\/a><\/h3>\n<h3 style=\"text-align: center;\"><a href=\"https:\/\/create.kahoot.it\/details\/54861ecb-31d7-4589-bf31-f722e399310e\" target=\"_blank\" rel=\"noopener\"><span data-sheets-value=\"{\" data-sheets-userformat=\"{\">Ratschl\u00e4ge<\/span><\/a><\/h3>\n<\/div><\/section><\/div>\n\n<style type=\"text\/css\" data-created_by=\"avia_inline_auto\" id=\"style-css-av-77dph-2c5140d3fbc5f77b9e9e1462e779f8ed\">\n.flex_column.av-77dph-2c5140d3fbc5f77b9e9e1462e779f8ed{\nborder-radius:0px 0px 0px 0px;\npadding:0px 0px 0px 0px;\n}\n<\/style>\n<div  class='flex_column av-77dph-2c5140d3fbc5f77b9e9e1462e779f8ed av_one_full  avia-builder-el-10  el_after_av_one_full  el_before_av_one_full  first flex_column_div av-zero-column-padding  column-top-margin'     ><section  class='av_textblock_section av-ktsy8ih2-eafa60ba9ba09e6854e699bee35e1741 '   itemscope=\"itemscope\" itemtype=\"https:\/\/schema.org\/CreativeWork\" ><div class='avia_textblock'  itemprop=\"text\" ><h1 style=\"text-align: center;\"><a href=\"https:\/\/create.kahoot.it\/details\/49d0e69c-67b9-49e1-9d59-4a3b5ed6c9cc\" target=\"_blank\" rel=\"noopener\">Kahoot! \u2013 Wiederholung<\/a><\/h1>\n<\/div><\/section><\/div>\n<div  class='flex_column av-av_one_full-a93934ecd89fbb8a9566d39e89cd3725 av_one_full  avia-builder-el-12  el_after_av_one_full  el_before_av_one_half  first flex_column_div  column-top-margin'     ><\/div>\n<div  class='flex_column av-av_one_half-a93934ecd89fbb8a9566d39e89cd3725 av_one_half  avia-builder-el-13  el_after_av_one_full  el_before_av_one_half  first flex_column_div  column-top-margin'     ><div  class='avia-button-wrap av-ky8er8nw-fc313a3182e3f52cbd0bf517e22a011a-wrap avia-button-right  avia-builder-el-14  avia-builder-el-no-sibling '><a href='https:\/\/klett.cz\/direkt\/online-kvizy-kahoot\/'  class='avia-button av-ky8er8nw-fc313a3182e3f52cbd0bf517e22a011a av-link-btn avia-icon_select-no avia-size-x-large avia-position-right avia-color-theme-color'   aria-label=\"ZP\u011aT NA V\u00ddPIS KAHOOT!\"><span class='avia_iconbox_title' >ZP\u011aT NA V\u00ddPIS KAHOOT!<\/span><\/a><\/div><\/div><div  class='flex_column av-av_one_half-d06667205e6186ec8414c6eb7605d406 av_one_half  avia-builder-el-15  el_after_av_one_half  avia-builder-el-last  flex_column_div  column-top-margin'     ><div  class='avia-button-wrap av-ky8eq6gg-c644c113eb25f49a71ab7e11c37b23e9-wrap avia-button-left  avia-builder-el-16  avia-builder-el-no-sibling '><a href='https:\/\/klett.cz\/direkt\/kahoot-k-15-lekci-direkt-interaktiv\/'  class='avia-button av-ky8eq6gg-c644c113eb25f49a71ab7e11c37b23e9 av-link-btn avia-icon_select-no avia-size-x-large avia-position-left avia-color-theme-color'   aria-label=\"P\u0158EJ\u00cdT NA KAHOOT! K 15. LEKCI\"><span class='avia_iconbox_title' >P\u0158EJ\u00cdT NA KAHOOT! K 15. LEKCI<\/span><\/a><\/div><\/div><\/p>\n","protected":false},"excerpt":{"rendered":"","protected":false},"author":3,"featured_media":0,"parent":0,"menu_order":0,"comment_status":"closed","ping_status":"closed","template":"","meta":{"_exactmetrics_skip_tracking":false,"_exactmetrics_sitenote_active":false,"_exactmetrics_sitenote_note":"","_exactmetrics_sitenote_category":0,"footnotes":""},"class_list":["post-669","page","type-page","status-publish","hentry"],"_links":{"self":[{"href":"https:\/\/klett.cz\/direkt\/wp-json\/wp\/v2\/pages\/669","targetHints":{"allow":["GET"]}}],"collection":[{"href":"https:\/\/klett.cz\/direkt\/wp-json\/wp\/v2\/pages"}],"about":[{"href":"https:\/\/klett.cz\/direkt\/wp-json\/wp\/v2\/types\/page"}],"author":[{"embeddable":true,"href":"https:\/\/klett.cz\/direkt\/wp-json\/wp\/v2\/users\/3"}],"replies":[{"embeddable":true,"href":"https:\/\/klett.cz\/direkt\/wp-json\/wp\/v2\/comments?post=669"}],"version-history":[{"count":7,"href":"https:\/\/klett.cz\/direkt\/wp-json\/wp\/v2\/pages\/669\/revisions"}],"predecessor-version":[{"id":702,"href":"https:\/\/klett.cz\/direkt\/wp-json\/wp\/v2\/pages\/669\/revisions\/702"}],"wp:attachment":[{"href":"https:\/\/klett.cz\/direkt\/wp-json\/wp\/v2\/media?parent=669"}],"curies":[{"name":"wp","href":"https:\/\/api.w.org\/{rel}","templated":true}]}}