{"id":622,"date":"2021-09-03T19:20:36","date_gmt":"2021-09-03T17:20:36","guid":{"rendered":"https:\/\/klett.cz\/direkt\/?page_id=622"},"modified":"2022-01-24T19:12:45","modified_gmt":"2022-01-24T18:12:45","slug":"kahoot-k-10-lekci-direkt-interaktiv-1","status":"publish","type":"page","link":"https:\/\/klett.cz\/direkt\/kahoot-k-10-lekci-direkt-interaktiv-1\/","title":{"rendered":"Kahoot! k 10. lekci Direkt interaktiv 1"},"content":{"rendered":"\n<style type=\"text\/css\" data-created_by=\"avia_inline_auto\" id=\"style-css-av-zb6jy-f10f8d3afedd05d826141fc8eea77f7f\">\n.flex_column.av-zb6jy-f10f8d3afedd05d826141fc8eea77f7f{\nborder-radius:0px 0px 0px 0px;\npadding:0px 0px 0px 0px;\n}\n<\/style>\n<div  class='flex_column av-zb6jy-f10f8d3afedd05d826141fc8eea77f7f av_one_full  avia-builder-el-0  el_before_av_one_full  avia-builder-el-first  first flex_column_div av-zero-column-padding  '     ><p>\n<style type=\"text\/css\" data-created_by=\"avia_inline_auto\" id=\"style-css-av-k38tzf9i-a855a7e75cd04d1c366097f718686b83\">\n.avia-image-container.av-k38tzf9i-a855a7e75cd04d1c366097f718686b83 img.avia_image{\nbox-shadow:none;\n}\n.avia-image-container.av-k38tzf9i-a855a7e75cd04d1c366097f718686b83 .av-image-caption-overlay-center{\ncolor:#ffffff;\n}\n<\/style>\n<div  class='avia-image-container av-k38tzf9i-a855a7e75cd04d1c366097f718686b83 av-styling- avia-align-center  avia-builder-el-1  el_before_av_hr  avia-builder-el-first '   itemprop=\"image\" itemscope=\"itemscope\" itemtype=\"https:\/\/schema.org\/ImageObject\" ><div class=\"avia-image-container-inner\"><div class=\"avia-image-overlay-wrap\"><img decoding=\"async\" fetchpriority=\"high\" class='wp-image-267 avia-img-lazy-loading-not-267 avia_image ' src=\"https:\/\/klett.cz\/direkt\/wp-content\/uploads\/2019\/11\/1280px-Kahoot_Logo.svg_-300x102.png\" alt='' title='1280px-Kahoot_Logo.svg_'  height=\"102\" width=\"300\"  itemprop=\"thumbnailUrl\" srcset=\"https:\/\/klett.cz\/direkt\/wp-content\/uploads\/2019\/11\/1280px-Kahoot_Logo.svg_-300x102.png 300w, https:\/\/klett.cz\/direkt\/wp-content\/uploads\/2019\/11\/1280px-Kahoot_Logo.svg_-768x262.png 768w, https:\/\/klett.cz\/direkt\/wp-content\/uploads\/2019\/11\/1280px-Kahoot_Logo.svg_-1030x351.png 1030w, https:\/\/klett.cz\/direkt\/wp-content\/uploads\/2019\/11\/1280px-Kahoot_Logo.svg_.png 1280w, https:\/\/klett.cz\/direkt\/wp-content\/uploads\/2019\/11\/1280px-Kahoot_Logo.svg_-705x240.png 705w, https:\/\/klett.cz\/direkt\/wp-content\/uploads\/2019\/11\/1280px-Kahoot_Logo.svg_-450x153.png 450w\" sizes=\"(max-width: 300px) 100vw, 300px\" \/><\/div><\/div><\/div><br \/>\n\n<style type=\"text\/css\" data-created_by=\"avia_inline_auto\" id=\"style-css-av-k38u05lj-99752b46ea943530e6a100015dbb625c\">\n#top .hr.hr-invisible.av-k38u05lj-99752b46ea943530e6a100015dbb625c{\nheight:50px;\n}\n<\/style>\n<div  class='hr av-k38u05lj-99752b46ea943530e6a100015dbb625c hr-invisible  avia-builder-el-2  el_after_av_image  el_before_av_textblock '><span class='hr-inner '><span class=\"hr-inner-style\"><\/span><\/span><\/div><br \/>\n<section  class='av_textblock_section av-k38tz0yb-dd10985f255037945e16a3cc180fea4b '   itemscope=\"itemscope\" itemtype=\"https:\/\/schema.org\/CreativeWork\" ><div class='avia_textblock'  itemprop=\"text\" ><h1 style=\"text-align: center;\">Z\u00e1bavn\u00e9 kv\u00edzy Kahoot! k 10. lekci u\u010debnice Direkt interaktiv 1<\/h1>\n<\/div><\/section><br \/>\n\n<style type=\"text\/css\" data-created_by=\"avia_inline_auto\" id=\"style-css-av-k38u05lj-99752b46ea943530e6a100015dbb625c\">\n#top .hr.hr-invisible.av-k38u05lj-99752b46ea943530e6a100015dbb625c{\nheight:50px;\n}\n<\/style>\n<div  class='hr av-k38u05lj-99752b46ea943530e6a100015dbb625c hr-invisible  avia-builder-el-4  el_after_av_textblock  el_before_av_image '><span class='hr-inner '><span class=\"hr-inner-style\"><\/span><\/span><\/div><br \/>\n\n<style type=\"text\/css\" data-created_by=\"avia_inline_auto\" id=\"style-css-av-k38u3d9e-f52b956c8d265e0d60be5328308f7fab\">\n.avia-image-container.av-k38u3d9e-f52b956c8d265e0d60be5328308f7fab img.avia_image{\nbox-shadow:none;\n}\n.avia-image-container.av-k38u3d9e-f52b956c8d265e0d60be5328308f7fab .av-image-caption-overlay-center{\ncolor:#ffffff;\n}\n<\/style>\n<div  class='avia-image-container av-k38u3d9e-f52b956c8d265e0d60be5328308f7fab av-styling- avia-align-center  avia-builder-el-5  el_after_av_hr  avia-builder-el-last '   itemprop=\"image\" itemscope=\"itemscope\" itemtype=\"https:\/\/schema.org\/ImageObject\" ><div class=\"avia-image-container-inner\"><div class=\"avia-image-overlay-wrap\"><img decoding=\"async\" fetchpriority=\"high\" class='wp-image-624 avia-img-lazy-loading-not-624 avia_image ' src=\"https:\/\/klett.cz\/direkt\/wp-content\/uploads\/2021\/09\/2.png\" alt='' title='DI_kahoot-10'  height=\"600\" width=\"379\"  itemprop=\"thumbnailUrl\" srcset=\"https:\/\/klett.cz\/direkt\/wp-content\/uploads\/2021\/09\/2.png 379w, https:\/\/klett.cz\/direkt\/wp-content\/uploads\/2021\/09\/2-190x300.png 190w\" sizes=\"(max-width: 379px) 100vw, 379px\" \/><\/div><\/div><\/div><\/p><\/div>\n\n<style type=\"text\/css\" data-created_by=\"avia_inline_auto\" id=\"style-css-av-mtia6-ee1543dd2c791f8e03113a4a65d0d0eb\">\n.flex_column.av-mtia6-ee1543dd2c791f8e03113a4a65d0d0eb{\nborder-radius:0px 0px 0px 0px;\npadding:0px 0px 0px 0px;\n}\n<\/style>\n<div  class='flex_column av-mtia6-ee1543dd2c791f8e03113a4a65d0d0eb av_one_full  avia-builder-el-6  el_after_av_one_full  el_before_av_one_full  first flex_column_div av-zero-column-padding  column-top-margin'     ><section  class='av_textblock_section av-k38tuo9s-6c50f1afa3e7e687b836847c5b904ca5 '   itemscope=\"itemscope\" itemtype=\"https:\/\/schema.org\/CreativeWork\" ><div class='avia_textblock'  itemprop=\"text\" ><h1 style=\"text-align: center;\">Kahoot! \u2013\u00a0Grammatik<\/h1>\n<h3 style=\"text-align: center;\"><a href=\"https:\/\/create.kahoot.it\/details\/10-lekce-direkt-interaktiv-1-gramatika-war-hatte\/177a0bd5-9784-42db-a816-b63f79b9e967\" target=\"_blank\" rel=\"noopener\">War\/hatte<\/a><\/h3>\n<h3 style=\"text-align: center;\"><a href=\"https:\/\/create.kahoot.it\/details\/10-lekce-direkt-interaktiv-1-gramatika-prislovecne-urceni-casu\/b2c978ca-5039-4d68-b319-e9a80a4a41ed\" target=\"_blank\" rel=\"noopener\">P\u0159\u00edslove\u010dn\u00e9 ur\u010den\u00ed \u010dasu<\/a><\/h3>\n<h3 class=\"kahoot-title__heading\" style=\"text-align: center;\" data-functional-selector=\"kahoot-title__heading\"><a href=\"https:\/\/create.kahoot.it\/details\/10-lekce-direkt-interaktiv-1-gramatika-perfektum-pravidelnych-sloves-1\/7685397c-90af-40ed-9a1f-341cbb5d90ab\" target=\"_blank\" rel=\"noopener\">Perfektum pravideln\u00fdch sloves 1<\/a><\/h3>\n<h3 class=\"kahoot-title__heading\" style=\"text-align: center;\" data-functional-selector=\"kahoot-title__heading\"><a href=\"https:\/\/create.kahoot.it\/details\/10-lekce-direkt-interaktiv-1-gramatika-perfektum-pravidelnych-sloves-2\/02a83160-af53-4ce2-bfc2-628c3e56fcd6\" target=\"_blank\" rel=\"noopener\">Perfektum pravideln\u00fdch sloves 2<\/a><\/h3>\n<h3 class=\"kahoot-title__heading\" style=\"text-align: center;\" data-functional-selector=\"kahoot-title__heading\"><a href=\"https:\/\/create.kahoot.it\/details\/10-lekce-direkt-interaktiv-1-gramatika-perfektum-pravidelnych-sloves-3\/6e838a5d-9578-44ae-8828-875578b95e7e\" target=\"_blank\" rel=\"noopener\">Perfektum pravideln\u00fdch sloves 3<\/a><\/h3>\n<h3 style=\"text-align: center;\"><a href=\"https:\/\/create.kahoot.it\/details\/10-lekce-direkt-interaktiv-1-gramatika-min-casy-haben-sein-nepravidelna-slovesa\/62d3bd01-2639-469b-9c00-556bd604a618\" target=\"_blank\" rel=\"noopener\">Minul\u00e9 \u010dasy \u2013 haben\/sein &#8211; nepravideln\u00e1 slovesa<\/a><\/h3>\n<h3 style=\"text-align: center;\"><a href=\"https:\/\/create.kahoot.it\/details\/10-lekce-direkt-interaktiv-1-gramatika-min-casy-haben-sein-pravidelna-slovesa\/f64c260f-b051-4c18-8478-9c9a572e9428\" target=\"_blank\" rel=\"noopener\">Minul\u00e9 \u010dasy \u2013 haben\/sein &#8211; pravideln\u00e1 slovesa<\/a><\/h3>\n<h3 style=\"text-align: center;\"><a href=\"https:\/\/create.kahoot.it\/details\/10-lekce-direkt-interaktiv-1-gramatika-min-casy-nepr-tvary-spa-in-osterreich-1-cast\/1efa62e5-39e6-4f5b-b969-c9b2fd63195e\" target=\"_blank\" rel=\"noopener\">Minul\u00e9 \u010dasy \u2013 nepravideln\u00e9 tvary (Spa\u00df in \u00d6sterreich 1.\u010d\u00e1st)<\/a><\/h3>\n<h3 style=\"text-align: center;\"><a href=\"https:\/\/create.kahoot.it\/details\/10-lekce-direkt-interaktiv-1-gramatika-min-casy-nepr-tvary-spa-in-osterreich-2-cast\/a2a2f10f-f45c-4ae6-a640-46ab35da1ef6\" target=\"_blank\" rel=\"noopener\">Minul\u00e9 \u010dasy \u2013 nepravideln\u00e9 tvary (Spa\u00df in \u00d6sterreich 2.\u010d\u00e1st)<\/a><\/h3>\n<\/div><\/section><\/div>\n\n<style type=\"text\/css\" data-created_by=\"avia_inline_auto\" id=\"style-css-av-gurkm-e63eed25c91d6678d59e3ba143447f6b\">\n.flex_column.av-gurkm-e63eed25c91d6678d59e3ba143447f6b{\nborder-radius:0px 0px 0px 0px;\npadding:0px 0px 0px 0px;\n}\n<\/style>\n<div  class='flex_column av-gurkm-e63eed25c91d6678d59e3ba143447f6b av_one_full  avia-builder-el-8  el_after_av_one_full  el_before_av_one_full  first flex_column_div av-zero-column-padding  column-top-margin'     ><section  class='av_textblock_section av-k38tvtpw-1d55b63d64c6a047baa02bfbb69eb60a '   itemscope=\"itemscope\" itemtype=\"https:\/\/schema.org\/CreativeWork\" ><div class='avia_textblock'  itemprop=\"text\" ><h1 style=\"text-align: center;\">Kahoot! \u2013\u00a0Wortschatz<\/h1>\n<h3 class=\"kahoot-title__heading\" style=\"text-align: center;\" data-functional-selector=\"kahoot-title__heading\"><a href=\"https:\/\/create.kahoot.it\/details\/10-lekce-direkt-interaktiv-1-slovni-zasoba-rakousko\/0d086d8f-8eae-4f64-9bfe-82ab31a3760c\" target=\"_blank\" rel=\"noopener\">Rakousko<\/a><\/h3>\n<h3 class=\"kahoot-title__heading\" style=\"text-align: center;\" data-functional-selector=\"kahoot-title__heading\"><a href=\"https:\/\/create.kahoot.it\/details\/10-lekce-direkt-interaktiv-1-slovni-zasoba-winteraktivitaten\/546f9d23-c8ab-49a6-9001-a1ea05dd0ec2\" target=\"_blank\" rel=\"noopener\">Sommeraktivit\u00e4ten<\/a><\/h3>\n<h3 class=\"kahoot-title__heading\" style=\"text-align: center;\" data-functional-selector=\"kahoot-title__heading\"><a href=\"https:\/\/create.kahoot.it\/details\/10-lekce-direkt-interaktiv-1-slovni-zasoba-sommeraktivitaten\/436f9777-9a40-435b-a9bc-03637299e71b\" target=\"_blank\" rel=\"noopener\">Winteraktivit\u00e4ten<\/a><\/h3>\n<\/div><\/section><\/div>\n\n<style type=\"text\/css\" data-created_by=\"avia_inline_auto\" id=\"style-css-av-8aicm-313c5002614bd53aa63629f9e9328f5f\">\n.flex_column.av-8aicm-313c5002614bd53aa63629f9e9328f5f{\nborder-radius:0px 0px 0px 0px;\npadding:0px 0px 0px 0px;\n}\n<\/style>\n<div  class='flex_column av-8aicm-313c5002614bd53aa63629f9e9328f5f av_one_full  avia-builder-el-10  el_after_av_one_full  el_before_av_one_full  first flex_column_div av-zero-column-padding  column-top-margin'     ><section  class='av_textblock_section av-k38twvpn-112d43922774f4b7959e94aa2177075b '   itemscope=\"itemscope\" itemtype=\"https:\/\/schema.org\/CreativeWork\" ><div class='avia_textblock'  itemprop=\"text\" ><h1 style=\"text-align: center;\"><a href=\"https:\/\/create.kahoot.it\/details\/10-lekce-direkt-interaktiv-1-opakovani\/7b9f189b-8d66-4852-b2fb-3a5ca9952bba\">Kahoot! \u2013 Wiederholung<\/a><\/h1>\n<\/div><\/section><\/div>\n\n<style type=\"text\/css\" data-created_by=\"avia_inline_auto\" id=\"style-css-av-8aicm-313c5002614bd53aa63629f9e9328f5f\">\n.flex_column.av-8aicm-313c5002614bd53aa63629f9e9328f5f{\nborder-radius:0px 0px 0px 0px;\npadding:0px 0px 0px 0px;\n}\n<\/style>\n<div  class='flex_column av-8aicm-313c5002614bd53aa63629f9e9328f5f av_one_full  avia-builder-el-12  el_after_av_one_full  el_before_av_one_full  first flex_column_div av-zero-column-padding  column-top-margin'     ><section  class='av_textblock_section av-k38twvpn-318eb1120a1f7cec0fcfd0276ab656f4 '   itemscope=\"itemscope\" itemtype=\"https:\/\/schema.org\/CreativeWork\" ><div class='avia_textblock'  itemprop=\"text\" ><h1 style=\"text-align: center;\">Kahoot! \u2013 Landeskunde<\/h1>\n<h3 style=\"text-align: center;\"><a href=\"https:\/\/create.kahoot.it\/details\/4f6fd122-0865-412f-b7e3-ebcf1f74282b\" target=\"_blank\" rel=\"noopener\">Quiz &#8211; \u00d6sterreich (Hauptst\u00e4dte und Bundesl\u00e4nder)<\/a><\/h3>\n<h3 style=\"text-align: center;\"><a href=\"https:\/\/create.kahoot.it\/details\/4c5a4d70-d5bb-4771-b3df-41cf9c22208c\" target=\"_blank\" rel=\"noopener\">Was wissen Sie \u00fcber Wien? 1<\/a><\/h3>\n<h3 style=\"text-align: center;\"><a href=\"https:\/\/create.kahoot.it\/details\/7e5099d2-ffcc-4987-98fb-ce877c45c420\" target=\"_blank\" rel=\"noopener\">Was wissen Sie \u00fcber Wien? 2<\/a><\/h3>\n<\/div><\/section><\/div><div  class='flex_column av-r0asm-adf8f9d45328af1cf6cc3780151e1187 av_one_full  avia-builder-el-14  el_after_av_one_full  el_before_av_one_half  first flex_column_div  column-top-margin'     ><\/div><\/p>\n<div  class='flex_column av-ju6cu-db307a329d27f5031b22d3afaa47e38d av_one_half  avia-builder-el-15  el_after_av_one_full  el_before_av_one_half  first flex_column_div  column-top-margin'     ><div  class='avia-button-wrap av-gt8ae-8d7dcd06a8770751413f3bd134d043fe-wrap avia-button-right  avia-builder-el-16  avia-builder-el-no-sibling '><a href='https:\/\/klett.cz\/direkt\/online-kvizy-kahoot\/'  class='avia-button av-gt8ae-8d7dcd06a8770751413f3bd134d043fe av-link-btn avia-icon_select-no avia-size-x-large avia-position-right avia-color-theme-color'   aria-label=\"ZP\u011aT NA V\u00ddPIS KAHOOT!\"><span class='avia_iconbox_title' >ZP\u011aT NA V\u00ddPIS KAHOOT!<\/span><\/a><\/div><\/div>\n<div  class='flex_column av-b31g6-fe14bb2b05e08d066cc4b0144f70635b av_one_half  avia-builder-el-17  el_after_av_one_half  avia-builder-el-last  flex_column_div  column-top-margin'     ><div  class='avia-button-wrap av-ky8f1gmd-fd75389b4c8ad8130126315e5508a2be-wrap avia-button-left  avia-builder-el-18  avia-builder-el-no-sibling '><a href='https:\/\/klett.cz\/direkt\/kahoot-k-11-lekci-direkt-interaktiv-2\/'  class='avia-button av-ky8f1gmd-fd75389b4c8ad8130126315e5508a2be av-link-btn avia-icon_select-no avia-size-x-large avia-position-left avia-color-theme-color'   aria-label=\"P\u0158EJ\u00cdT NA KAHOOT! K 11. LEKCI\"><span class='avia_iconbox_title' >P\u0158EJ\u00cdT NA KAHOOT! K 11. LEKCI<\/span><\/a><\/div><\/div>\n","protected":false},"excerpt":{"rendered":"","protected":false},"author":3,"featured_media":0,"parent":0,"menu_order":0,"comment_status":"closed","ping_status":"closed","template":"","meta":{"_exactmetrics_skip_tracking":false,"_exactmetrics_sitenote_active":false,"_exactmetrics_sitenote_note":"","_exactmetrics_sitenote_category":0,"footnotes":""},"class_list":["post-622","page","type-page","status-publish","hentry"],"_links":{"self":[{"href":"https:\/\/klett.cz\/direkt\/wp-json\/wp\/v2\/pages\/622","targetHints":{"allow":["GET"]}}],"collection":[{"href":"https:\/\/klett.cz\/direkt\/wp-json\/wp\/v2\/pages"}],"about":[{"href":"https:\/\/klett.cz\/direkt\/wp-json\/wp\/v2\/types\/page"}],"author":[{"embeddable":true,"href":"https:\/\/klett.cz\/direkt\/wp-json\/wp\/v2\/users\/3"}],"replies":[{"embeddable":true,"href":"https:\/\/klett.cz\/direkt\/wp-json\/wp\/v2\/comments?post=622"}],"version-history":[{"count":10,"href":"https:\/\/klett.cz\/direkt\/wp-json\/wp\/v2\/pages\/622\/revisions"}],"predecessor-version":[{"id":749,"href":"https:\/\/klett.cz\/direkt\/wp-json\/wp\/v2\/pages\/622\/revisions\/749"}],"wp:attachment":[{"href":"https:\/\/klett.cz\/direkt\/wp-json\/wp\/v2\/media?parent=622"}],"curies":[{"name":"wp","href":"https:\/\/api.w.org\/{rel}","templated":true}]}}