{"id":34,"date":"2018-09-26T16:02:32","date_gmt":"2018-09-26T14:02:32","guid":{"rendered":"http:\/\/klett.cz\/direkt\/?page_id=34"},"modified":"2022-04-12T16:12:50","modified_gmt":"2022-04-12T14:12:50","slug":"ukazky-materialy-direkt-interaktiv-1","status":"publish","type":"page","link":"https:\/\/klett.cz\/direkt\/ukazky-materialy-direkt-interaktiv-1\/","title":{"rendered":"Uk\u00e1zky a materi\u00e1ly &#8211; Direkt interaktiv 1"},"content":{"rendered":"<section  class='av_textblock_section av-4w1oi-2ca90ead6fdd21a78d5cf1fc18820e8d '   itemscope=\"itemscope\" itemtype=\"https:\/\/schema.org\/CreativeWork\" ><div class='avia_textblock'  itemprop=\"text\" ><h1 style=\"text-align: center;\">MATERI\u00c1LY KE STA\u017dEN\u00cd A UK\u00c1ZKY Z LEKC\u00cd DIREKT INTERAKTIV<\/h1>\n<p style=\"text-align: center;\">Materi\u00e1ly jsou voln\u011b ke sta\u017een\u00ed \u010di poslechu bez nutnosti registrace a p\u0159ihl\u00e1\u0161en\u00ed. M\u00e1te-li dotazy ke zve\u0159ejn\u011bn\u00fdm materi\u00e1l\u016fm, obra\u0165te se na na\u0161i <strong><a href=\"http:\/\/klett.cz\/direkt\/kontakty\/\">infolinku<\/a>\u00a0<\/strong>nebo n\u00e1m napi\u0161te<strong>\u00a0<a href=\"https:\/\/klett.cz\/direkt\/kontakty\/\">e-mail<\/a>.<\/strong><\/p>\n<\/div><\/section>\n<div  class='hr av-4l0dq-79eaa5cc401f0b3f8f2477cb0ccbcbae hr-default  avia-builder-el-1  el_after_av_textblock  el_before_av_textblock '><span class='hr-inner '><span class=\"hr-inner-style\"><\/span><\/span><\/div>\n<section  class='av_textblock_section av-43yhq-a7c5e7dfb11f317599f42de62e1041e2 '   itemscope=\"itemscope\" itemtype=\"https:\/\/schema.org\/CreativeWork\" ><div class='avia_textblock'  itemprop=\"text\" ><h3 style=\"text-align: center;\">Uk\u00e1zka u\u010debnice s integrovan\u00fdm pracovn\u00edm se\u0161item a uk\u00e1zka cvi\u010debnice Intesivtrainer<\/h3>\n<\/div><\/section>\n<div id='av-masonry-1' class='av-masonry av-35n8a-f33d412e8b8c22066f120adc2fdd3a8e noHover av-flex-size av-large-gap av-hover-overlay-active av-masonry-animation-active av-masonry-col-flexible av-caption-always av-caption-style- av-masonry-gallery ' data-post_id=\"34\"><div class=\"av-masonry-container isotope av-js-disabled\"><div class='av-masonry-entry isotope-item av-masonry-item-no-image '><\/div><a href=\"https:\/\/online.fliphtml5.com\/woejv\/nhrx\/\"  aria-label=\"image Uk\u00e1zka u\u010debnice s pracovn\u00edm se\u0161item\"  target=\"_blank\" rel=\"noopener noreferrer\" id='av-masonry-1-item-104' data-av-masonry-item='104' class='av-masonry-entry isotope-item post-104 attachment type-attachment status-inherit hentry  av-masonry-item-with-image' title=\"Uk\u00e1zka u\u010debnice s pracovn\u00edm se\u0161item\" alt=\"\"  data-av-masonry-custom-link=\"https:\/\/online.fliphtml5.com\/woejv\/nhrx\/\"  itemprop=\"thumbnailUrl\" ><div class='av-inner-masonry-sizer'><\/div><figure class='av-inner-masonry main_color'><div class=\"av-masonry-outerimage-container\"><div class='av-masonry-image-container'  ><img decoding=\"async\" width=\"425\" height=\"600\" fetchpriority=\"high\" class=\"wp-image-104 avia-img-lazy-loading-not-104\"  src=\"https:\/\/klett.cz\/direkt\/wp-content\/uploads\/2019\/03\/DIREKT_1dil_2D.png\" title=\"Uk\u00e1zka u\u010debnice s pracovn\u00edm se\u0161item\" alt=\"\" srcset=\"https:\/\/klett.cz\/direkt\/wp-content\/uploads\/2019\/03\/DIREKT_1dil_2D.png 425w, https:\/\/klett.cz\/direkt\/wp-content\/uploads\/2019\/03\/DIREKT_1dil_2D-213x300.png 213w\" sizes=\"(max-width: 425px) 100vw, 425px\" \/><\/div><\/div><figcaption class='av-inner-masonry-content site-background'><div class='av-inner-masonry-content-pos'><div class='av-inner-masonry-content-pos-content'><div class='avia-arrow'><\/div><h3 class='av-masonry-entry-title entry-title '  itemprop=\"headline\" >Uk\u00e1zka u\u010debnice s pracovn\u00edm se\u0161item<\/h3><\/div><\/div><\/figcaption><\/figure><\/a><!--end av-masonry entry--><a href=\"https:\/\/online.fliphtml5.com\/woejv\/ybmv\/\"  aria-label=\"image Uk\u00e1zka cvi\u010debnice Intensivtrainer\"  target=\"_blank\" rel=\"noopener noreferrer\" id='av-masonry-1-item-110' data-av-masonry-item='110' class='av-masonry-entry isotope-item post-110 attachment type-attachment status-inherit hentry  av-masonry-item-with-image' title=\"Uk\u00e1zka cvi\u010debnice Intensivtrainer\" alt=\"\"  data-av-masonry-custom-link=\"https:\/\/online.fliphtml5.com\/woejv\/ybmv\/\"  itemprop=\"thumbnailUrl\" ><div class='av-inner-masonry-sizer'><\/div><figure class='av-inner-masonry main_color'><div class=\"av-masonry-outerimage-container\"><div class='av-masonry-image-container'  ><img decoding=\"async\" width=\"425\" height=\"600\" fetchpriority=\"high\" class=\"wp-image-110 avia-img-lazy-loading-not-110\"  src=\"https:\/\/klett.cz\/direkt\/wp-content\/uploads\/2019\/03\/V\u00fdst\u0159i\u017eek_Direkt_cvi\u010debnice2.png\" title=\"Uk\u00e1zka cvi\u010debnice Intensivtrainer\" alt=\"\" srcset=\"https:\/\/klett.cz\/direkt\/wp-content\/uploads\/2019\/03\/V\u00fdst\u0159i\u017eek_Direkt_cvi\u010debnice2.png 425w, https:\/\/klett.cz\/direkt\/wp-content\/uploads\/2019\/03\/V\u00fdst\u0159i\u017eek_Direkt_cvi\u010debnice2-213x300.png 213w\" sizes=\"(max-width: 425px) 100vw, 425px\" \/><\/div><\/div><figcaption class='av-inner-masonry-content site-background'><div class='av-inner-masonry-content-pos'><div class='av-inner-masonry-content-pos-content'><div class='avia-arrow'><\/div><h3 class='av-masonry-entry-title entry-title '  itemprop=\"headline\" >Uk\u00e1zka cvi\u010debnice Intensivtrainer<\/h3><\/div><\/div><\/figcaption><\/figure><\/a><!--end av-masonry entry--><a href=\"https:\/\/klett.cz\/direkt\/wp-content\/uploads\/2019\/03\/testy_CB.pdf\"  aria-label=\"image Uk\u00e1zka test\u016f k Direkt interaktiv\"  target=\"_blank\" rel=\"noopener noreferrer\" id='av-masonry-1-item-111' data-av-masonry-item='111' class='av-masonry-entry isotope-item post-111 attachment type-attachment status-inherit hentry  av-masonry-item-with-image' title=\"Uk\u00e1zka test\u016f k Direkt interaktiv\" alt=\"\"  data-av-masonry-custom-link=\"https:\/\/klett.cz\/direkt\/wp-content\/uploads\/2019\/03\/testy_CB.pdf\"  itemprop=\"thumbnailUrl\" ><div class='av-inner-masonry-sizer'><\/div><figure class='av-inner-masonry main_color'><div class=\"av-masonry-outerimage-container\"><div class='av-masonry-image-container'  ><img decoding=\"async\" width=\"425\" height=\"600\" fetchpriority=\"high\" class=\"wp-image-111 avia-img-lazy-loading-not-111\"  src=\"https:\/\/klett.cz\/direkt\/wp-content\/uploads\/2019\/03\/V\u00fdst\u0159i\u017eek_direkt_testy2.png\" title=\"Uk\u00e1zka test\u016f k Direkt interaktiv\" alt=\"\" srcset=\"https:\/\/klett.cz\/direkt\/wp-content\/uploads\/2019\/03\/V\u00fdst\u0159i\u017eek_direkt_testy2.png 425w, https:\/\/klett.cz\/direkt\/wp-content\/uploads\/2019\/03\/V\u00fdst\u0159i\u017eek_direkt_testy2-213x300.png 213w\" sizes=\"(max-width: 425px) 100vw, 425px\" \/><\/div><\/div><figcaption class='av-inner-masonry-content site-background'><div class='av-inner-masonry-content-pos'><div class='av-inner-masonry-content-pos-content'><div class='avia-arrow'><\/div><h3 class='av-masonry-entry-title entry-title '  itemprop=\"headline\" >Uk\u00e1zka test\u016f k Direkt interaktiv<\/h3><\/div><\/div><\/figcaption><\/figure><\/a><!--end av-masonry entry--><\/div><\/div>\n<section  class='av_textblock_section av-2o1ie-ae83f159e4b270dff1b6232c69fa024d '   itemscope=\"itemscope\" itemtype=\"https:\/\/schema.org\/CreativeWork\" ><div class='avia_textblock'  itemprop=\"text\" ><h3 style=\"text-align: center;\">Dal\u0161\u00ed uk\u00e1zky k Direkt interaktiv<\/h3>\n<\/div><\/section>\n<div id='av-masonry-2' class='av-masonry av-1x32a-59d0a6620f750ddc7b3df2818d8ad714 noHover av-flex-size av-large-gap av-hover-overlay-active av-masonry-animation-active av-masonry-col-flexible av-caption-always av-caption-style- av-masonry-gallery ' data-post_id=\"34\"><div class=\"av-masonry-container isotope av-js-disabled\"><div class='av-masonry-entry isotope-item av-masonry-item-no-image '><\/div><a href=\"https:\/\/klett.cz\/direkt\/wp-content\/uploads\/2019\/03\/Metodika-Direkt-04-CZ_nahled.pdf\"  aria-label=\"image Uk\u00e1zka metodick\u00e9 p\u0159\u00edru\u010dky\"  id='av-masonry-2-item-114' data-av-masonry-item='114' class='av-masonry-entry isotope-item post-114 attachment type-attachment status-inherit hentry  av-masonry-item-with-image' title=\"Uk\u00e1zka metodick\u00e9 p\u0159\u00edru\u010dky\" alt=\"\"  data-av-masonry-custom-link=\"https:\/\/klett.cz\/direkt\/wp-content\/uploads\/2019\/03\/Metodika-Direkt-04-CZ_nahled.pdf\"  itemprop=\"thumbnailUrl\" ><div class='av-inner-masonry-sizer'><\/div><figure class='av-inner-masonry main_color'><div class=\"av-masonry-outerimage-container\"><div class='av-masonry-image-container'  ><img decoding=\"async\" width=\"425\" height=\"600\" fetchpriority=\"high\" class=\"wp-image-114 avia-img-lazy-loading-not-114\"  src=\"https:\/\/klett.cz\/direkt\/wp-content\/uploads\/2019\/03\/V\u00fdst\u0159i\u017eek_DI_metodika2-1.png\" title=\"Uk\u00e1zka metodick\u00e9 p\u0159\u00edru\u010dky\" alt=\"\" srcset=\"https:\/\/klett.cz\/direkt\/wp-content\/uploads\/2019\/03\/V\u00fdst\u0159i\u017eek_DI_metodika2-1.png 425w, https:\/\/klett.cz\/direkt\/wp-content\/uploads\/2019\/03\/V\u00fdst\u0159i\u017eek_DI_metodika2-1-213x300.png 213w\" sizes=\"(max-width: 425px) 100vw, 425px\" \/><\/div><\/div><figcaption class='av-inner-masonry-content site-background'><div class='av-inner-masonry-content-pos'><div class='av-inner-masonry-content-pos-content'><div class='avia-arrow'><\/div><h3 class='av-masonry-entry-title entry-title '  itemprop=\"headline\" >Uk\u00e1zka metodick\u00e9 p\u0159\u00edru\u010dky<\/h3><\/div><\/div><\/figcaption><\/figure><\/a><!--end av-masonry entry--><a href=\"https:\/\/klett.cz\/direkt\/wp-content\/uploads\/2019\/03\/Pracovni-Listy-Direkt-04-CZ_nahled.pdf\"  aria-label=\"image Uk\u00e1zka pracovn\u00edch list\u016f\"  id='av-masonry-2-item-116' data-av-masonry-item='116' class='av-masonry-entry isotope-item post-116 attachment type-attachment status-inherit hentry  av-masonry-item-with-image' title=\"Uk\u00e1zka pracovn\u00edch list\u016f\" alt=\"\"  data-av-masonry-custom-link=\"https:\/\/klett.cz\/direkt\/wp-content\/uploads\/2019\/03\/Pracovni-Listy-Direkt-04-CZ_nahled.pdf\"  itemprop=\"thumbnailUrl\" ><div class='av-inner-masonry-sizer'><\/div><figure class='av-inner-masonry main_color'><div class=\"av-masonry-outerimage-container\"><div class='av-masonry-image-container'  ><img decoding=\"async\" width=\"500\" height=\"705\" fetchpriority=\"high\" class=\"wp-image-116 avia-img-lazy-loading-not-116\"  src=\"https:\/\/klett.cz\/direkt\/wp-content\/uploads\/2019\/03\/V\u00fdst\u0159i\u017eek_pracovn\u00ed-list-2-500x705.png\" title=\"Uk\u00e1zka pracovn\u00edch list\u016f\" alt=\"\" srcset=\"https:\/\/klett.cz\/direkt\/wp-content\/uploads\/2019\/03\/V\u00fdst\u0159i\u017eek_pracovn\u00ed-list-2-500x705.png 500w, https:\/\/klett.cz\/direkt\/wp-content\/uploads\/2019\/03\/V\u00fdst\u0159i\u017eek_pracovn\u00ed-list-2-213x300.png 213w, https:\/\/klett.cz\/direkt\/wp-content\/uploads\/2019\/03\/V\u00fdst\u0159i\u017eek_pracovn\u00ed-list-2-450x635.png 450w, https:\/\/klett.cz\/direkt\/wp-content\/uploads\/2019\/03\/V\u00fdst\u0159i\u017eek_pracovn\u00ed-list-2.png 580w\" sizes=\"(max-width: 500px) 100vw, 500px\" \/><\/div><\/div><figcaption class='av-inner-masonry-content site-background'><div class='av-inner-masonry-content-pos'><div class='av-inner-masonry-content-pos-content'><div class='avia-arrow'><\/div><h3 class='av-masonry-entry-title entry-title '  itemprop=\"headline\" >Uk\u00e1zka pracovn\u00edch list\u016f<\/h3><\/div><\/div><\/figcaption><\/figure><\/a><!--end av-masonry entry--><a href=\"https:\/\/klett.cz\/direkt\/wp-content\/uploads\/2020\/02\/Obsahy_Direkt_interaktiv_150dpi.pdf\"  aria-label=\"image Obsah Direkt interaktiv\"  id='av-masonry-2-item-408' data-av-masonry-item='408' class='av-masonry-entry isotope-item post-408 attachment type-attachment status-inherit hentry  av-masonry-item-with-image' title=\"Obsah Direkt interaktiv\" alt=\"\"  data-av-masonry-custom-link=\"https:\/\/klett.cz\/direkt\/wp-content\/uploads\/2020\/02\/Obsahy_Direkt_interaktiv_150dpi.pdf\"  itemprop=\"thumbnailUrl\" ><div class='av-inner-masonry-sizer'><\/div><figure class='av-inner-masonry main_color'><div class=\"av-masonry-outerimage-container\"><div class='av-masonry-image-container'  ><img decoding=\"async\" width=\"497\" height=\"705\" fetchpriority=\"high\" class=\"wp-image-408 avia-img-lazy-loading-not-408\"  src=\"https:\/\/klett.cz\/direkt\/wp-content\/uploads\/2020\/02\/Na\u0301vrh-bez-na\u0301zvu-15-497x705.png\" title=\"Obsah Direkt interaktiv\" alt=\"\" srcset=\"https:\/\/klett.cz\/direkt\/wp-content\/uploads\/2020\/02\/Na\u0301vrh-bez-na\u0301zvu-15-497x705.png 497w, https:\/\/klett.cz\/direkt\/wp-content\/uploads\/2020\/02\/Na\u0301vrh-bez-na\u0301zvu-15-211x300.png 211w, https:\/\/klett.cz\/direkt\/wp-content\/uploads\/2020\/02\/Na\u0301vrh-bez-na\u0301zvu-15-450x638.png 450w, https:\/\/klett.cz\/direkt\/wp-content\/uploads\/2020\/02\/Na\u0301vrh-bez-na\u0301zvu-15.png 552w\" sizes=\"(max-width: 497px) 100vw, 497px\" \/><\/div><\/div><figcaption class='av-inner-masonry-content site-background'><div class='av-inner-masonry-content-pos'><div class='av-inner-masonry-content-pos-content'><div class='avia-arrow'><\/div><h3 class='av-masonry-entry-title entry-title '  itemprop=\"headline\" >Obsah Direkt interaktiv<\/h3><\/div><\/div><\/figcaption><\/figure><\/a><!--end av-masonry entry--><a href=\"https:\/\/klett.cz\/direkt\/wp-content\/uploads\/2020\/05\/Direkt-interaktiv-1-3-SVP_aktualizovany.docx\"  aria-label=\"image \u0160VP k Direkt interaktiv 1 &#8211; 3\"  id='av-masonry-2-item-441' data-av-masonry-item='441' class='av-masonry-entry isotope-item post-441 attachment type-attachment status-inherit hentry  av-masonry-item-with-image' title=\"\u0160VP k Direkt interaktiv 1 &#8211; 3\" alt=\"\"  data-av-masonry-custom-link=\"https:\/\/klett.cz\/direkt\/wp-content\/uploads\/2020\/05\/Direkt-interaktiv-1-3-SVP_aktualizovany.docx\"  itemprop=\"thumbnailUrl\" ><div class='av-inner-masonry-sizer'><\/div><figure class='av-inner-masonry main_color'><div class=\"av-masonry-outerimage-container\"><div class='av-masonry-image-container'  ><img decoding=\"async\" width=\"432\" height=\"551\" fetchpriority=\"high\" class=\"wp-image-441 avia-img-lazy-loading-not-441\"  src=\"https:\/\/klett.cz\/direkt\/wp-content\/uploads\/2020\/05\/Sni\u0301mek-obrazovky-2020-05-15-v-14.13.56.png\" title=\"\u0160VP k Direkt interaktiv 1 &#8211; 3\" alt=\"\" srcset=\"https:\/\/klett.cz\/direkt\/wp-content\/uploads\/2020\/05\/Sni\u0301mek-obrazovky-2020-05-15-v-14.13.56.png 432w, https:\/\/klett.cz\/direkt\/wp-content\/uploads\/2020\/05\/Sni\u0301mek-obrazovky-2020-05-15-v-14.13.56-235x300.png 235w\" sizes=\"(max-width: 432px) 100vw, 432px\" \/><\/div><\/div><figcaption class='av-inner-masonry-content site-background'><div class='av-inner-masonry-content-pos'><div class='av-inner-masonry-content-pos-content'><div class='avia-arrow'><\/div><h3 class='av-masonry-entry-title entry-title '  itemprop=\"headline\" >\u0160VP k Direkt interaktiv 1 &#8211; 3<\/h3><\/div><\/div><\/figcaption><\/figure><\/a><!--end av-masonry entry--><\/div><\/div>\n<section  class='av_textblock_section av-1fxpa-ccc07235615cb127fa5818766f246d2d '   itemscope=\"itemscope\" itemtype=\"https:\/\/schema.org\/CreativeWork\" ><div class='avia_textblock'  itemprop=\"text\" ><h3 style=\"text-align: center;\">Uk\u00e1zka videa<\/h3>\n<\/div><\/section>\n<div id='av-masonry-3' class='av-masonry av-vzey-4c45ef249602d94b7500e78be0ff7f15 noHover av-flex-size av-large-gap av-hover-overlay-active av-masonry-animation-active av-masonry-col-flexible av-caption-always av-caption-style- av-masonry-gallery ' data-post_id=\"34\"><div class=\"av-masonry-container isotope av-js-disabled\"><div class='av-masonry-entry isotope-item av-masonry-item-no-image '><\/div><a href=\"http:\/\/klett.cz\/direkt\/wp-content\/uploads\/2019\/03\/Innsbruck-10.lekce-1.mp4\"  aria-label=\"image Uk\u00e1zka z vlogu Anny a Juliana\"  id='av-masonry-3-item-118' data-av-masonry-item='118' class='av-masonry-entry isotope-item post-118 attachment type-attachment status-inherit hentry  av-masonry-item-with-image' title=\"Uk\u00e1zka z vlogu Anny a Juliana\" alt=\"\"  data-av-masonry-custom-link=\"http:\/\/klett.cz\/direkt\/wp-content\/uploads\/2019\/03\/Innsbruck-10.lekce-1.mp4\"  itemprop=\"thumbnailUrl\" ><div class='av-inner-masonry-sizer'><\/div><figure class='av-inner-masonry main_color'><div class=\"av-masonry-outerimage-container\"><div class='av-masonry-image-container'  ><img decoding=\"async\" width=\"705\" height=\"375\" fetchpriority=\"high\" class=\"wp-image-118 avia-img-lazy-loading-not-118\"  src=\"https:\/\/klett.cz\/direkt\/wp-content\/uploads\/2019\/03\/Video_vlog-705x375.png\" title=\"Uk\u00e1zka z vlogu Anny a Juliana\" alt=\"\" srcset=\"https:\/\/klett.cz\/direkt\/wp-content\/uploads\/2019\/03\/Video_vlog-705x375.png 705w, https:\/\/klett.cz\/direkt\/wp-content\/uploads\/2019\/03\/Video_vlog-300x160.png 300w, https:\/\/klett.cz\/direkt\/wp-content\/uploads\/2019\/03\/Video_vlog-768x408.png 768w, https:\/\/klett.cz\/direkt\/wp-content\/uploads\/2019\/03\/Video_vlog-1030x548.png 1030w, https:\/\/klett.cz\/direkt\/wp-content\/uploads\/2019\/03\/Video_vlog-1500x798.png 1500w, https:\/\/klett.cz\/direkt\/wp-content\/uploads\/2019\/03\/Video_vlog-450x239.png 450w, https:\/\/klett.cz\/direkt\/wp-content\/uploads\/2019\/03\/Video_vlog.png 1901w\" sizes=\"(max-width: 705px) 100vw, 705px\" \/><\/div><\/div><figcaption class='av-inner-masonry-content site-background'><div class='av-inner-masonry-content-pos'><div class='av-inner-masonry-content-pos-content'><div class='avia-arrow'><\/div><h3 class='av-masonry-entry-title entry-title '  itemprop=\"headline\" >Uk\u00e1zka z vlogu Anny a Juliana<\/h3><\/div><\/div><\/figcaption><\/figure><\/a><!--end av-masonry entry--><\/div><\/div>\n","protected":false},"excerpt":{"rendered":"","protected":false},"author":2,"featured_media":0,"parent":0,"menu_order":0,"comment_status":"closed","ping_status":"closed","template":"","meta":{"_exactmetrics_skip_tracking":false,"_exactmetrics_sitenote_active":false,"_exactmetrics_sitenote_note":"","_exactmetrics_sitenote_category":0,"footnotes":""},"class_list":["post-34","page","type-page","status-publish","hentry"],"_links":{"self":[{"href":"https:\/\/klett.cz\/direkt\/wp-json\/wp\/v2\/pages\/34","targetHints":{"allow":["GET"]}}],"collection":[{"href":"https:\/\/klett.cz\/direkt\/wp-json\/wp\/v2\/pages"}],"about":[{"href":"https:\/\/klett.cz\/direkt\/wp-json\/wp\/v2\/types\/page"}],"author":[{"embeddable":true,"href":"https:\/\/klett.cz\/direkt\/wp-json\/wp\/v2\/users\/2"}],"replies":[{"embeddable":true,"href":"https:\/\/klett.cz\/direkt\/wp-json\/wp\/v2\/comments?post=34"}],"version-history":[{"count":18,"href":"https:\/\/klett.cz\/direkt\/wp-json\/wp\/v2\/pages\/34\/revisions"}],"predecessor-version":[{"id":817,"href":"https:\/\/klett.cz\/direkt\/wp-json\/wp\/v2\/pages\/34\/revisions\/817"}],"wp:attachment":[{"href":"https:\/\/klett.cz\/direkt\/wp-json\/wp\/v2\/media?parent=34"}],"curies":[{"name":"wp","href":"https:\/\/api.w.org\/{rel}","templated":true}]}}