{"id":554,"date":"2018-03-08T14:16:03","date_gmt":"2018-03-08T13:16:03","guid":{"rendered":"http:\/\/klett.cz\/bloggers\/?page_id=554"},"modified":"2018-03-08T14:16:03","modified_gmt":"2018-03-08T13:16:03","slug":"caste-dotazy","status":"publish","type":"page","link":"https:\/\/klett.cz\/bloggers\/caste-dotazy\/","title":{"rendered":"\u010cast\u00e9 dotazy"},"content":{"rendered":"\n<style type=\"text\/css\" data-created_by=\"avia_inline_auto\" id=\"style-css-av-av_one_full-15d750bd1b332b34c6e70b077ebbccdf\">\n.flex_column.av-av_one_full-15d750bd1b332b34c6e70b077ebbccdf{\nborder-radius:0px 0px 0px 0px;\npadding:0px 0px 0px 0px;\n}\n<\/style>\n<div  class='flex_column av-av_one_full-15d750bd1b332b34c6e70b077ebbccdf av_one_full  avia-builder-el-0  el_before_av_one_full  avia-builder-el-first  first flex_column_div av-zero-column-padding  '     ><section  class='av_textblock_section av-av_textblock-2de302bf1aa3cf4c9157dbe6f50ac7eb '   itemscope=\"itemscope\" itemtype=\"https:\/\/schema.org\/CreativeWork\" ><div class='avia_textblock'  itemprop=\"text\" ><p><strong>MO\u017dNOSTI NASAZEN\u00cd BLOGGERS<\/strong><\/p>\n<p>Prvn\u00ed d\u00edl Bloggers m\u016f\u017eete nasadit v\u00a05. t\u0159\u00edd\u011b Z\u0160 bez ohledu na to, jestli vyu\u010dujete anglick\u00fd jazyk od prvn\u00edho nebo t\u0159et\u00edho ro\u010dn\u00edku. Bloggers lze rovn\u011b\u017e nasadit v\u00a06. ro\u010dn\u00edku, av\u0161ak pouze v\u00a0p\u0159\u00edpad\u011b, \u017ee jste v\u00a05. ro\u010dn\u00edku neza\u010dali u\u010dit podle sady, kter\u00e1 je ur\u010dena pro druh\u00fd stupe\u0148. Zbyte\u010dn\u011b byste tak l\u00e1tku opakovali.<br \/>\nSada Bloggers nen\u00ed \u2013 d\u00edky sv\u00e9 pozvoln\u011bj\u0161\u00ed progresi \u2013 ur\u010dena pro \u0161koly z\u00a0roz\u0161\u00ed\u0159enou v\u00fdukou jazyk\u016f, nicm\u00e9n\u011b pokud m\u00e1te jednu skupinu, kter\u00e1 nedos\u00e1hne vy\u0161\u0161\u00ed v\u00fdstupn\u00ed \u00farovn\u011b ne\u017e A2, lze Bloggers doporu\u010dit i zde.<\/p>\n<p><strong>BLOGGERS PLN\u011a POD\u0158\u00cdZEN\u00c9 RVP<\/strong><\/p>\n<p>Bloggers je 5d\u00edln\u00e1 v\u00fdukov\u00e1 sada s\u00a0t\u00edm, \u017ee po\u017eadavky RVP pln\u011b pokr\u00fdvaj\u00ed prvn\u00ed \u010dty\u0159i d\u00edly.<\/p>\n<p><strong>UPRAVENA PRO \u010cESK\u00c9 PROST\u0158ED\u00cd D\u00cdKY PRAKTICK\u00ddM U\u010cITEL\u016eM<\/strong><\/p>\n<p>Vybrali jsme z\u00a0na\u0161\u00ed vydavatelsk\u00e9 skupiny nejvhodn\u011bj\u0161\u00ed koncept a zcela jej p\u0159izp\u016fsobili \u010desk\u00e9mu prost\u0159ed\u00ed. Prvn\u00ed d\u00edl od z\u00e1\u0159\u00ed s\u00a0\u00fasp\u011bchem pilotujeme na\u00a0n\u011bkolika Z\u0160 po cel\u00e9 \u010cR, rovn\u011b\u017e jsme jej nechali zhodnotit v\u00edce ne\u017e 200 expertn\u00edmi evalu\u00e1tory \u2013 praktick\u00fdmi u\u010diteli z\u00a0cel\u00e9 \u010cR. Jejich p\u0159ipom\u00ednky a koment\u00e1\u0159e vylep\u0161ily v\u0161echny segmenty knihy.<\/p>\n<p><strong> DOLO\u017dKA M\u0160MT<\/strong><\/p>\n<p>Koncem ledna 2018 jsme vstoupili do \u0159\u00edzen\u00ed o ud\u011blen\u00ed dolo\u017eky M\u0160MT. Kladn\u00fd v\u00fdsledek \u0159\u00edzen\u00ed o\u010dek\u00e1v\u00e1me na p\u0159elomu dubna a kv\u011btna. Budeme v\u00e1s o t\u00e9to skute\u010dnosti informovat.<\/p>\n<p><strong>PO\u0158\u00cdZEN\u00cd BLOGGERS<\/strong><\/p>\n<p>U\u010debnice Bloggers 1 stoj\u00ed 249 K\u010d v\u010detn\u011b DPH, pracovn\u00ed se\u0161it 199 K\u010d v\u010detn\u011b DPH. M\u016f\u017eeme v\u00e1m nab\u00eddnout slevu pro \u0161koly ve v\u00fd\u0161i 15%. Cena za jeden v\u00fdtisk u\u010debnice by po t\u00e9to slev\u011b \u010dinila 211,65 K\u010d v\u010detn\u011b DPH, za jeden v\u00fdtisk pracovn\u00edho se\u0161itu 169,15 K\u010d.<\/p>\n<blockquote>\n<p><strong>Modelov\u00e1 kalkulace po\u0159\u00edzen\u00ed Bloggers p\u0159i studijn\u00ed skupin\u011b v\u00a0po\u010dtu 15 \u017e\u00e1k\u016f:<\/strong><\/p>\n<p>U\u010debnice Bloggers 1:<br \/>\n15 \u017e\u00e1k\u016f x 211,65 K\u010d\/ks = 3.175 K\u010d<\/p>\n<p>2d\u00edln\u00fd prac. se\u0161it Bloggers 1:<br \/>\n15 \u017e\u00e1k\u016f x 169,15 K\u010d\/ks = 2.537 K\u010d<\/p>\n<p>==========================<\/p>\n<p>Celkem: 5.712 K\u010d v\u010detn\u011b DPH<\/p>\n<p><strong>Ve\u0161ker\u00e9 materi\u00e1ly pro u\u010ditele dod\u00e1me zdarma. Po\u0161tovn\u00e9 ani baln\u00e9 ne\u00fa\u010dtujeme.<\/strong><\/p>\n<\/blockquote>\n<p><strong>* Pln\u00e1 interaktivn\u00ed podpora<\/strong><br \/>\nSou\u010d\u00e1st\u00ed pracovn\u00edho se\u0161itu je unik\u00e1tn\u00ed k\u00f3d (\u017e\u00e1kovsk\u00e1 licence platn\u00e1 18 m\u011bs\u00edc\u016f) pro vstup do interaktivn\u00edho prost\u0159ed\u00ed mCourser.cz. Tento vstup nen\u00ed nijak extra zpoplatn\u011bn, z\u00edsk\u00e1 jej ka\u017ed\u00fd \u017e\u00e1k, kter\u00fd si koup\u00ed pracovn\u00ed se\u0161it za zm\u00edn\u011bn\u00fdch 169,15 K\u010d. Pokud tak u\u010din\u00ed v\u0161ichni \u017e\u00e1ci v\u00a0jedn\u00e9 studijn\u00ed skupin\u011b, z\u00edsk\u00e1v\u00e1 u\u010ditel zdarma n\u00e1rok na u\u010ditelskou (\u010dasov\u011b neomezenou) licenci. Tu si vy\u017e\u00e1d\u00e1 na e-mailu bloggers@klett.cz, automaticky ji nepos\u00edl\u00e1me.<\/p>\n<p><strong>* V\u0161echny materi\u00e1ly pro u\u010ditele zdarma<\/strong><\/p>\n<p>V\u0161echny ostatn\u00ed materi\u00e1ly, d\u016fle\u017eit\u00e9 pro u\u010ditele, jsou sou\u010d\u00e1st\u00ed Pr\u00e9miov\u00e9ho u\u010ditelsk\u00e9ho bal\u00ed\u010dku a ka\u017ed\u00fd u\u010ditel, kter\u00fd se rozhodne vyu\u010dovat podle Bloggers, je z\u00edsk\u00e1 zdarma. Sou\u010d\u00e1st\u00ed tohoto bal\u00ed\u010dku jsou: u\u010debnice, pracovn\u00ed se\u0161it, metodick\u00e1 p\u0159\u00edru\u010dka s\u00a0DVD (v\u010detn\u011b kompletn\u00edch audio a video podklad\u016f), testy, plak\u00e1ty a dal\u0161\u00ed dopl\u0148kov\u00e9 materi\u00e1ly. A samoz\u0159ejm\u011b \u010dasov\u011b neomezen\u00fd p\u0159\u00edstup na port\u00e1l mCourser.cz (v\u010detn\u011b mo\u017enosti vyu\u017eit\u00ed Klett LMS). Pokud alespo\u0148 jedna studijn\u00ed skupina bude postupovat podle Bloggers, tento bal\u00ed\u010dek si m\u016f\u017ee zdarma vy\u017e\u00e1dat ka\u017ed\u00fd angli\u010dtin\u00e1\u0159 na Va\u0161\u00ed \u0161kole.<\/p>\n<\/div><\/section><\/div>\n<style type=\"text\/css\" data-created_by=\"avia_inline_auto\" id=\"style-css-av-av_one_full-15d750bd1b332b34c6e70b077ebbccdf\">\n.flex_column.av-av_one_full-15d750bd1b332b34c6e70b077ebbccdf{\nborder-radius:0px 0px 0px 0px;\npadding:0px 0px 0px 0px;\n}\n<\/style>\n<div  class='flex_column av-av_one_full-15d750bd1b332b34c6e70b077ebbccdf av_one_full  avia-builder-el-2  el_after_av_one_full  avia-builder-el-last  first flex_column_div av-zero-column-padding  column-top-margin'     ><\/div><\/p>\n","protected":false},"excerpt":{"rendered":"","protected":false},"author":2,"featured_media":0,"parent":0,"menu_order":0,"comment_status":"closed","ping_status":"closed","template":"","meta":{"footnotes":""},"class_list":["post-554","page","type-page","status-publish","hentry"],"_links":{"self":[{"href":"https:\/\/klett.cz\/bloggers\/wp-json\/wp\/v2\/pages\/554","targetHints":{"allow":["GET"]}}],"collection":[{"href":"https:\/\/klett.cz\/bloggers\/wp-json\/wp\/v2\/pages"}],"about":[{"href":"https:\/\/klett.cz\/bloggers\/wp-json\/wp\/v2\/types\/page"}],"author":[{"embeddable":true,"href":"https:\/\/klett.cz\/bloggers\/wp-json\/wp\/v2\/users\/2"}],"replies":[{"embeddable":true,"href":"https:\/\/klett.cz\/bloggers\/wp-json\/wp\/v2\/comments?post=554"}],"version-history":[{"count":3,"href":"https:\/\/klett.cz\/bloggers\/wp-json\/wp\/v2\/pages\/554\/revisions"}],"predecessor-version":[{"id":594,"href":"https:\/\/klett.cz\/bloggers\/wp-json\/wp\/v2\/pages\/554\/revisions\/594"}],"wp:attachment":[{"href":"https:\/\/klett.cz\/bloggers\/wp-json\/wp\/v2\/media?parent=554"}],"curies":[{"name":"wp","href":"https:\/\/api.w.org\/{rel}","templated":true}]}}