{"id":41,"date":"2018-01-17T15:39:33","date_gmt":"2018-01-17T14:39:33","guid":{"rendered":"http:\/\/klett.cz\/bloggers\/?page_id=41"},"modified":"2019-11-08T16:05:54","modified_gmt":"2019-11-08T15:05:54","slug":"blog","status":"publish","type":"page","link":"https:\/\/klett.cz\/bloggers\/blog\/","title":{"rendered":"Blog"},"content":{"rendered":"<section  class='av_textblock_section av-3t0o5-91b17918d0579c61fea0e5222b2edcf9 '   itemscope=\"itemscope\" itemtype=\"https:\/\/schema.org\/CreativeWork\" ><div class='avia_textblock'  itemprop=\"text\" ><p style=\"text-align: center;\">Pod\u00edvejte se do archivu na\u0161eho blogu, kter\u00fd je ur\u010den u\u010ditel\u016fm i \u017e\u00e1k\u016fm pou\u017e\u00edvaj\u00edc\u00edch Bloggers. Vyberte si sekci, kter\u00e1 v\u00e1s zaj\u00edm\u00e1 a u\u017eijte si pr\u00e1ci s podklady.<\/p>\n<\/div><\/section>\n\n<style type=\"text\/css\" data-created_by=\"avia_inline_auto\" id=\"style-css-av-tdo5-27608c0d2bf59554e901b6826e2b966f\">\n.flex_column.av-tdo5-27608c0d2bf59554e901b6826e2b966f{\nborder-radius:0px 0px 0px 0px;\npadding:0px 0px 0px 0px;\n}\n<\/style>\n<div  class='flex_column av-tdo5-27608c0d2bf59554e901b6826e2b966f av_one_full  avia-builder-el-1  el_after_av_textblock  el_before_av_one_half  first flex_column_div av-zero-column-padding  column-top-margin'     ><style type=\"text\/css\" data-created_by=\"avia_inline_auto\" id=\"style-css-av-k2q9rdpq-386e1a0ff2f3e4fb23533699e25f9d3a\">\n.avia-image-container.av-k2q9rdpq-386e1a0ff2f3e4fb23533699e25f9d3a img.avia_image{\nbox-shadow:none;\n}\n.avia-image-container.av-k2q9rdpq-386e1a0ff2f3e4fb23533699e25f9d3a .av-image-caption-overlay-center{\ncolor:#ffffff;\n}\n<\/style>\n<div  class='avia-image-container av-k2q9rdpq-386e1a0ff2f3e4fb23533699e25f9d3a av-styling- avia-align-center  avia-builder-el-2  avia-builder-el-no-sibling '   itemprop=\"image\" itemscope=\"itemscope\" itemtype=\"https:\/\/schema.org\/ImageObject\" ><div class=\"avia-image-container-inner\"><div class=\"avia-image-overlay-wrap\"><img decoding=\"async\" fetchpriority=\"high\" class='wp-image-2199 avia-img-lazy-loading-not-2199 avia_image ' src=\"https:\/\/klett.cz\/bloggers\/wp-content\/uploads\/shutterstock_1029506242_blog-1-1030x460.png\" alt='' title='shutterstock_1029506242_blog (1)'  height=\"460\" width=\"1030\"  itemprop=\"thumbnailUrl\" srcset=\"https:\/\/klett.cz\/bloggers\/wp-content\/uploads\/shutterstock_1029506242_blog-1-1030x460.png 1030w, https:\/\/klett.cz\/bloggers\/wp-content\/uploads\/shutterstock_1029506242_blog-1-300x134.png 300w, https:\/\/klett.cz\/bloggers\/wp-content\/uploads\/shutterstock_1029506242_blog-1-768x343.png 768w, https:\/\/klett.cz\/bloggers\/wp-content\/uploads\/shutterstock_1029506242_blog-1-705x315.png 705w, https:\/\/klett.cz\/bloggers\/wp-content\/uploads\/shutterstock_1029506242_blog-1-450x201.png 450w, https:\/\/klett.cz\/bloggers\/wp-content\/uploads\/shutterstock_1029506242_blog-1.png 1200w\" sizes=\"(max-width: 1030px) 100vw, 1030px\" \/><\/div><\/div><\/div><\/div>\n\n<style type=\"text\/css\" data-created_by=\"avia_inline_auto\" id=\"style-css-av-37k51-abb04a5ffbb439c8560c2cc714740454\">\n.flex_column.av-37k51-abb04a5ffbb439c8560c2cc714740454{\nborder-radius:0px 0px 0px 0px;\npadding:0px 0px 0px 0px;\n}\n<\/style>\n<div  class='flex_column av-37k51-abb04a5ffbb439c8560c2cc714740454 av_one_half  avia-builder-el-3  el_after_av_one_full  el_before_av_one_half  first flex_column_div av-zero-column-padding  column-top-margin'     ><div  class='avia-button-wrap av-2rk25-c751534e7a6e6e5a8ff33d939e481b2f-wrap avia-button-center  avia-builder-el-4  avia-builder-el-no-sibling '><a href='http:\/\/klett.cz\/bloggers\/category\/zaci\/'  class='avia-button av-2rk25-c751534e7a6e6e5a8ff33d939e481b2f av-link-btn avia-icon_select-no avia-size-x-large avia-position-center avia-color-theme-color'  target=\"_blank\"  rel=\"noopener noreferrer\"  aria-label=\"Pro \u017e\u00e1ky\"><span class='avia_iconbox_title' >Pro \u017e\u00e1ky<\/span><\/a><\/div><\/div>\n\n<style type=\"text\/css\" data-created_by=\"avia_inline_auto\" id=\"style-css-av-1wdu5-d0a52a6189985081a735e6b078c14ab8\">\n.flex_column.av-1wdu5-d0a52a6189985081a735e6b078c14ab8{\nborder-radius:0px 0px 0px 0px;\npadding:0px 0px 0px 0px;\n}\n<\/style>\n<div  class='flex_column av-1wdu5-d0a52a6189985081a735e6b078c14ab8 av_one_half  avia-builder-el-5  el_after_av_one_half  avia-builder-el-last  flex_column_div av-zero-column-padding  column-top-margin'     ><div  class='avia-button-wrap av-1rv3t-7daa5f3c62526f6ddc3ff54c0872d398-wrap avia-button-center  avia-builder-el-6  avia-builder-el-no-sibling '><a href='http:\/\/klett.cz\/bloggers\/category\/blogujeme\/'  class='avia-button av-1rv3t-7daa5f3c62526f6ddc3ff54c0872d398 av-link-btn avia-icon_select-no avia-size-x-large avia-position-center avia-color-theme-color'  target=\"_blank\"  rel=\"noopener noreferrer\"  aria-label=\"Pro u\u010ditele\"><span class='avia_iconbox_title' >Pro u\u010ditele<\/span><\/a><\/div><\/div>\n","protected":false},"excerpt":{"rendered":"","protected":false},"author":2,"featured_media":0,"parent":0,"menu_order":0,"comment_status":"closed","ping_status":"closed","template":"","meta":{"footnotes":""},"class_list":["post-41","page","type-page","status-publish","hentry"],"_links":{"self":[{"href":"https:\/\/klett.cz\/bloggers\/wp-json\/wp\/v2\/pages\/41","targetHints":{"allow":["GET"]}}],"collection":[{"href":"https:\/\/klett.cz\/bloggers\/wp-json\/wp\/v2\/pages"}],"about":[{"href":"https:\/\/klett.cz\/bloggers\/wp-json\/wp\/v2\/types\/page"}],"author":[{"embeddable":true,"href":"https:\/\/klett.cz\/bloggers\/wp-json\/wp\/v2\/users\/2"}],"replies":[{"embeddable":true,"href":"https:\/\/klett.cz\/bloggers\/wp-json\/wp\/v2\/comments?post=41"}],"version-history":[{"count":18,"href":"https:\/\/klett.cz\/bloggers\/wp-json\/wp\/v2\/pages\/41\/revisions"}],"predecessor-version":[{"id":2198,"href":"https:\/\/klett.cz\/bloggers\/wp-json\/wp\/v2\/pages\/41\/revisions\/2198"}],"wp:attachment":[{"href":"https:\/\/klett.cz\/bloggers\/wp-json\/wp\/v2\/media?parent=41"}],"curies":[{"name":"wp","href":"https:\/\/api.w.org\/{rel}","templated":true}]}}