{"id":3025,"date":"2021-09-13T10:35:16","date_gmt":"2021-09-13T08:35:16","guid":{"rendered":"https:\/\/klett.cz\/bloggers\/?page_id=3025"},"modified":"2022-12-14T10:00:24","modified_gmt":"2022-12-14T09:00:24","slug":"kahoot-bloggers-3","status":"publish","type":"page","link":"https:\/\/klett.cz\/bloggers\/kahoot-bloggers-3\/","title":{"rendered":"Kahoot! \u2013 Bloggers 3"},"content":{"rendered":"\n<style type=\"text\/css\" data-created_by=\"avia_inline_auto\" id=\"style-css-av-flbywh-f4985540303e48d8bf511f5eac193670\">\n.flex_column.av-flbywh-f4985540303e48d8bf511f5eac193670{\nborder-radius:0px 0px 0px 0px;\npadding:0px 0px 0px 0px;\n}\n<\/style>\n<div  class='flex_column av-flbywh-f4985540303e48d8bf511f5eac193670 av_one_full  avia-builder-el-0  el_before_av_one_full  avia-builder-el-first  first flex_column_div av-zero-column-padding  '     ><style type=\"text\/css\" data-created_by=\"avia_inline_auto\" id=\"style-css-av-km3lhwxq-2e3745e35602ae37e8601408d13c0c7a\">\n.avia-image-container.av-km3lhwxq-2e3745e35602ae37e8601408d13c0c7a img.avia_image{\nbox-shadow:none;\n}\n.avia-image-container.av-km3lhwxq-2e3745e35602ae37e8601408d13c0c7a .av-image-caption-overlay-center{\ncolor:#ffffff;\n}\n<\/style>\n<div  class='avia-image-container av-km3lhwxq-2e3745e35602ae37e8601408d13c0c7a av-styling- avia-align-center  avia-builder-el-1  avia-builder-el-no-sibling '   itemprop=\"image\" itemscope=\"itemscope\" itemtype=\"https:\/\/schema.org\/ImageObject\" ><div class=\"avia-image-container-inner\"><div class=\"avia-image-overlay-wrap\"><img decoding=\"async\" fetchpriority=\"high\" class='wp-image-2516 avia-img-lazy-loading-not-2516 avia_image ' src=\"https:\/\/klett.cz\/bloggers\/wp-content\/uploads\/1280px-Kahoot_Logo.svg_-300x102..png\" alt='' title='1280px-Kahoot_Logo.svg_-300x102.'  height=\"102\" width=\"300\"  itemprop=\"thumbnailUrl\"  \/><\/div><\/div><\/div><\/div>\n\n<style type=\"text\/css\" data-created_by=\"avia_inline_auto\" id=\"style-css-av-efc1w1-9fe908f8a97cb18de5936c668bc67698\">\n.flex_column.av-efc1w1-9fe908f8a97cb18de5936c668bc67698{\nborder-radius:0px 0px 0px 0px;\npadding:0px 0px 0px 0px;\n}\n<\/style>\n<div  class='flex_column av-efc1w1-9fe908f8a97cb18de5936c668bc67698 av_one_full  avia-builder-el-2  el_after_av_one_full  el_before_av_one_full  first flex_column_div av-zero-column-padding  column-top-margin'     ><section  class='av_textblock_section av-ktie0gmx-368642f2ae89fd700c65312f2d18a0d5 '   itemscope=\"itemscope\" itemtype=\"https:\/\/schema.org\/CreativeWork\" ><div class='avia_textblock'  itemprop=\"text\" ><h1 style=\"text-align: center;\">ONLINE KV\u00cdZY KAHOOT! K BLOGGERS 3<\/h1>\n<\/div><\/section><\/div>\n<style type=\"text\/css\" data-created_by=\"avia_inline_auto\" id=\"style-css-av-d25flt-9921f261fdf1c789e3183e060e76034c\">\n.flex_column.av-d25flt-9921f261fdf1c789e3183e060e76034c{\nborder-radius:0px 0px 0px 0px;\npadding:0px 0px 0px 0px;\n}\n<\/style>\n<div  class='flex_column av-d25flt-9921f261fdf1c789e3183e060e76034c av_one_full  avia-builder-el-4  el_after_av_one_full  el_before_av_one_full  first flex_column_div av-zero-column-padding  column-top-margin'     ><style type=\"text\/css\" data-created_by=\"avia_inline_auto\" id=\"style-css-av-ktie0wxx-a194bfff448244c4542e4a76ec3d99f1\">\n.avia-image-container.av-ktie0wxx-a194bfff448244c4542e4a76ec3d99f1 img.avia_image{\nbox-shadow:none;\n}\n.avia-image-container.av-ktie0wxx-a194bfff448244c4542e4a76ec3d99f1 .av-image-caption-overlay-center{\ncolor:#ffffff;\n}\n<\/style>\n<div  class='avia-image-container av-ktie0wxx-a194bfff448244c4542e4a76ec3d99f1 av-styling- avia-align-center  avia-builder-el-5  avia-builder-el-no-sibling '   itemprop=\"image\" itemscope=\"itemscope\" itemtype=\"https:\/\/schema.org\/ImageObject\" ><div class=\"avia-image-container-inner\"><div class=\"avia-image-overlay-wrap\"><img decoding=\"async\" fetchpriority=\"high\" class='wp-image-2358 avia-img-lazy-loading-not-2358 avia_image ' src=\"https:\/\/klett.cz\/bloggers\/wp-content\/uploads\/3-212x300.png\" alt='' title='U\u010debnice Bloggers 3 - marketingov\u00fd v\u00fdtisk'  height=\"300\" width=\"212\"  itemprop=\"thumbnailUrl\" srcset=\"https:\/\/klett.cz\/bloggers\/wp-content\/uploads\/3-212x300.png 212w, https:\/\/klett.cz\/bloggers\/wp-content\/uploads\/3.png 498w, https:\/\/klett.cz\/bloggers\/wp-content\/uploads\/3-450x637.png 450w\" sizes=\"(max-width: 212px) 100vw, 212px\" \/><\/div><\/div><\/div><\/div><\/p>\n\n<style type=\"text\/css\" data-created_by=\"avia_inline_auto\" id=\"style-css-av-bhz6oh-24ebd34d2878de8d6118c7cb63aaba2a\">\n.flex_column.av-bhz6oh-24ebd34d2878de8d6118c7cb63aaba2a{\nborder-radius:0px 0px 0px 0px;\npadding:0px 0px 0px 0px;\n}\n<\/style>\n<div  class='flex_column av-bhz6oh-24ebd34d2878de8d6118c7cb63aaba2a av_one_full  avia-builder-el-6  el_after_av_one_full  el_before_av_one_full  first flex_column_div av-zero-column-padding  column-top-margin'     ><section  class='av_textblock_section av-ktie1n8s-1c1b423c6cb589db46e129f708dcb822 '   itemscope=\"itemscope\" itemtype=\"https:\/\/schema.org\/CreativeWork\" ><div class='avia_textblock'  itemprop=\"text\" ><h1 style=\"text-align: center;\"><a href=\"https:\/\/create.kahoot.it\/share\/bloggers-3-unit-0\/66c068db-0c44-41ce-9114-05071cb57d9f\">Bloggers 3 \u2013 Unit 0<\/a><\/h1>\n<p style=\"text-align: center;\"><b>minul\u00fd \u010das prost\u00fd (kladn\u00e9\/z\u00e1porn\u00e9 v\u011bty, ot\u00e1zka, was\/were, pravideln\u00e1 slovesa, nepravideln\u00e1 slovesa: go\/see\/have\/eat\/buy\/take); sporty, j\u00eddlo, idoly, film<\/b><\/p>\n<\/div><\/section><\/div>\n\n<style type=\"text\/css\" data-created_by=\"avia_inline_auto\" id=\"style-css-av-9cc9e9-aeab5c5c5f372e5088784595b403c910\">\n.flex_column.av-9cc9e9-aeab5c5c5f372e5088784595b403c910{\nborder-radius:0px 0px 0px 0px;\npadding:0px 0px 0px 0px;\n}\n<\/style>\n<div  class='flex_column av-9cc9e9-aeab5c5c5f372e5088784595b403c910 av_one_full  avia-builder-el-8  el_after_av_one_full  el_before_av_one_full  first flex_column_div av-zero-column-padding  column-top-margin'     ><section  class='av_textblock_section av-ktie1n8s-1c1b423c6cb589db46e129f708dcb822 '   itemscope=\"itemscope\" itemtype=\"https:\/\/schema.org\/CreativeWork\" ><div class='avia_textblock'  itemprop=\"text\" ><h1 style=\"text-align: center;\"><a href=\"https:\/\/create.kahoot.it\/share\/bloggers-3-unit-1\/21737874-0326-40ff-afc8-87ac1da5d584\">Bloggers 3 \u2013 Unit 1<\/a><\/h1>\n<p style=\"text-align: center;\"><strong>so do I\/me too\/I don\u00b4t, vyj\u00e1d\u0159en\u00ed mno\u017estv\u00ed (more\/less), stup\u0148ov\u00e1n\u00ed, schopnosti\/dovednosti\/mo\u017enosti; talent, kreativita, osobnosti<\/strong><\/p>\n<\/div><\/section><\/div>\n\n<style type=\"text\/css\" data-created_by=\"avia_inline_auto\" id=\"style-css-av-78s50h-6f3a666cda0c03f04f2675ff348fcd94\">\n.flex_column.av-78s50h-6f3a666cda0c03f04f2675ff348fcd94{\nborder-radius:0px 0px 0px 0px;\npadding:0px 0px 0px 0px;\n}\n<\/style>\n<div  class='flex_column av-78s50h-6f3a666cda0c03f04f2675ff348fcd94 av_one_full  avia-builder-el-10  el_after_av_one_full  el_before_av_one_full  first flex_column_div av-zero-column-padding  column-top-margin'     ><section  class='av_textblock_section av-ktie1n8s-1c1b423c6cb589db46e129f708dcb822 '   itemscope=\"itemscope\" itemtype=\"https:\/\/schema.org\/CreativeWork\" ><div class='avia_textblock'  itemprop=\"text\" ><h1 style=\"text-align: center;\"><a href=\"https:\/\/create.kahoot.it\/share\/bloggers-3-unit-2\/290b82b7-197d-4ee8-a428-15b27d6c6436\">Bloggers 3 \u2013 Unit 2<\/a><\/h1>\n<p style=\"text-align: center;\"><b>minul\u00fd \u010das prost\u00fd \u2013 nepravideln\u00e1 slovesa: break\/come\/drink\/get\/give\/know\/learn\/read\/run\/say\/send\/sit, minul\u00fd \u010das pr\u016fb\u011bhov\u00fd; fantastick\u00e9 p\u0159\u00edb\u011bhy (film, literatura), vypr\u00e1v\u011bn\u00ed<\/b><\/p>\n<\/div><\/section><\/div>\n\n<style type=\"text\/css\" data-created_by=\"avia_inline_auto\" id=\"style-css-av-5jw4z5-f66f4eabafd353dc824cdbc2696fddea\">\n.flex_column.av-5jw4z5-f66f4eabafd353dc824cdbc2696fddea{\nborder-radius:0px 0px 0px 0px;\npadding:0px 0px 0px 0px;\n}\n<\/style>\n<div  class='flex_column av-5jw4z5-f66f4eabafd353dc824cdbc2696fddea av_one_full  avia-builder-el-12  el_after_av_one_full  el_before_av_one_full  first flex_column_div av-zero-column-padding  column-top-margin'     ><section  class='av_textblock_section av-ktie1n8s-1c1b423c6cb589db46e129f708dcb822 '   itemscope=\"itemscope\" itemtype=\"https:\/\/schema.org\/CreativeWork\" ><div class='avia_textblock'  itemprop=\"text\" ><h1 style=\"text-align: center;\"><a href=\"https:\/\/create.kahoot.it\/share\/bloggers-3-unit-3\/f89275dc-06c6-40db-a397-5099e0a85bba\">Bloggers 3 \u2013 Unit 3<\/a><\/h1>\n<p style=\"text-align: center;\"><b>n\u00e1vrh\/nab\u00eddka, pl\u00e1ny do budoucna (I\u00b4m meeting), datum\/term\u00edn; narozeniny, sv\u00e1tky, tradice<\/b><\/p>\n<\/div><\/section><\/div>\n\n<style type=\"text\/css\" data-created_by=\"avia_inline_auto\" id=\"style-css-av-4pm8v5-d348e39e180c655dc1f688ff18266f14\">\n.flex_column.av-4pm8v5-d348e39e180c655dc1f688ff18266f14{\nborder-radius:0px 0px 0px 0px;\npadding:0px 0px 0px 0px;\n}\n<\/style>\n<div  class='flex_column av-4pm8v5-d348e39e180c655dc1f688ff18266f14 av_one_full  avia-builder-el-14  el_after_av_one_full  el_before_av_one_full  first flex_column_div av-zero-column-padding  column-top-margin'     ><section  class='av_textblock_section av-ktie1n8s-1c1b423c6cb589db46e129f708dcb822 '   itemscope=\"itemscope\" itemtype=\"https:\/\/schema.org\/CreativeWork\" ><div class='avia_textblock'  itemprop=\"text\" ><h1 style=\"text-align: center;\"><a href=\"https:\/\/create.kahoot.it\/share\/bloggers-3-unit-4\/2d51face-15ca-4113-b8b2-90eb243ce5f3\">Bloggers 3 \u2013 Unit 4<\/a><\/h1>\n<p style=\"text-align: center;\"><b>should\/shouldn\u00b4t, be going to; zem\u011bpis, kompas, v\u00fdlet, cestov\u00e1n\u00ed<\/b><\/p>\n<\/div><\/section><\/div>\n\n<style type=\"text\/css\" data-created_by=\"avia_inline_auto\" id=\"style-css-av-7k201-a9a5d5ec6ef1b01d1e4bda36439c08af\">\n.flex_column.av-7k201-a9a5d5ec6ef1b01d1e4bda36439c08af{\nborder-radius:0px 0px 0px 0px;\npadding:0px 0px 0px 0px;\n}\n<\/style>\n<div  class='flex_column av-7k201-a9a5d5ec6ef1b01d1e4bda36439c08af av_one_full  avia-builder-el-16  el_after_av_one_full  avia-builder-el-last  first flex_column_div av-zero-column-padding  column-top-margin'     ><section  class='av_textblock_section av-ktie1n8s-1c1b423c6cb589db46e129f708dcb822 '   itemscope=\"itemscope\" itemtype=\"https:\/\/schema.org\/CreativeWork\" ><div class='avia_textblock'  itemprop=\"text\" ><h1 style=\"text-align: center;\"><a href=\"https:\/\/create.kahoot.it\/share\/bloggers-3-unit-5\/824fbe05-a85a-4e01-84d5-aff3738798cb\">Bloggers 3 \u2013 Unit 5<\/a><\/h1>\n<p style=\"text-align: center;\"><b>will\/won\u00b4t, would like to\/wouldn\u00b4t like to; po\u010das\u00ed, instrukce \u2013 cesta, sm\u011br<\/b><\/p>\n<\/div><\/section><\/div>\n","protected":false},"excerpt":{"rendered":"","protected":false},"author":4,"featured_media":0,"parent":0,"menu_order":0,"comment_status":"closed","ping_status":"closed","template":"","meta":{"footnotes":""},"class_list":["post-3025","page","type-page","status-publish","hentry"],"_links":{"self":[{"href":"https:\/\/klett.cz\/bloggers\/wp-json\/wp\/v2\/pages\/3025","targetHints":{"allow":["GET"]}}],"collection":[{"href":"https:\/\/klett.cz\/bloggers\/wp-json\/wp\/v2\/pages"}],"about":[{"href":"https:\/\/klett.cz\/bloggers\/wp-json\/wp\/v2\/types\/page"}],"author":[{"embeddable":true,"href":"https:\/\/klett.cz\/bloggers\/wp-json\/wp\/v2\/users\/4"}],"replies":[{"embeddable":true,"href":"https:\/\/klett.cz\/bloggers\/wp-json\/wp\/v2\/comments?post=3025"}],"version-history":[{"count":5,"href":"https:\/\/klett.cz\/bloggers\/wp-json\/wp\/v2\/pages\/3025\/revisions"}],"predecessor-version":[{"id":3437,"href":"https:\/\/klett.cz\/bloggers\/wp-json\/wp\/v2\/pages\/3025\/revisions\/3437"}],"wp:attachment":[{"href":"https:\/\/klett.cz\/bloggers\/wp-json\/wp\/v2\/media?parent=3025"}],"curies":[{"name":"wp","href":"https:\/\/api.w.org\/{rel}","templated":true}]}}