{"id":3018,"date":"2021-09-13T10:29:18","date_gmt":"2021-09-13T08:29:18","guid":{"rendered":"https:\/\/klett.cz\/bloggers\/?page_id=3018"},"modified":"2021-09-24T20:28:49","modified_gmt":"2021-09-24T18:28:49","slug":"kahoot-bloggers-2","status":"publish","type":"page","link":"https:\/\/klett.cz\/bloggers\/kahoot-bloggers-2\/","title":{"rendered":"Kahoot! \u2013 Bloggers 2"},"content":{"rendered":"\n<style type=\"text\/css\" data-created_by=\"avia_inline_auto\" id=\"style-css-av-fjr656-0e94f760d544f412a6612969225e2dd8\">\n.flex_column.av-fjr656-0e94f760d544f412a6612969225e2dd8{\nborder-radius:0px 0px 0px 0px;\npadding:0px 0px 0px 0px;\n}\n<\/style>\n<div  class='flex_column av-fjr656-0e94f760d544f412a6612969225e2dd8 av_one_full  avia-builder-el-0  el_before_av_one_full  avia-builder-el-first  first flex_column_div av-zero-column-padding  '     ><style type=\"text\/css\" data-created_by=\"avia_inline_auto\" id=\"style-css-av-km3lhwxq-2e3745e35602ae37e8601408d13c0c7a\">\n.avia-image-container.av-km3lhwxq-2e3745e35602ae37e8601408d13c0c7a img.avia_image{\nbox-shadow:none;\n}\n.avia-image-container.av-km3lhwxq-2e3745e35602ae37e8601408d13c0c7a .av-image-caption-overlay-center{\ncolor:#ffffff;\n}\n<\/style>\n<div  class='avia-image-container av-km3lhwxq-2e3745e35602ae37e8601408d13c0c7a av-styling- avia-align-center  avia-builder-el-1  avia-builder-el-no-sibling '   itemprop=\"image\" itemscope=\"itemscope\" itemtype=\"https:\/\/schema.org\/ImageObject\" ><div class=\"avia-image-container-inner\"><div class=\"avia-image-overlay-wrap\"><img decoding=\"async\" fetchpriority=\"high\" class='wp-image-2516 avia-img-lazy-loading-not-2516 avia_image ' src=\"https:\/\/klett.cz\/bloggers\/wp-content\/uploads\/1280px-Kahoot_Logo.svg_-300x102..png\" alt='' title='1280px-Kahoot_Logo.svg_-300x102.'  height=\"102\" width=\"300\"  itemprop=\"thumbnailUrl\"  \/><\/div><\/div><\/div><\/div>\n\n<style type=\"text\/css\" data-created_by=\"avia_inline_auto\" id=\"style-css-av-eib7wq-1d418b3126785b15a5cac90a7e0190f2\">\n.flex_column.av-eib7wq-1d418b3126785b15a5cac90a7e0190f2{\nborder-radius:0px 0px 0px 0px;\npadding:0px 0px 0px 0px;\n}\n<\/style>\n<div  class='flex_column av-eib7wq-1d418b3126785b15a5cac90a7e0190f2 av_one_full  avia-builder-el-2  el_after_av_one_full  el_before_av_one_full  first flex_column_div av-zero-column-padding  column-top-margin'     ><section  class='av_textblock_section av-ktidqzu8-92b250007122442c805f59d615e893f9 '   itemscope=\"itemscope\" itemtype=\"https:\/\/schema.org\/CreativeWork\" ><div class='avia_textblock'  itemprop=\"text\" ><h1 style=\"text-align: center;\">ONLINE KV\u00cdZY KAHOOT! K BLOGGERS 2<\/h1>\n<\/div><\/section><\/div>\n\n<style type=\"text\/css\" data-created_by=\"avia_inline_auto\" id=\"style-css-av-d5xr0a-4ceb3deb1dbdcd6e9b57605cbab08847\">\n.flex_column.av-d5xr0a-4ceb3deb1dbdcd6e9b57605cbab08847{\nborder-radius:0px 0px 0px 0px;\npadding:0px 0px 0px 0px;\n}\n<\/style>\n<div  class='flex_column av-d5xr0a-4ceb3deb1dbdcd6e9b57605cbab08847 av_one_full  avia-builder-el-4  el_after_av_one_full  el_before_av_one_full  first flex_column_div av-zero-column-padding  column-top-margin'     ><style type=\"text\/css\" data-created_by=\"avia_inline_auto\" id=\"style-css-av-ktidsf20-f7b40973163ec59acf906f600ccdc871\">\n.avia-image-container.av-ktidsf20-f7b40973163ec59acf906f600ccdc871 img.avia_image{\nbox-shadow:none;\n}\n.avia-image-container.av-ktidsf20-f7b40973163ec59acf906f600ccdc871 .av-image-caption-overlay-center{\ncolor:#ffffff;\n}\n<\/style>\n<div  class='avia-image-container av-ktidsf20-f7b40973163ec59acf906f600ccdc871 av-styling- avia-align-center  avia-builder-el-5  avia-builder-el-no-sibling '   itemprop=\"image\" itemscope=\"itemscope\" itemtype=\"https:\/\/schema.org\/ImageObject\" ><div class=\"avia-image-container-inner\"><div class=\"avia-image-overlay-wrap\"><img decoding=\"async\" fetchpriority=\"high\" class='wp-image-2901 avia-img-lazy-loading-not-2901 avia_image ' src=\"https:\/\/klett.cz\/bloggers\/wp-content\/uploads\/Bloggers2-ucebnice-obalka-218x300.png\" alt='' title='Uc\u030cebnice Blogger 2'  height=\"300\" width=\"218\"  itemprop=\"thumbnailUrl\" srcset=\"https:\/\/klett.cz\/bloggers\/wp-content\/uploads\/Bloggers2-ucebnice-obalka-218x300.png 218w, https:\/\/klett.cz\/bloggers\/wp-content\/uploads\/Bloggers2-ucebnice-obalka.png 419w\" sizes=\"(max-width: 218px) 100vw, 218px\" \/><\/div><\/div><\/div><\/div>\n\n<style type=\"text\/css\" data-created_by=\"avia_inline_auto\" id=\"style-css-av-a6xaqi-e19aa792788be312dc5b3fe8b0fc6801\">\n.flex_column.av-a6xaqi-e19aa792788be312dc5b3fe8b0fc6801{\nborder-radius:0px 0px 0px 0px;\npadding:0px 0px 0px 0px;\n}\n<\/style>\n<div  class='flex_column av-a6xaqi-e19aa792788be312dc5b3fe8b0fc6801 av_one_full  avia-builder-el-6  el_after_av_one_full  el_before_av_one_full  first flex_column_div av-zero-column-padding  column-top-margin'     ><section  class='av_textblock_section av-ktidt3ce-0ed0cd3762b367e73df3ee4af3cca141 '   itemscope=\"itemscope\" itemtype=\"https:\/\/schema.org\/CreativeWork\" ><div class='avia_textblock'  itemprop=\"text\" ><h1 style=\"text-align: center;\"><a href=\"https:\/\/create.kahoot.it\/share\/bloggers-2-unit-0\/752400eb-0fb3-41a7-99ff-5efafa0b27fa\">Bloggers 2 \u2013 Unit 0<\/a><\/h1>\n<p style=\"text-align: center;\"><b>there is\/are, p\u0159\u00edtomn\u00fd \u010das prost\u00fd, p\u0159\u00edtomn\u00fd \u010das pr\u016fb\u011bhov\u00fd; \u0161kola, kon\u00ed\u010dky, denn\u00ed re\u017eim<\/b><\/p>\n<\/div><\/section><\/div>\n<style type=\"text\/css\" data-created_by=\"avia_inline_auto\" id=\"style-css-av-9emcmy-965367698c0808f447913854c8f5193e\">\n.flex_column.av-9emcmy-965367698c0808f447913854c8f5193e{\nborder-radius:0px 0px 0px 0px;\npadding:0px 0px 0px 0px;\n}\n<\/style>\n<div  class='flex_column av-9emcmy-965367698c0808f447913854c8f5193e av_one_full  avia-builder-el-8  el_after_av_one_full  el_before_av_one_full  first flex_column_div av-zero-column-padding  column-top-margin'     ><section  class='av_textblock_section av-ktidt3ce-0ed0cd3762b367e73df3ee4af3cca141 '   itemscope=\"itemscope\" itemtype=\"https:\/\/schema.org\/CreativeWork\" ><div class='avia_textblock'  itemprop=\"text\" ><h1 style=\"text-align: center;\"><a href=\"https:\/\/create.kahoot.it\/share\/bloggers-2-unit-1\/e9940ac0-24ce-44af-91c3-50022d20fa91\">Bloggers 2 \u2013 Unit 1<\/a><\/h1>\n<p style=\"text-align: center;\"><b>need\/need to, p\u0159\u00edslove\u010dn\u00e9 ur\u010den\u00ed m\u00edry (very\/quite\/a bit\/not at all), spojky (a\/ale\/proto\u017ee); sporty, zdrav\u00fd \u017eivotn\u00ed styl<\/b><\/p>\n<\/div><\/section><\/div>\n<style type=\"text\/css\" data-created_by=\"avia_inline_auto\" id=\"style-css-av-7p725m-698230a3c87fe0a0059194964fe36f0f\">\n.flex_column.av-7p725m-698230a3c87fe0a0059194964fe36f0f{\nborder-radius:0px 0px 0px 0px;\npadding:0px 0px 0px 0px;\n}\n<\/style>\n<div  class='flex_column av-7p725m-698230a3c87fe0a0059194964fe36f0f av_one_full  avia-builder-el-10  el_after_av_one_full  el_before_av_one_full  first flex_column_div av-zero-column-padding  column-top-margin'     ><section  class='av_textblock_section av-ktidt3ce-0ed0cd3762b367e73df3ee4af3cca141 '   itemscope=\"itemscope\" itemtype=\"https:\/\/schema.org\/CreativeWork\" ><div class='avia_textblock'  itemprop=\"text\" ><h1 style=\"text-align: center;\"><a href=\"https:\/\/create.kahoot.it\/share\/bloggers-2-unit-2\/6431601d-6c19-4354-9af4-8f7eb15196a6\">Bloggers 2 \u2013 Unit 2<\/a><\/h1>\n<p style=\"text-align: center;\"><b>a few\/a little\/a lot of, how much\/how many\/a lot of, (ne)po\u010ditateln\u00e1 jm\u00e9na, some\/any; j\u00eddlo<\/b><\/p>\n<\/div><\/section><\/div>\n<style type=\"text\/css\" data-created_by=\"avia_inline_auto\" id=\"style-css-av-6k4kui-383cdd76b2691742b9688805060e4596\">\n.flex_column.av-6k4kui-383cdd76b2691742b9688805060e4596{\nborder-radius:0px 0px 0px 0px;\npadding:0px 0px 0px 0px;\n}\n<\/style>\n<div  class='flex_column av-6k4kui-383cdd76b2691742b9688805060e4596 av_one_full  avia-builder-el-12  el_after_av_one_full  el_before_av_one_full  first flex_column_div av-zero-column-padding  column-top-margin'     ><section  class='av_textblock_section av-ktidt3ce-0ed0cd3762b367e73df3ee4af3cca141 '   itemscope=\"itemscope\" itemtype=\"https:\/\/schema.org\/CreativeWork\" ><div class='avia_textblock'  itemprop=\"text\" ><h1 style=\"text-align: center;\"><a href=\"https:\/\/create.kahoot.it\/share\/bloggers-2-unit-3\/85a702d9-e137-4953-b7df-08e02edd4197\">Bloggers 2 \u2013 Unit 3<\/a><\/h1>\n<p style=\"text-align: center;\"><b>stup\u0148ov\u00e1n\u00ed; p\u0159\u00edroda, zv\u00ed\u0159ata, dom\u00e1c\u00ed mazl\u00ed\u010dci<\/b><\/p>\n<\/div><\/section><\/div>\n<style type=\"text\/css\" data-created_by=\"avia_inline_auto\" id=\"style-css-av-4ai1t6-9ecb3875dbf89148552e7b93c833e601\">\n.flex_column.av-4ai1t6-9ecb3875dbf89148552e7b93c833e601{\nborder-radius:0px 0px 0px 0px;\npadding:0px 0px 0px 0px;\n}\n<\/style>\n<div  class='flex_column av-4ai1t6-9ecb3875dbf89148552e7b93c833e601 av_one_full  avia-builder-el-14  el_after_av_one_full  el_before_av_one_full  first flex_column_div av-zero-column-padding  column-top-margin'     ><section  class='av_textblock_section av-ktidt3ce-0ed0cd3762b367e73df3ee4af3cca141 '   itemscope=\"itemscope\" itemtype=\"https:\/\/schema.org\/CreativeWork\" ><div class='avia_textblock'  itemprop=\"text\" ><h1 style=\"text-align: center;\"><a href=\"https:\/\/create.kahoot.it\/share\/bloggers-2-unit-4\/3400ff4b-4e73-409e-a40d-f9eab9a7803e\">Bloggers 2 \u2013 Unit 4<\/a><\/h1>\n<p style=\"text-align: center;\"><b>minul\u00fd \u010das prost\u00fd \u2013 kladn\u00e9 v\u011bty, pravideln\u00e1 slovesa\/nepravideln\u00e1 (go\/see\/have\/eat\/buy\/take); m\u011bsto, cestov\u00e1n\u00ed<\/b><\/p>\n<\/div><\/section><\/div>\n<style type=\"text\/css\" data-created_by=\"avia_inline_auto\" id=\"style-css-av-2bd6ga-69b6a3bb5b36322f05e0fff8d48affa8\">\n.flex_column.av-2bd6ga-69b6a3bb5b36322f05e0fff8d48affa8{\nborder-radius:0px 0px 0px 0px;\npadding:0px 0px 0px 0px;\n}\n<\/style>\n<div  class='flex_column av-2bd6ga-69b6a3bb5b36322f05e0fff8d48affa8 av_one_full  avia-builder-el-16  el_after_av_one_full  avia-builder-el-last  first flex_column_div av-zero-column-padding  column-top-margin'     ><section  class='av_textblock_section av-ktidt3ce-0ed0cd3762b367e73df3ee4af3cca141 '   itemscope=\"itemscope\" itemtype=\"https:\/\/schema.org\/CreativeWork\" ><div class='avia_textblock'  itemprop=\"text\" ><h1 style=\"text-align: center;\"><a href=\"https:\/\/create.kahoot.it\/share\/bloggers-2-unit-5\/d39ee828-eae7-4d14-ae43-439b1d4941ba\">Bloggers 2 \u2013 Unit 5<\/a><\/h1>\n<p style=\"text-align: center;\"><b>minul\u00fd \u010das prost\u00fd \u2013 z\u00e1por, ot\u00e1zka; film, filmov\u00e9 hv\u011bzdy, \u017eivotopis<\/b><\/p>\n<\/div><\/section><\/div><\/p>\n","protected":false},"excerpt":{"rendered":"","protected":false},"author":4,"featured_media":0,"parent":0,"menu_order":0,"comment_status":"closed","ping_status":"closed","template":"","meta":{"footnotes":""},"class_list":["post-3018","page","type-page","status-publish","hentry"],"_links":{"self":[{"href":"https:\/\/klett.cz\/bloggers\/wp-json\/wp\/v2\/pages\/3018","targetHints":{"allow":["GET"]}}],"collection":[{"href":"https:\/\/klett.cz\/bloggers\/wp-json\/wp\/v2\/pages"}],"about":[{"href":"https:\/\/klett.cz\/bloggers\/wp-json\/wp\/v2\/types\/page"}],"author":[{"embeddable":true,"href":"https:\/\/klett.cz\/bloggers\/wp-json\/wp\/v2\/users\/4"}],"replies":[{"embeddable":true,"href":"https:\/\/klett.cz\/bloggers\/wp-json\/wp\/v2\/comments?post=3018"}],"version-history":[{"count":5,"href":"https:\/\/klett.cz\/bloggers\/wp-json\/wp\/v2\/pages\/3018\/revisions"}],"predecessor-version":[{"id":3056,"href":"https:\/\/klett.cz\/bloggers\/wp-json\/wp\/v2\/pages\/3018\/revisions\/3056"}],"wp:attachment":[{"href":"https:\/\/klett.cz\/bloggers\/wp-json\/wp\/v2\/media?parent=3018"}],"curies":[{"name":"wp","href":"https:\/\/api.w.org\/{rel}","templated":true}]}}