{"id":2505,"date":"2020-12-08T14:35:46","date_gmt":"2020-12-08T13:35:46","guid":{"rendered":"https:\/\/klett.cz\/bloggers\/?page_id=2505"},"modified":"2023-01-13T20:49:59","modified_gmt":"2023-01-13T19:49:59","slug":"booster","status":"publish","type":"page","link":"https:\/\/klett.cz\/bloggers\/booster\/","title":{"rendered":"Booster"},"content":{"rendered":"\n<style type=\"text\/css\" data-created_by=\"avia_inline_auto\" id=\"style-css-av-8jonnd-e53b2da34f43427bcc5211e241f32c63\">\n.flex_column.av-8jonnd-e53b2da34f43427bcc5211e241f32c63{\nborder-radius:0px 0px 0px 0px;\npadding:0px 0px 0px 0px;\n}\n<\/style>\n<div  class='flex_column av-8jonnd-e53b2da34f43427bcc5211e241f32c63 av_one_full  avia-builder-el-0  el_before_av_one_full  avia-builder-el-first  first flex_column_div av-zero-column-padding  '     ><style type=\"text\/css\" data-created_by=\"avia_inline_auto\" id=\"style-css-av-kig0jjye-33fa096ae3ec782b0f186dfaad9f1342\">\n.avia-image-container.av-kig0jjye-33fa096ae3ec782b0f186dfaad9f1342 img.avia_image{\nbox-shadow:none;\n}\n.avia-image-container.av-kig0jjye-33fa096ae3ec782b0f186dfaad9f1342 .av-image-caption-overlay-center{\ncolor:#ffffff;\n}\n<\/style>\n<div  class='avia-image-container av-kig0jjye-33fa096ae3ec782b0f186dfaad9f1342 av-styling- avia-align-center  avia-builder-el-1  avia-builder-el-no-sibling '   itemprop=\"image\" itemscope=\"itemscope\" itemtype=\"https:\/\/schema.org\/ImageObject\" ><div class=\"avia-image-container-inner\"><div class=\"avia-image-overlay-wrap\"><img decoding=\"async\" fetchpriority=\"high\" class='wp-image-2507 avia-img-lazy-loading-not-2507 avia_image ' src=\"https:\/\/klett.cz\/bloggers\/wp-content\/uploads\/logo-Booster-300x85.jpg\" alt='' title='logo Booster'  height=\"85\" width=\"300\"  itemprop=\"thumbnailUrl\" srcset=\"https:\/\/klett.cz\/bloggers\/wp-content\/uploads\/logo-Booster-300x85.jpg 300w, https:\/\/klett.cz\/bloggers\/wp-content\/uploads\/logo-Booster-768x219.jpg 768w, https:\/\/klett.cz\/bloggers\/wp-content\/uploads\/logo-Booster-705x201.jpg 705w, https:\/\/klett.cz\/bloggers\/wp-content\/uploads\/logo-Booster-450x128.jpg 450w, https:\/\/klett.cz\/bloggers\/wp-content\/uploads\/logo-Booster.jpg 892w\" sizes=\"(max-width: 300px) 100vw, 300px\" \/><\/div><\/div><\/div><\/div>\n\n<style type=\"text\/css\" data-created_by=\"avia_inline_auto\" id=\"style-css-av-7u6g3d-d439a8889f8f905d551268c7db87544d\">\n.flex_column.av-7u6g3d-d439a8889f8f905d551268c7db87544d{\nborder-radius:0px 0px 0px 0px;\npadding:0px 0px 0px 0px;\n}\n<\/style>\n<div  class='flex_column av-7u6g3d-d439a8889f8f905d551268c7db87544d av_one_full  avia-builder-el-2  el_after_av_one_full  el_before_av_one_full  first flex_column_div av-zero-column-padding  column-top-margin'     ><section  class='av_textblock_section av-kig0kg6z-b10687a02c2b8aff25a2473c61397db7 '   itemscope=\"itemscope\" itemtype=\"https:\/\/schema.org\/CreativeWork\" ><div class='avia_textblock'  itemprop=\"text\" ><h1 style=\"text-align: center;\">Booster<\/h1>\n<h2 style=\"text-align: center;\">Dopl\u0148kov\u00e1 cvi\u010den\u00ed k Bloggers<\/h2>\n<\/div><\/section><\/div>\n\n<style type=\"text\/css\" data-created_by=\"avia_inline_auto\" id=\"style-css-av-68nz21-e0195bc3fa0f9fce9501f2d496a7ea4b\">\n.flex_column.av-68nz21-e0195bc3fa0f9fce9501f2d496a7ea4b{\nborder-radius:0px 0px 0px 0px;\npadding:0px 0px 0px 0px;\n}\n<\/style>\n<div  class='flex_column av-68nz21-e0195bc3fa0f9fce9501f2d496a7ea4b av_one_full  avia-builder-el-4  el_after_av_one_full  el_before_av_one_full  first flex_column_div av-zero-column-padding  column-top-margin'     ><section  class='av_textblock_section av-kig0m0ud-a2ad884dd9f775c1577e2d91c625c98d '   itemscope=\"itemscope\" itemtype=\"https:\/\/schema.org\/CreativeWork\" ><div class='avia_textblock'  itemprop=\"text\" ><p style=\"text-align: center;\">Booster slou\u017e\u00ed k d\u016fkladn\u00e9mu procvi\u010den\u00ed gramatiky a slovn\u00ed z\u00e1soby prob\u00edran\u00e9 v u\u010debnic\u00edch Bloggers. P\u0159in\u00e1\u0161\u00ed aktivity, kter\u00e9 nezvy\u0161uj\u00ed n\u00e1ro\u010dnost vy\u0301uky, ale pom\u00e1haj\u00ed \u017e\u00e1k\u016fm zvl\u00e1dat prob\u00edran\u00e9 u\u010divo po maly\u0301ch kroc\u00edch a l\u00e1tku si tak dostate\u010dn\u011b upevnit.<\/p>\n<\/div><\/section><\/div>\n\n<style type=\"text\/css\" data-created_by=\"avia_inline_auto\" id=\"style-css-av-2rnsvt-d5715e2e1e7ec1863a6916b8283b338d\">\n.flex_column.av-2rnsvt-d5715e2e1e7ec1863a6916b8283b338d{\nborder-radius:0px 0px 0px 0px;\npadding:0px 0px 0px 0px;\n}\n<\/style>\n<div  class='flex_column av-2rnsvt-d5715e2e1e7ec1863a6916b8283b338d av_one_full  avia-builder-el-6  el_after_av_one_full  el_before_av_one_full  first flex_column_div av-zero-column-padding  column-top-margin'     ><style type=\"text\/css\" data-created_by=\"avia_inline_auto\" id=\"style-css-av-knk7cfeu-0479b68d474879a0f96e5f6aa4c12118\">\n.avia-image-container.av-knk7cfeu-0479b68d474879a0f96e5f6aa4c12118 img.avia_image{\nbox-shadow:none;\n}\n.avia-image-container.av-knk7cfeu-0479b68d474879a0f96e5f6aa4c12118 .av-image-caption-overlay-center{\ncolor:#ffffff;\n}\n<\/style>\n<div  class='avia-image-container av-knk7cfeu-0479b68d474879a0f96e5f6aa4c12118 av-styling- avia-align-center  avia-builder-el-7  avia-builder-el-no-sibling '   itemprop=\"image\" itemscope=\"itemscope\" itemtype=\"https:\/\/schema.org\/ImageObject\" ><div class=\"avia-image-container-inner\"><div class=\"avia-image-overlay-wrap\"><img decoding=\"async\" fetchpriority=\"high\" class='wp-image-2753 avia-img-lazy-loading-not-2753 avia_image ' src=\"https:\/\/klett.cz\/bloggers\/wp-content\/uploads\/3-2.png\" alt='' title='3'  height=\"650\" width=\"900\"  itemprop=\"thumbnailUrl\" srcset=\"https:\/\/klett.cz\/bloggers\/wp-content\/uploads\/3-2.png 900w, https:\/\/klett.cz\/bloggers\/wp-content\/uploads\/3-2-300x217.png 300w, https:\/\/klett.cz\/bloggers\/wp-content\/uploads\/3-2-768x555.png 768w, https:\/\/klett.cz\/bloggers\/wp-content\/uploads\/3-2-705x509.png 705w\" sizes=\"(max-width: 900px) 100vw, 900px\" \/><\/div><\/div><\/div><\/div>\n\n<style type=\"text\/css\" data-created_by=\"avia_inline_auto\" id=\"style-css-av-68nz21-8-cd2094ad763015e4c84414da7815da26\">\n.flex_column.av-68nz21-8-cd2094ad763015e4c84414da7815da26{\nborder-radius:0px 0px 0px 0px;\npadding:0px 0px 0px 0px;\n}\n<\/style>\n<div  class='flex_column av-68nz21-8-cd2094ad763015e4c84414da7815da26 av_one_full  avia-builder-el-8  el_after_av_one_full  el_before_av_one_full  first flex_column_div av-zero-column-padding  column-top-margin'     ><section  class='av_textblock_section av-kig0m0ud-7-4f547e0d74e27c1afe24965646352e20 '   itemscope=\"itemscope\" itemtype=\"https:\/\/schema.org\/CreativeWork\" ><div class='avia_textblock'  itemprop=\"text\" ><p style=\"margin: 0cm; text-align: center;\" align=\"center\">Booster je v\u017edy propojen\u00fd s\u00a0lekcemi 1-5, kter\u00e9 p\u0159in\u00e1\u0161ej\u00ed nov\u00e9 u\u010divo: ke ka\u017ed\u00e9 jejich \u010d\u00e1sti A-D p\u0159id\u00e1v\u00e1 dal\u0161\u00ed dv\u011b strany cvi\u010den\u00ed. Najdete tu poslechy z\u00a0u\u010debnic Bloggers v nov\u00e9m kontextu. Maj\u00ed form\u00e1t MP3 a jsou voln\u011b ke sta\u017een\u00ed, pop\u0159. p\u0159\u00edstupn\u00e9 prost\u0159ednictv\u00edm QR k\u00f3d\u016f.<\/p>\n<p style=\"margin: 0cm; text-align: center;\" align=\"center\">K dispozici jsou rovn\u011b\u017e odkazy ke cvi\u010den\u00edm na port\u00e1lu Kahoot!<\/p>\n<\/div><\/section><\/div>\n\n<style type=\"text\/css\" data-created_by=\"avia_inline_auto\" id=\"style-css-av-3n7znt-1734e190ac38ef7fc9b7075827c9d3bb\">\n.flex_column.av-3n7znt-1734e190ac38ef7fc9b7075827c9d3bb{\nborder-radius:0px 0px 0px 0px;\npadding:0px 0px 0px 0px;\n}\n<\/style>\n<div  class='flex_column av-3n7znt-1734e190ac38ef7fc9b7075827c9d3bb av_one_full  avia-builder-el-10  el_after_av_one_full  el_before_av_one_full  first flex_column_div av-zero-column-padding  column-top-margin'     ><section  class='av_textblock_section av-km53pmab-7c01388dc97e455b87796c03aaae795e '   itemscope=\"itemscope\" itemtype=\"https:\/\/schema.org\/CreativeWork\" ><div class='avia_textblock'  itemprop=\"text\" ><h2 style=\"text-align: center;\">Prohl\u00e9dn\u011bte si uk\u00e1zku Boosteru<\/h2>\n<\/div><\/section><\/div>\n\n<style type=\"text\/css\" data-created_by=\"avia_inline_auto\" id=\"style-css-av-361mux-c1cbd859eeba03e5a1b442747e0bc9d8\">\n.flex_column.av-361mux-c1cbd859eeba03e5a1b442747e0bc9d8{\nborder-radius:0px 0px 0px 0px;\npadding:0px 0px 0px 0px;\n}\n<\/style>\n<div  class='flex_column av-361mux-c1cbd859eeba03e5a1b442747e0bc9d8 av_one_full  avia-builder-el-12  el_after_av_one_full  el_before_av_one_full  first flex_column_div av-zero-column-padding  column-top-margin'     ><p>\n<style type=\"text\/css\" data-created_by=\"avia_inline_auto\" id=\"style-css-av-km53oqy2-b163f62ef555e1206e3df1f42563002b\">\n.avia-image-container.av-km53oqy2-b163f62ef555e1206e3df1f42563002b img.avia_image{\nbox-shadow:none;\n}\n.avia-image-container.av-km53oqy2-b163f62ef555e1206e3df1f42563002b .av-image-caption-overlay-center{\ncolor:#ffffff;\n}\n<\/style>\n<div  class='avia-image-container av-km53oqy2-b163f62ef555e1206e3df1f42563002b av-styling- av-img-linked avia-align-center  avia-builder-el-13  el_before_av_hr  avia-builder-el-first '   itemprop=\"image\" itemscope=\"itemscope\" itemtype=\"https:\/\/schema.org\/ImageObject\" ><div class=\"avia-image-container-inner\"><div class=\"avia-image-overlay-wrap\"><a href=\"https:\/\/issuu.com\/klett2\/docs\/bloggers_1-booster-ukazka\" class='avia_image '  aria-label='Booster_ukazka'><img decoding=\"async\" fetchpriority=\"high\" class='wp-image-2750 avia-img-lazy-loading-not-2750 avia_image ' src=\"https:\/\/klett.cz\/bloggers\/wp-content\/uploads\/Booster_ukazka-1.png\" alt='' title='Booster_ukazka'  height=\"713\" width=\"504\"  itemprop=\"thumbnailUrl\" srcset=\"https:\/\/klett.cz\/bloggers\/wp-content\/uploads\/Booster_ukazka-1.png 504w, https:\/\/klett.cz\/bloggers\/wp-content\/uploads\/Booster_ukazka-1-212x300.png 212w, https:\/\/klett.cz\/bloggers\/wp-content\/uploads\/Booster_ukazka-1-498x705.png 498w\" sizes=\"(max-width: 504px) 100vw, 504px\" \/><\/a><\/div><\/div><\/div><br \/>\n\n<style type=\"text\/css\" data-created_by=\"avia_inline_auto\" id=\"style-css-av-km4ue91w-bb1b6f2d5a5374073a2265439efcb0d5\">\n#top .hr.hr-invisible.av-km4ue91w-bb1b6f2d5a5374073a2265439efcb0d5{\nheight:70px;\n}\n<\/style>\n<div  class='hr av-km4ue91w-bb1b6f2d5a5374073a2265439efcb0d5 hr-invisible  avia-builder-el-14  el_after_av_image  avia-builder-el-last '><span class='hr-inner '><span class=\"hr-inner-style\"><\/span><\/span><\/div><\/p><\/div>\n\n<style type=\"text\/css\" data-created_by=\"avia_inline_auto\" id=\"style-css-av-1dkc9-37723b5bb799cf24047a5067160d8888\">\n.flex_column.av-1dkc9-37723b5bb799cf24047a5067160d8888{\nborder-radius:0px 0px 0px 0px;\npadding:0px 0px 0px 0px;\n}\n<\/style>\n<div  class='flex_column av-1dkc9-37723b5bb799cf24047a5067160d8888 av_one_full  avia-builder-el-15  el_after_av_one_full  el_before_av_one_full  first flex_column_div av-zero-column-padding  column-top-margin'     ><div  class='avia-button-wrap av-kig0p3sh-a6c7051e09706071ba034b664e69fa0d-wrap avia-button-center  avia-builder-el-16  avia-builder-el-no-sibling '><a href='https:\/\/klett.cz\/bloggers\/wp-content\/uploads\/Bloggers_Booster_poslechy.zip'  class='avia-button av-kig0p3sh-a6c7051e09706071ba034b664e69fa0d av-link-btn avia-icon_select-no avia-size-x-large avia-position-center avia-color-theme-color'   aria-label=\"ST\u00c1HNOUT POSLECHY\"><span class='avia_iconbox_title' >ST\u00c1HNOUT POSLECHY<\/span><\/a><\/div><\/div>\n\n<style type=\"text\/css\" data-created_by=\"avia_inline_auto\" id=\"style-css-av-8kf0q1-a7c22606504efd90cb10602ea25a0a16\">\n.flex_column.av-8kf0q1-a7c22606504efd90cb10602ea25a0a16{\nborder-radius:0px 0px 0px 0px;\npadding:0px 0px 0px 0px;\n}\n<\/style>\n<div  class='flex_column av-8kf0q1-a7c22606504efd90cb10602ea25a0a16 av_one_full  avia-builder-el-17  el_after_av_one_full  el_before_av_one_full  first flex_column_div av-zero-column-padding  column-top-margin'     ><\/div>\n\n<style type=\"text\/css\" data-created_by=\"avia_inline_auto\" id=\"style-css-av-78c1wp-72500baf0815050cb125f4fcac9f0276\">\n.flex_column.av-78c1wp-72500baf0815050cb125f4fcac9f0276{\nborder-radius:0px 0px 0px 0px;\npadding:0px 0px 0px 0px;\n}\n<\/style>\n<div  class='flex_column av-78c1wp-72500baf0815050cb125f4fcac9f0276 av_one_full  avia-builder-el-18  el_after_av_one_full  el_before_av_one_full  first flex_column_div av-zero-column-padding  column-top-margin'     ><section  class='av_textblock_section av-5ofvmx-0af85df9eecaaa54a45c553b55dc2865 '   itemscope=\"itemscope\" itemtype=\"https:\/\/schema.org\/CreativeWork\" ><div class='avia_textblock'  itemprop=\"text\" ><h2 style=\"text-align: center;\">Vyberte si cvi\u010den\u00ed Kahoot k libovoln\u00e9mu Boosteru<\/h2>\n<\/div><\/section><\/div>\n\n<style type=\"text\/css\" data-created_by=\"avia_inline_auto\" id=\"style-css-av-257z3d-683a8c0e3af2a4b640a97a4acbf6e8cb\">\n.flex_column.av-257z3d-683a8c0e3af2a4b640a97a4acbf6e8cb{\nborder-radius:0px 0px 0px 0px;\npadding:0px 0px 0px 0px;\n}\n<\/style>\n<div  class='flex_column av-257z3d-683a8c0e3af2a4b640a97a4acbf6e8cb av_one_full  avia-builder-el-20  el_after_av_one_full  el_before_av_one_full  first flex_column_div av-zero-column-padding  column-top-margin'     ><div  class='avia-button-wrap av-kig0plme-3916565b22f01c11787f36dfed4f53fd-wrap avia-button-center  avia-builder-el-21  avia-builder-el-no-sibling '><a href='https:\/\/klett.cz\/bloggers\/kahoot-booster-1\/'  class='avia-button av-kig0plme-3916565b22f01c11787f36dfed4f53fd av-link-btn avia-icon_select-no avia-size-x-large avia-position-center avia-color-theme-color'   aria-label=\"CVI\u010cEN\u00cd KAHOOT BOOSTER 1\"><span class='avia_iconbox_title' >CVI\u010cEN\u00cd KAHOOT BOOSTER 1<\/span><\/a><\/div><\/div>\n<style type=\"text\/css\" data-created_by=\"avia_inline_auto\" id=\"style-css-av-4sgwg9-70f7a6a926b4a7fa5f5bb0b77d50cc1c\">\n.flex_column.av-4sgwg9-70f7a6a926b4a7fa5f5bb0b77d50cc1c{\nborder-radius:0px 0px 0px 0px;\npadding:0px 0px 0px 0px;\n}\n<\/style>\n<div  class='flex_column av-4sgwg9-70f7a6a926b4a7fa5f5bb0b77d50cc1c av_one_full  avia-builder-el-22  el_after_av_one_full  el_before_av_one_full  first flex_column_div av-zero-column-padding  column-top-margin'     ><div  class='avia-button-wrap av-lcu7p2dc-774dfd93eb40794097c64b9787243555-wrap avia-button-center  avia-builder-el-23  avia-builder-el-no-sibling '><a href='https:\/\/klett.cz\/bloggers\/kahoot-booster-2\/'  class='avia-button av-lcu7p2dc-774dfd93eb40794097c64b9787243555 av-link-btn avia-icon_select-no avia-size-x-large avia-position-center avia-color-theme-color'   aria-label=\"CVI\u010cEN\u00cd KAHOOT BOOSTER 2\"><span class='avia_iconbox_title' >CVI\u010cEN\u00cd KAHOOT BOOSTER 2<\/span><\/a><\/div><\/div>\n<style type=\"text\/css\" data-created_by=\"avia_inline_auto\" id=\"style-css-av-37ccyh-d2ceb5f9b7ff9261e584036249dbe3a2\">\n.flex_column.av-37ccyh-d2ceb5f9b7ff9261e584036249dbe3a2{\nborder-radius:0px 0px 0px 0px;\npadding:0px 0px 0px 0px;\n}\n<\/style>\n<div  class='flex_column av-37ccyh-d2ceb5f9b7ff9261e584036249dbe3a2 av_one_full  avia-builder-el-24  el_after_av_one_full  el_before_av_one_full  first flex_column_div av-zero-column-padding  column-top-margin'     ><\/div><\/p>\n\n<style type=\"text\/css\" data-created_by=\"avia_inline_auto\" id=\"style-css-av-27uhvd-99374284f225827b16f5aee4e3efd3d5\">\n.flex_column.av-27uhvd-99374284f225827b16f5aee4e3efd3d5{\nborder-radius:0px 0px 0px 0px;\npadding:0px 0px 0px 0px;\n}\n<\/style>\n<div  class='flex_column av-27uhvd-99374284f225827b16f5aee4e3efd3d5 av_one_full  avia-builder-el-25  el_after_av_one_full  el_before_av_one_full  first flex_column_div av-zero-column-padding  column-top-margin'     ><p>\n<style type=\"text\/css\" data-created_by=\"avia_inline_auto\" id=\"style-css-av-km4ue91w-6-6af41a4b38f5cd72f00ebe589147e144\">\n#top .hr.hr-invisible.av-km4ue91w-6-6af41a4b38f5cd72f00ebe589147e144{\nheight:70px;\n}\n<\/style>\n<div  class='hr av-km4ue91w-6-6af41a4b38f5cd72f00ebe589147e144 hr-invisible  avia-builder-el-26  el_before_av_textblock  avia-builder-el-first '><span class='hr-inner '><span class=\"hr-inner-style\"><\/span><\/span><\/div><br \/>\n<section  class='av_textblock_section av-km4psm1a-26f2c13c548ea913a55c07bb4f05e351 '   itemscope=\"itemscope\" itemtype=\"https:\/\/schema.org\/CreativeWork\" ><div class='avia_textblock'  itemprop=\"text\" ><h1 style=\"text-align: center;\">Komiks<\/h1>\n<p style=\"text-align: center;\">Jednotliv\u00e9 d\u00edly komiksu jsou gramaticky a tematicky prov\u00e1zan\u00e9 s p\u0159\u00edslu\u0161nou lekc\u00ed u\u010debnice Bloggers 1. Slovn\u00ed z\u00e1soba je z\u010d\u00e1sti nov\u00e1, proto se p\u0159edpokl\u00e1d\u00e1 pomoc u\u010ditele nebo slovn\u00edku.<\/p>\n<\/div><\/section><\/p><\/div>\n\n<style type=\"text\/css\" data-created_by=\"avia_inline_auto\" id=\"style-css-av-99g2zt-784a2264fd9bb6f7a8ead2bb38ed596f\">\n.flex_column.av-99g2zt-784a2264fd9bb6f7a8ead2bb38ed596f{\nborder-radius:0px 0px 0px 0px;\npadding:0px 0px 0px 0px;\n}\n<\/style>\n<div  class='flex_column av-99g2zt-784a2264fd9bb6f7a8ead2bb38ed596f av_one_full  avia-builder-el-28  el_after_av_one_full  el_before_av_one_full  first flex_column_div av-zero-column-padding  column-top-margin'     ><style type=\"text\/css\" data-created_by=\"avia_inline_auto\" id=\"style-css-av-7vp3op-dd82a45d8926fcc991f75b3ed0ecf691\">\n.avia-image-container.av-7vp3op-dd82a45d8926fcc991f75b3ed0ecf691 img.avia_image{\nbox-shadow:none;\n}\n.avia-image-container.av-7vp3op-dd82a45d8926fcc991f75b3ed0ecf691 .av-image-caption-overlay-center{\ncolor:#ffffff;\n}\n<\/style>\n<div  class='avia-image-container av-7vp3op-dd82a45d8926fcc991f75b3ed0ecf691 av-styling- avia-align-center  avia-builder-el-29  avia-builder-el-no-sibling '   itemprop=\"image\" itemscope=\"itemscope\" itemtype=\"https:\/\/schema.org\/ImageObject\" ><div class=\"avia-image-container-inner\"><div class=\"avia-image-overlay-wrap\"><img decoding=\"async\" fetchpriority=\"high\" class='wp-image-2719 avia-img-lazy-loading-not-2719 avia_image ' src=\"https:\/\/klett.cz\/bloggers\/wp-content\/uploads\/Booster_obr.png\" alt='' title='Booster_obr'  height=\"711\" width=\"503\"  itemprop=\"thumbnailUrl\" srcset=\"https:\/\/klett.cz\/bloggers\/wp-content\/uploads\/Booster_obr.png 503w, https:\/\/klett.cz\/bloggers\/wp-content\/uploads\/Booster_obr-212x300.png 212w, https:\/\/klett.cz\/bloggers\/wp-content\/uploads\/Booster_obr-499x705.png 499w\" sizes=\"(max-width: 503px) 100vw, 503px\" \/><\/div><\/div><\/div><\/div>\n\n<style type=\"text\/css\" data-created_by=\"avia_inline_auto\" id=\"style-css-av-614etl-faf2c7718d7a35cebaac8d56aac4f73b\">\n.flex_column.av-614etl-faf2c7718d7a35cebaac8d56aac4f73b{\nborder-radius:0px 0px 0px 0px;\npadding:0px 0px 0px 0px;\n}\n<\/style>\n<div  class='flex_column av-614etl-faf2c7718d7a35cebaac8d56aac4f73b av_one_full  avia-builder-el-30  el_after_av_one_full  avia-builder-el-last  first flex_column_div av-zero-column-padding  column-top-margin'     ><div  class='avia-button-wrap av-3oxag9-578e9ce0f0420c5d771498c015727c43-wrap avia-button-center  avia-builder-el-31  avia-builder-el-no-sibling '><a href='https:\/\/klett.cz\/bloggers\/wp-content\/uploads\/nahled10_BL1_komiks.pdf'  class='avia-button av-3oxag9-578e9ce0f0420c5d771498c015727c43 av-link-btn avia-icon_select-no avia-size-x-large avia-position-center avia-color-theme-color'   aria-label=\"ST\u00c1HNOUT CEL\u00dd KOMIKS\"><span class='avia_iconbox_title' >ST\u00c1HNOUT CEL\u00dd KOMIKS<\/span><\/a><\/div><\/div>\n","protected":false},"excerpt":{"rendered":"","protected":false},"author":4,"featured_media":0,"parent":0,"menu_order":0,"comment_status":"closed","ping_status":"closed","template":"","meta":{"footnotes":""},"class_list":["post-2505","page","type-page","status-publish","hentry"],"_links":{"self":[{"href":"https:\/\/klett.cz\/bloggers\/wp-json\/wp\/v2\/pages\/2505","targetHints":{"allow":["GET"]}}],"collection":[{"href":"https:\/\/klett.cz\/bloggers\/wp-json\/wp\/v2\/pages"}],"about":[{"href":"https:\/\/klett.cz\/bloggers\/wp-json\/wp\/v2\/types\/page"}],"author":[{"embeddable":true,"href":"https:\/\/klett.cz\/bloggers\/wp-json\/wp\/v2\/users\/4"}],"replies":[{"embeddable":true,"href":"https:\/\/klett.cz\/bloggers\/wp-json\/wp\/v2\/comments?post=2505"}],"version-history":[{"count":22,"href":"https:\/\/klett.cz\/bloggers\/wp-json\/wp\/v2\/pages\/2505\/revisions"}],"predecessor-version":[{"id":3497,"href":"https:\/\/klett.cz\/bloggers\/wp-json\/wp\/v2\/pages\/2505\/revisions\/3497"}],"wp:attachment":[{"href":"https:\/\/klett.cz\/bloggers\/wp-json\/wp\/v2\/media?parent=2505"}],"curies":[{"name":"wp","href":"https:\/\/api.w.org\/{rel}","templated":true}]}}