{"id":3567,"date":"2019-09-01T13:14:39","date_gmt":"2019-09-01T11:14:39","guid":{"rendered":"http:\/\/klett.cz\/blog\/?page_id=3567"},"modified":"2019-09-02T10:18:58","modified_gmt":"2019-09-02T08:18:58","slug":"archiv-jazykovych-cviceni","status":"publish","type":"page","link":"https:\/\/klett.cz\/blog\/archiv-jazykovych-cviceni\/","title":{"rendered":"Archiv jazykov\u00fdch cvi\u010den\u00ed"},"content":{"rendered":"\n<style type=\"text\/css\" data-created_by=\"avia_inline_auto\" id=\"style-css-av-6v23xr-042242f789125b2dd7282d0be9063f4d\">\n.flex_column.av-6v23xr-042242f789125b2dd7282d0be9063f4d{\n-webkit-border-radius:0px 0px 0px 0px;\n-moz-border-radius:0px 0px 0px 0px;\nborder-radius:0px 0px 0px 0px;\npadding:0px 0px 0px 0px;\n}\n<\/style>\n<div class='flex_column av-6v23xr-042242f789125b2dd7282d0be9063f4d av_one_full  avia-builder-el-0  el_before_av_one_third  avia-builder-el-first  first flex_column_div av-zero-column-padding '     ><section  class='av_textblock_section av-k00yku5w-f5d77f5cc84fa6cda82c22d6ba38d9dd'  itemscope=\"itemscope\" itemtype=\"https:\/\/schema.org\/CreativeWork\" ><div class='avia_textblock'  itemprop=\"text\" ><h1 style=\"text-align: center;\">Archiv jazykov\u00fdch cvi\u010den\u00ed<\/h1>\n<p style=\"text-align: center;\">Hled\u00e1te z\u00e1bavn\u00e9 cvi\u010den\u00ed do sv\u00e9 v\u00fduky? Vyberte si jazyk a pod\u00edvejte se do na\u0161eho archivu.<\/p>\n<h2 style=\"text-align: center;\">Jak pracovat s blogem a cvi\u010den\u00edmi?<\/h2>\n<p style=\"text-align: center;\">V menu pod sekc\u00ed Archiv jazykov\u00fdch cvi\u010den\u00ed naleznete jednotliv\u00e9 z\u00e1lo\u017eky, pod kter\u00fdmi se zobraz\u00ed cvi\u010den\u00ed nebo \u010dl\u00e1nek. Sta\u010d\u00ed rozkliknout jazyk, p\u0159\u00edpadn\u011b \u0161kolu, a rozbal\u00ed se v\u00e1m nab\u00eddka. Vyhled\u00e1vat m\u016f\u017eete tak\u00e9 pomoc\u00ed lupy, kde po kliknut\u00ed sta\u010d\u00ed napsat po\u017eadovan\u00e9 slovo. Pokud je na blogu cvi\u010den\u00ed nebo \u010dl\u00e1nek obsahuj\u00edc\u00ed dan\u00e9 slovo, zobraz\u00ed se.<\/p>\n<\/div><\/section><\/div>\n<style type=\"text\/css\" data-created_by=\"avia_inline_auto\" id=\"style-css-av-55z8zj-4a49993d22740dcb18901c0ec34f8936\">\n.flex_column.av-55z8zj-4a49993d22740dcb18901c0ec34f8936{\n-webkit-border-radius:0px 0px 0px 0px;\n-moz-border-radius:0px 0px 0px 0px;\nborder-radius:0px 0px 0px 0px;\npadding:0px 0px 0px 0px;\n}\n<\/style>\n<div class='flex_column av-55z8zj-4a49993d22740dcb18901c0ec34f8936 av_one_third  avia-builder-el-2  el_after_av_one_full  el_before_av_one_third  first flex_column_div av-zero-column-padding column-top-margin'     ><div  class='avia-button-wrap av-k00ynovn-7b148835d04792631082ca5f678993d0-wrap avia-button-center  avia-builder-el-3  avia-builder-el-no-sibling '>\n<style type=\"text\/css\" data-created_by=\"avia_inline_auto\" id=\"style-css-av-k00ynovn-7b148835d04792631082ca5f678993d0\">\n#top #wrap_all .avia-button.av-k00ynovn-7b148835d04792631082ca5f678993d0{\nbackground-color:#c02a26;\nborder-color:#c02a26;\ncolor:#ffffff;\n-webkit-transition:all 0.4s ease-in-out;\n-moz-transition:all 0.4s ease-in-out;\n-ms-transition:all 0.4s ease-in-out;\n-o-transition:all 0.4s ease-in-out;\ntransition:all 0.4s ease-in-out;\n}\n<\/style>\n<a href='https:\/\/klett.cz\/blog\/category\/anglicky-jazyk\/'  class='avia-button av-k00ynovn-7b148835d04792631082ca5f678993d0 avia-icon_select-yes-left-icon avia-size-large avia-position-center'  ><span class='avia_button_icon avia_button_icon_left' aria-hidden='true' data-av_icon='\ue803' data-av_iconfont='entypo-fontello'><\/span><span class='avia_iconbox_title' >ANGLICK\u00dd JAZYK<\/span><\/a><\/div><\/div><\/p>\n\n<style type=\"text\/css\" data-created_by=\"avia_inline_auto\" id=\"style-css-av-3lzuz3-8160d26a9ee77c856c9af4f5a9b4da74\">\n.flex_column.av-3lzuz3-8160d26a9ee77c856c9af4f5a9b4da74{\n-webkit-border-radius:0px 0px 0px 0px;\n-moz-border-radius:0px 0px 0px 0px;\nborder-radius:0px 0px 0px 0px;\npadding:0px 0px 0px 0px;\n}\n<\/style>\n<div class='flex_column av-3lzuz3-8160d26a9ee77c856c9af4f5a9b4da74 av_one_third  avia-builder-el-4  el_after_av_one_third  el_before_av_one_third  flex_column_div av-zero-column-padding column-top-margin'     ><div  class='avia-button-wrap av-k00yomcv-489747bd6017ef3371a74e68954c0b26-wrap avia-button-center  avia-builder-el-5  avia-builder-el-no-sibling '>\n<style type=\"text\/css\" data-created_by=\"avia_inline_auto\" id=\"style-css-av-k00yomcv-489747bd6017ef3371a74e68954c0b26\">\n#top #wrap_all .avia-button.av-k00yomcv-489747bd6017ef3371a74e68954c0b26{\nbackground-color:#c02a26;\nborder-color:#c02a26;\ncolor:#ffffff;\n-webkit-transition:all 0.4s ease-in-out;\n-moz-transition:all 0.4s ease-in-out;\n-ms-transition:all 0.4s ease-in-out;\n-o-transition:all 0.4s ease-in-out;\ntransition:all 0.4s ease-in-out;\n}\n<\/style>\n<a href='https:\/\/klett.cz\/blog\/category\/nemecky-jazyk-2\/'  class='avia-button av-k00yomcv-489747bd6017ef3371a74e68954c0b26 avia-icon_select-yes-left-icon avia-size-large avia-position-center'  ><span class='avia_button_icon avia_button_icon_left' aria-hidden='true' data-av_icon='\ue803' data-av_iconfont='entypo-fontello'><\/span><span class='avia_iconbox_title' >N\u011aMECK\u00dd JAZYK<\/span><\/a><\/div><\/div>\n\n<style type=\"text\/css\" data-created_by=\"avia_inline_auto\" id=\"style-css-av-2psqkv-79b8ed3cb4ccec80da8d775f3376d9fc\">\n.flex_column.av-2psqkv-79b8ed3cb4ccec80da8d775f3376d9fc{\n-webkit-border-radius:0px 0px 0px 0px;\n-moz-border-radius:0px 0px 0px 0px;\nborder-radius:0px 0px 0px 0px;\npadding:0px 0px 0px 0px;\n}\n<\/style>\n<div class='flex_column av-2psqkv-79b8ed3cb4ccec80da8d775f3376d9fc av_one_third  avia-builder-el-6  el_after_av_one_third  avia-builder-el-last  flex_column_div av-zero-column-padding column-top-margin'     ><div  class='avia-button-wrap av-k00ypqiw-6f80b8b9e22f9f9f1bd3d5b96af220fa-wrap avia-button-center  avia-builder-el-7  avia-builder-el-no-sibling '>\n<style type=\"text\/css\" data-created_by=\"avia_inline_auto\" id=\"style-css-av-k00ypqiw-6f80b8b9e22f9f9f1bd3d5b96af220fa\">\n#top #wrap_all .avia-button.av-k00ypqiw-6f80b8b9e22f9f9f1bd3d5b96af220fa{\nbackground-color:#c02a26;\nborder-color:#c02a26;\ncolor:#ffffff;\n-webkit-transition:all 0.4s ease-in-out;\n-moz-transition:all 0.4s ease-in-out;\n-ms-transition:all 0.4s ease-in-out;\n-o-transition:all 0.4s ease-in-out;\ntransition:all 0.4s ease-in-out;\n}\n<\/style>\n<a href='https:\/\/klett.cz\/blog\/category\/rusky-jazyk\/'  class='avia-button av-k00ypqiw-6f80b8b9e22f9f9f1bd3d5b96af220fa avia-icon_select-yes-left-icon avia-size-large avia-position-center'  ><span class='avia_button_icon avia_button_icon_left' aria-hidden='true' data-av_icon='\ue803' data-av_iconfont='entypo-fontello'><\/span><span class='avia_iconbox_title' >RUSK\u00dd JAZYK<\/span><\/a><\/div><\/div>\n","protected":false},"excerpt":{"rendered":"","protected":false},"author":7,"featured_media":0,"parent":0,"menu_order":0,"comment_status":"closed","ping_status":"closed","template":"","meta":{"_mi_skip_tracking":false},"_links":{"self":[{"href":"https:\/\/klett.cz\/blog\/wp-json\/wp\/v2\/pages\/3567"}],"collection":[{"href":"https:\/\/klett.cz\/blog\/wp-json\/wp\/v2\/pages"}],"about":[{"href":"https:\/\/klett.cz\/blog\/wp-json\/wp\/v2\/types\/page"}],"author":[{"embeddable":true,"href":"https:\/\/klett.cz\/blog\/wp-json\/wp\/v2\/users\/7"}],"replies":[{"embeddable":true,"href":"https:\/\/klett.cz\/blog\/wp-json\/wp\/v2\/comments?post=3567"}],"version-history":[{"count":6,"href":"https:\/\/klett.cz\/blog\/wp-json\/wp\/v2\/pages\/3567\/revisions"}],"predecessor-version":[{"id":3602,"href":"https:\/\/klett.cz\/blog\/wp-json\/wp\/v2\/pages\/3567\/revisions\/3602"}],"wp:attachment":[{"href":"https:\/\/klett.cz\/blog\/wp-json\/wp\/v2\/media?parent=3567"}],"curies":[{"name":"wp","href":"https:\/\/api.w.org\/{rel}","templated":true}]}}